INSERT INTO `icd` (`id`, `kode`, `diagnosa`, `deskripsi`, `on_create`, `on_update`) VALUES
(9724, 'Y65.8', 'Injury due to other specified misadventures during surgical and medical care', 'Cedera karena kesialan tertentu lainnya selama perawatan bedah dan medis', '0000-00-00 00:00:00', '0000-00-00 00:00:00'),
(9725, 'Y66', 'Injury due to nonadministration of surgical and medical care', 'Cedera akibat nonadministration perawatan bedah dan medis', '0000-00-00 00:00:00', '0000-00-00 00:00:00'),
(9726, 'Y69', 'Injury due to unspecified misadventure during surgical and medical care', 'Cedera akibat kecelakaan yang tidak spesifik selama perawatan bedah dan medis', '0000-00-00 00:00:00', '0000-00-00 00:00:00'),
(9727, 'Y70.0', 'Anaesthesiology devices associated with adverse incidents, diagnostic and monitoring devices', 'Perangkat Anestesiologi terkait dengan insiden yang merugikan , perangkat diagnostik dan pemantauan', '0000-00-00 00:00:00', '0000-00-00 00:00:00'),
(9728, 'Y70.1', 'Anaesthesiology devices associated with adverse incidents, therapeutic (nonsurgical) and rehabilitative devices', 'Perangkat Anestesiologi terkait dengan insiden yang merugikan , terapi ( tanpa pembedahan ) dan perangkat rehabilitatif', '0000-00-00 00:00:00', '0000-00-00 00:00:00'),
(9729, 'Y70.2', 'Anaesthesiology devices associated with adverse incidents, prosthetic and other implants, materials and accessory devices', 'Perangkat Anestesiologi terkait dengan insiden yang merugikan , prostetik dan lainnya implan , bahan dan perangkat aksesori', '0000-00-00 00:00:00', '0000-00-00 00:00:00'),
(9730, 'Y70.3', 'Anaesthesiology devices associated with adverse incidents, surgical instruments, materials and devices (including sutures)', 'Perangkat Anestesiologi terkait dengan insiden yang merugikan , instrumen bedah , bahan dan perangkat ( termasuk jahitan )', '0000-00-00 00:00:00', '0000-00-00 00:00:00'),
(9731, 'Y70.8', 'Anaesthesiology devices associated with adverse incidents, miscellaneous devices, not elsewhere classified', 'Perangkat Anestesiologi terkait dengan insiden yang merugikan , perangkat lain-lain , tidak diklasifikasikan di tempat lain', '0000-00-00 00:00:00', '0000-00-00 00:00:00'),
(9732, 'Y71.0', 'Cardiovascular devices associated with adverse incidents, diagnostic and monitoring devices', 'Perangkat kardiovaskular terkait dengan insiden yang merugikan , perangkat diagnostik dan pemantauan', '0000-00-00 00:00:00', '0000-00-00 00:00:00'),
(9733, 'Y71.1', 'Cardiovascular devices associated with adverse incidents, therapeutic (nonsurgical) and rehabilitative devices', 'Perangkat kardiovaskular terkait dengan insiden yang merugikan , terapi ( tanpa pembedahan ) dan perangkat rehabilitatif', '0000-00-00 00:00:00', '0000-00-00 00:00:00'),
(9734, 'Y71.2', 'Cardiovascular devices associated with adverse incidents, prosthetic and other implants, materials and accessory devices', 'Perangkat kardiovaskular terkait dengan insiden yang merugikan , prostetik dan lainnya implan , bahan dan perangkat aksesori', '0000-00-00 00:00:00', '0000-00-00 00:00:00'),
(9735, 'Y71.3', 'Cardiovascular devices associated with adverse incidents, surgical instruments, materials and devices (including sutures)', 'Perangkat kardiovaskular terkait dengan insiden yang merugikan , instrumen bedah , bahan dan perangkat ( termasuk jahitan )', '0000-00-00 00:00:00', '0000-00-00 00:00:00'),
(9736, 'Y71.8', 'Cardiovascular devices associated with adverse incidents, miscellaneous devices, not elsewhere classified', 'Perangkat kardiovaskular terkait dengan insiden yang merugikan , perangkat lain-lain , tidak diklasifikasikan di tempat lain', '0000-00-00 00:00:00', '0000-00-00 00:00:00'),
(9737, 'Y72.0', 'Otorhinolaryngological devices associated with adverse incidents, diagnostic and monitoring devices', 'Perangkat Otorhinolaryngological terkait dengan insiden yang merugikan , perangkat diagnostik dan pemantauan', '0000-00-00 00:00:00', '0000-00-00 00:00:00'),
(9738, 'Y72.1', 'Otorhinolaryngological devices associated with adverse incidents, therapeutic (nonsurgical) and rehabilitative devices', 'Perangkat Otorhinolaryngological terkait dengan insiden yang merugikan , terapi ( tanpa pembedahan ) dan perangkat rehabilitatif', '0000-00-00 00:00:00', '0000-00-00 00:00:00'),
(9739, 'Y72.2', 'Otorhinolaryngological devices associated with adverse incidents, prosthetic and other implants, materials and accessory devices', 'Perangkat Otorhinolaryngological terkait dengan insiden yang merugikan , prostetik dan lainnya implan , bahan dan perangkat aksesori', '0000-00-00 00:00:00', '0000-00-00 00:00:00'),
(9740, 'Y72.3', 'Otorhinolaryngological devices associated with adverse incidents, surgical instruments, materials and devices (including sutures)', 'Perangkat Otorhinolaryngological terkait dengan insiden yang merugikan , instrumen bedah , bahan dan perangkat ( termasuk jahitan )', '0000-00-00 00:00:00', '0000-00-00 00:00:00'),
(9741, 'Y72.8', 'Otorhinolaryngological devices associated with adverse incidents, miscellaneous devices, not elsewhere classified', 'Perangkat Otorhinolaryngological terkait dengan insiden yang merugikan , perangkat lain-lain , tidak diklasifikasikan di tempat lain', '0000-00-00 00:00:00', '0000-00-00 00:00:00'),
(9742, 'Y73.0', 'Gastroenterology and urology devices associated with adverse incidents, diagnostic and monitoring devices', 'Gastroenterologi dan urologi perangkat yang terkait dengan insiden yang merugikan , perangkat diagnostik dan pemantauan', '0000-00-00 00:00:00', '0000-00-00 00:00:00'),
(9743, 'Y73.1', 'Gastroenterology and urology devices associated with adverse incidents, therapeutic (nonsurgical) and rehabilitative devices', 'Gastroenterologi dan urologi perangkat yang terkait dengan insiden yang merugikan , terapi ( tanpa pembedahan ) dan perangkat rehabilitatif', '0000-00-00 00:00:00', '0000-00-00 00:00:00'),
(9744, 'Y73.2', 'Gastroenterology and urology devices associated with adverse incidents, prosthetic and other implants, materials and accessory devices', 'Gastroenterologi dan urologi perangkat yang terkait dengan insiden yang merugikan , prostetik dan lainnya implan , bahan dan perangkat aksesori', '0000-00-00 00:00:00', '0000-00-00 00:00:00'),
(9745, 'Y73.3', 'Gastroenterology and urology devices associated with adverse incidents, surgical instruments, materials and devices (including sutures)', 'Gastroenterologi dan urologi perangkat yang terkait dengan insiden yang merugikan , instrumen bedah , bahan dan perangkat ( termasuk jahitan )', '0000-00-00 00:00:00', '0000-00-00 00:00:00'),
(9746, 'Y73.8', 'Gastroenterology and urology devices associated with adverse incidents, miscellaneous devices, not elsewhere classified', 'Gastroenterologi dan urologi perangkat yang terkait dengan insiden yang merugikan , perangkat lain-lain , tidak diklasifikasikan di tempat lain', '0000-00-00 00:00:00', '0000-00-00 00:00:00'),
(9747, 'Y74.0', 'General hospital and personal-use devices associated with adverse incidents, diagnostic and monitoring devices', 'Rumah sakit dan pribadi menggunakan perangkat umum yang terkait dengan insiden yang merugikan , perangkat diagnostik dan pemantauan', '0000-00-00 00:00:00', '0000-00-00 00:00:00'),
(9748, 'Y74.1', 'General hospital and personal-use devices associated with adverse incidents, therapeutic (nonsurgical) and rehabilitative devices', 'Rumah sakit dan pribadi menggunakan perangkat umum yang terkait dengan insiden yang merugikan , terapi ( tanpa pembedahan ) dan perangkat rehabilitatif', '0000-00-00 00:00:00', '0000-00-00 00:00:00'),
(9749, 'Y74.2', 'General hospital and personal-use devices associated with adverse incidents, prosthetic and other implants, materials and accessory devices', 'Rumah sakit umum dan perangkat pribadi digunakan terkait dengan insiden yang merugikan , prostetik dan lainnya implan , bahan dan perangkat aksesori', '0000-00-00 00:00:00', '0000-00-00 00:00:00'),
(9750, 'Y74.3', 'General hospital and personal-use devices associated with adverse incidents, surgical instruments, materials and devices (including sutures)', 'Rumah sakit umum dan pribadi menggunakan perangkat yang terkait dengan insiden yang merugikan , instrumen bedah , bahan dan perangkat ( termasuk jahitan )', '0000-00-00 00:00:00', '0000-00-00 00:00:00'),
(9751, 'Y74.8', 'General hospital and personal-use devices associated with adverse incidents, miscellaneous devices, not elsewhere classified', 'Rumah sakit dan pribadi menggunakan perangkat umum yang terkait dengan insiden yang merugikan , perangkat lain-lain , tidak diklasifikasikan di tempat lain', '0000-00-00 00:00:00', '0000-00-00 00:00:00'),
(9752, 'Y75.0', 'Neurological devices associated with adverse incidents, diagnostic and monitoring devices', 'Perangkat neurologis terkait dengan insiden yang merugikan , perangkat diagnostik dan pemantauan', '0000-00-00 00:00:00', '0000-00-00 00:00:00'),
(9753, 'Y75.1', 'Neurological devices associated with adverse incidents, therapeutic (nonsurgical) and rehabilitative devices', 'Perangkat neurologis terkait dengan insiden yang merugikan , terapi ( tanpa pembedahan ) dan perangkat rehabilitatif', '0000-00-00 00:00:00', '0000-00-00 00:00:00'),
(9754, 'Y75.2', 'Neurological devices associated with adverse incidents, prosthetic and other implants, materials and accessory devices', 'Perangkat neurologis terkait dengan insiden yang merugikan , prostetik dan lainnya implan , bahan dan perangkat aksesori', '0000-00-00 00:00:00', '0000-00-00 00:00:00'),
(9755, 'Y75.3', 'Neurological devices associated with adverse incidents, surgical instruments, materials and devices (including sutures)', 'Perangkat neurologis terkait dengan insiden yang merugikan , instrumen bedah , bahan dan perangkat ( termasuk jahitan )', '0000-00-00 00:00:00', '0000-00-00 00:00:00'),
(9756, 'Y75.8', 'Neurological devices associated with adverse incidents, miscellaneous devices, not elsewhere classified', 'Perangkat neurologis terkait dengan insiden yang merugikan , perangkat lain-lain , tidak diklasifikasikan di tempat lain', '0000-00-00 00:00:00', '0000-00-00 00:00:00'),
(9757, 'Y76.0', 'Obstetric and gynaecological devices associated with adverse incidents, diagnostic and monitoring devices', 'Perangkat Obstetri dan ginekologi terkait dengan insiden yang merugikan , perangkat diagnostik dan pemantauan', '0000-00-00 00:00:00', '0000-00-00 00:00:00'),
(9758, 'Y76.1', 'Obstetric and gynaecological devices associated with adverse incidents, therapeutic (nonsurgical) and rehabilitative devices', 'Perangkat Obstetri dan ginekologi terkait dengan insiden yang merugikan , terapi ( tanpa pembedahan ) dan perangkat rehabilitatif', '0000-00-00 00:00:00', '0000-00-00 00:00:00'),
(9759, 'Y76.2', 'Obstetric and gynaecological devices associated with adverse incidents, prosthetic and other implants, materials and accessory devices', 'Perangkat Obstetri dan ginekologi terkait dengan insiden yang merugikan , prostetik dan lainnya implan , bahan dan perangkat aksesori', '0000-00-00 00:00:00', '0000-00-00 00:00:00'),
(9760, 'Y76.3', 'Obstetric and gynaecological devices associated with adverse incidents, surgical instruments, materials and devices (including sutures)', 'Perangkat Obstetri dan ginekologi terkait dengan insiden yang merugikan , instrumen bedah , bahan dan perangkat ( termasuk jahitan )', '0000-00-00 00:00:00', '0000-00-00 00:00:00'),
(9761, 'Y76.8', 'Obstetric and gynaecological devices associated with adverse incidents, miscellaneous devices, not elsewhere classified', 'Perangkat Obstetri dan ginekologi terkait dengan insiden yang merugikan , perangkat lain-lain , tidak diklasifikasikan di tempat lain', '0000-00-00 00:00:00', '0000-00-00 00:00:00'),
(9762, 'Y77.0', 'Ophthalmic devices associated with adverse incidents, diagnostic and monitoring devices', 'Perangkat oftalmik terkait dengan insiden yang merugikan , perangkat diagnostik dan pemantauan', '0000-00-00 00:00:00', '0000-00-00 00:00:00'),
(9763, 'Y77.1', 'Ophthalmic devices associated with adverse incidents, therapeutic (nonsurgical) and rehabilitative devices', 'Perangkat oftalmik terkait dengan insiden yang merugikan , terapi ( tanpa pembedahan ) dan perangkat rehabilitatif', '0000-00-00 00:00:00', '0000-00-00 00:00:00'),
(9764, 'Y77.2', 'Ophthalmic devices associated with adverse incidents, prosthetic and other implants, materials and accessory devices', 'Perangkat oftalmik terkait dengan insiden yang merugikan , prostetik dan lainnya implan , bahan dan perangkat aksesori', '0000-00-00 00:00:00', '0000-00-00 00:00:00'),
(9765, 'Y77.3', 'Ophthalmic devices associated with adverse incidents, surgical instruments, materials and devices (including sutures)', 'Perangkat oftalmik terkait dengan insiden yang merugikan , instrumen bedah , bahan dan perangkat ( termasuk jahitan )', '0000-00-00 00:00:00', '0000-00-00 00:00:00'),
(9766, 'Y77.8', 'Ophthalmic devices associated with adverse incidents, miscellaneous devices, not elsewhere classified', 'Perangkat oftalmik terkait dengan insiden yang merugikan , perangkat lain-lain , tidak diklasifikasikan di tempat lain', '0000-00-00 00:00:00', '0000-00-00 00:00:00'),
(9767, 'Y78.0', 'Radiological devices associated with adverse incidents, diagnostic and monitoring devices', 'Perangkat Radiologi terkait dengan insiden yang merugikan , perangkat diagnostik dan pemantauan', '0000-00-00 00:00:00', '0000-00-00 00:00:00'),
(9768, 'Y78.1', 'Radiological devices associated with adverse incidents, therapeutic (nonsurgical) and rehabilitative devices', 'Perangkat Radiologi terkait dengan insiden yang merugikan , terapi ( tanpa pembedahan ) dan perangkat rehabilitatif', '0000-00-00 00:00:00', '0000-00-00 00:00:00'),
(9769, 'Y78.2', 'Radiological devices associated with adverse incidents, prosthetic and other implants, materials and accessory devices', 'Perangkat Radiologi terkait dengan insiden yang merugikan , prostetik dan lainnya implan , bahan dan perangkat aksesori', '0000-00-00 00:00:00', '0000-00-00 00:00:00'),
(9770, 'Y78.3', 'Radiological devices associated with adverse incidents, surgical instruments, materials and devices (including sutures)', 'Perangkat Radiologi terkait dengan insiden yang merugikan , instrumen bedah , bahan dan perangkat ( termasuk jahitan )', '0000-00-00 00:00:00', '0000-00-00 00:00:00'),
(9771, 'Y78.8', 'Radiological devices associated with adverse incidents, miscellaneous devices, not elsewhere classified', 'Perangkat Radiologi terkait dengan insiden yang merugikan , perangkat lain-lain , tidak diklasifikasikan di tempat lain', '0000-00-00 00:00:00', '0000-00-00 00:00:00'),
(9772, 'Y79.0', 'Orthopaedic devices associated with adverse incidents, diagnostic and monitoring devices', 'Perangkat ortopedi terkait dengan insiden yang merugikan , perangkat diagnostik dan pemantauan', '0000-00-00 00:00:00', '0000-00-00 00:00:00'),
(9773, 'Y79.1', 'Orthopaedic devices associated with adverse incidents, therapeutic (nonsurgical) and rehabilitative devices', 'Perangkat ortopedi terkait dengan insiden yang merugikan , terapi ( tanpa pembedahan ) dan perangkat rehabilitatif', '0000-00-00 00:00:00', '0000-00-00 00:00:00'),
(9774, 'Y79.2', 'Orthopaedic devices associated with adverse incidents, prosthetic and other implants, materials and accessory devices', 'Perangkat ortopedi terkait dengan insiden yang merugikan , prostetik dan lainnya implan , bahan dan perangkat aksesori', '0000-00-00 00:00:00', '0000-00-00 00:00:00'),
(9775, 'Y79.3', 'Orthopaedic devices associated with adverse incidents, surgical instruments, materials and devices (including sutures)', 'Perangkat ortopedi terkait dengan insiden yang merugikan , instrumen bedah , bahan dan perangkat ( termasuk jahitan )', '0000-00-00 00:00:00', '0000-00-00 00:00:00'),
(9776, 'Y79.8', 'Orthopaedic devices associated with adverse incidents, miscellaneous devices, not elsewhere classified', 'Perangkat ortopedi terkait dengan insiden yang merugikan , perangkat lain-lain , tidak diklasifikasikan di tempat lain', '0000-00-00 00:00:00', '0000-00-00 00:00:00'),
(9777, 'Y80.0', 'Physical medicine devices associated with adverse incidents, diagnostic and monitoring devices', 'Perangkat kedokteran fisik yang terkait dengan insiden yang merugikan , perangkat diagnostik dan pemantauan', '0000-00-00 00:00:00', '0000-00-00 00:00:00'),
(9778, 'Y80.1', 'Physical medicine devices associated with adverse incidents, therapeutic (nonsurgical) and rehabilitative devices', 'Perangkat kedokteran fisik yang terkait dengan insiden yang merugikan , terapi ( tanpa pembedahan ) dan perangkat rehabilitatif', '0000-00-00 00:00:00', '0000-00-00 00:00:00'),
(9779, 'Y80.2', 'Physical medicine devices associated with adverse incidents, prosthetic and other implants, materials and accessory devices', 'Perangkat kedokteran fisik yang terkait dengan insiden yang merugikan , prostetik dan lainnya implan , bahan dan perangkat aksesori', '0000-00-00 00:00:00', '0000-00-00 00:00:00'),
(9780, 'Y80.3', 'Physical medicine devices associated with adverse incidents, surgical instruments, materials and devices (including sutures)', 'Perangkat kedokteran fisik yang terkait dengan insiden yang merugikan , instrumen bedah , bahan dan perangkat ( termasuk jahitan )', '0000-00-00 00:00:00', '0000-00-00 00:00:00'),
(9781, 'Y80.8', 'Physical medicine devices associated with adverse incidents, miscellaneous devices, not elsewhere classified', 'Perangkat kedokteran fisik yang terkait dengan insiden yang merugikan , perangkat lain-lain , tidak diklasifikasikan di tempat lain', '0000-00-00 00:00:00', '0000-00-00 00:00:00'),
(9782, 'Y81.0', 'General- and plastic-surgery devices associated with adverse incidents, diagnostic and monitoring devices', 'Perangkat umum dan bedah plastik terkait dengan insiden yang merugikan , perangkat diagnostik dan pemantauan', '0000-00-00 00:00:00', '0000-00-00 00:00:00'),
(9783, 'Y81.1', 'General- and plastic-surgery devices associated with adverse incidents, therapeutic (nonsurgical) and rehabilitative devices', 'Perangkat umum dan bedah plastik terkait dengan insiden yang merugikan , terapi ( tanpa pembedahan ) dan perangkat rehabilitatif', '0000-00-00 00:00:00', '0000-00-00 00:00:00'),
(9784, 'Y81.2', 'General- and plastic-surgery devices associated with adverse incidents, prosthetic and other implants, materials and accessory devices', 'Perangkat umum dan bedah plastik terkait dengan insiden yang merugikan , prostetik dan lainnya implan , bahan dan perangkat aksesori', '0000-00-00 00:00:00', '0000-00-00 00:00:00'),
(9785, 'Y81.3', 'General- and plastic-surgery devices associated with adverse incidents, surgical instruments, materials and devices (including sutures)', 'Perangkat umum dan bedah plastik terkait dengan insiden yang merugikan , instrumen bedah , bahan dan perangkat ( termasuk jahitan )', '0000-00-00 00:00:00', '0000-00-00 00:00:00'),
(9786, 'Y81.8', 'General- and plastic-surgery devices associated with adverse incidents, miscellaneous devices, not elsewhere classified', 'Perangkat umum dan bedah plastik terkait dengan insiden yang merugikan , perangkat lain-lain , tidak diklasifikasikan di tempat lain', '0000-00-00 00:00:00', '0000-00-00 00:00:00'),
(9787, 'Y82.0', 'Other and unspecified medical devices associated with adverse incidents, diagnostic and monitoring devices', 'Perangkat medis lainnya dan tidak spesifik terkait dengan insiden yang merugikan , perangkat diagnostik dan pemantauan', '0000-00-00 00:00:00', '0000-00-00 00:00:00'),
(9788, 'Y82.1', 'Other and unspecified medical devices associated with adverse incidents, therapeutic (nonsurgical) and rehabilitative devices', 'Perangkat medis lainnya dan tidak spesifik terkait dengan insiden yang merugikan , terapi ( tanpa pembedahan ) dan perangkat rehabilitatif', '0000-00-00 00:00:00', '0000-00-00 00:00:00'),
(9789, 'Y82.2', 'Other and unspecified medical devices associated with adverse incidents, prosthetic and other implants, materials and accessory devices', 'Perangkat medis lainnya dan tidak spesifik terkait dengan insiden yang merugikan , prostetik dan lainnya implan , bahan dan perangkat aksesori', '0000-00-00 00:00:00', '0000-00-00 00:00:00'),
(9790, 'Y82.3', 'Other and unspecified medical devices associated with adverse incidents, surgical instruments, materials and devices (including sutures)', 'Perangkat medis lainnya dan tidak spesifik terkait dengan insiden yang merugikan , instrumen bedah , bahan dan perangkat ( termasuk jahitan )', '0000-00-00 00:00:00', '0000-00-00 00:00:00'),
(9791, 'Y82.8', 'Other and unspecified medical devices associated with adverse incidents, miscellaneous devices, not elsewhere classified', 'Perangkat medis lainnya dan tidak spesifik terkait dengan insiden yang merugikan , perangkat lain-lain , tidak diklasifikasikan di tempat lain', '0000-00-00 00:00:00', '0000-00-00 00:00:00'),
(9792, 'Y83.0', 'Surgical operation with transplant of whole organ', 'Operasi bedah dengan transplantasi seluruh organ', '0000-00-00 00:00:00', '0000-00-00 00:00:00'),
(9793, 'Y83.1', 'Surgical operation with implant of artificial internal device', 'Operasi bedah dengan implan perangkat internal yang buatan', '0000-00-00 00:00:00', '0000-00-00 00:00:00'),
(9794, 'Y83.2', 'Surgical operation with anastomosis, bypass or graft', 'Operasi bedah dengan anastomosis , bypass atau graft', '0000-00-00 00:00:00', '0000-00-00 00:00:00'),
(9795, 'Y83.3', 'Surgical operation with formation of external stoma', 'Operasi bedah dengan pembentukan stoma eksternal', '0000-00-00 00:00:00', '0000-00-00 00:00:00'),
(9796, 'Y83.4', 'Other reconstructive surgery', 'Bedah rekonstruksi lainnya', '0000-00-00 00:00:00', '0000-00-00 00:00:00'),
(9797, 'Y83.5', 'Amputation of limb(s)', 'Amputasi ekstremitas ( s )', '0000-00-00 00:00:00', '0000-00-00 00:00:00'),
(9798, 'Y83.6', 'Removal of other organ (partial) (total)', 'Penghapusan organ lain ( parsial ) ( total)', '0000-00-00 00:00:00', '0000-00-00 00:00:00'),
(9799, 'Y83.8', 'Other surgical procedures', 'Prosedur bedah lainnya', '0000-00-00 00:00:00', '0000-00-00 00:00:00'),
(9800, 'Y83.9', 'Surgical procedure, unspecified', 'Prosedur bedah , tidak spesifik', '0000-00-00 00:00:00', '0000-00-00 00:00:00'),
(9801, 'Y84.0', 'Cardiac catheterization as the cause of abnormal reaction of the patient, or of later complication, without mention of misadventure at the time of the procedure', 'Kateterisasi jantung sebagai penyebab reaksi abnormal pasien , atau komplikasi kemudian, tanpa menyebutkan kecelakaan pada saat prosedur', '0000-00-00 00:00:00', '0000-00-00 00:00:00'),
(9802, 'Y84.1', 'Kidney dialysis as the cause of abnormal reaction of the patient, or of later complication, without mention of misadventure at the time of the procedure', 'Ginjal dialisis sebagai penyebab reaksi abnormal pasien , atau komplikasi kemudian, tanpa menyebutkan kecelakaan pada saat prosedur', '0000-00-00 00:00:00', '0000-00-00 00:00:00'),
(9803, 'Y84.2', 'Radiological procedure and radiotherapy as the cause of abnormal reaction of the patient, or of later complication, without mention of misadventure at the time of the procedure', 'Prosedur Radiologi dan radioterapi sebagai penyebab reaksi abnormal pasien , atau komplikasi kemudian, tanpa menyebutkan kecelakaan pada saat prosedur', '0000-00-00 00:00:00', '0000-00-00 00:00:00'),
(9804, 'Y84.3', 'Shock therapy as the cause of abnormal reaction of the patient, or of later complication, without mention of misadventure at the time of the procedure', 'Shock therapy sebagai penyebab reaksi abnormal pasien , atau komplikasi kemudian, tanpa menyebutkan kecelakaan pada saat prosedur', '0000-00-00 00:00:00', '0000-00-00 00:00:00'),
(9805, 'Y84.4', 'Aspiration of fluid as the cause of abnormal reaction of the patient, or of later complication, without mention of misadventure at the time of the procedure', 'Aspirasi cairan sebagai penyebab reaksi abnormal pasien , atau komplikasi kemudian, tanpa menyebutkan kecelakaan pada saat prosedur', '0000-00-00 00:00:00', '0000-00-00 00:00:00'),
(9806, 'Y84.5', 'Insertion of gastric or duodenal sound as the cause of abnormal reaction of the patient, or of later complication, without mention of misadventure at the time of the procedure', 'Penyisipan suara lambung atau duodenum sebagai penyebab reaksi abnormal pasien , atau komplikasi kemudian, tanpa menyebutkan kecelakaan pada saat prosedur', '0000-00-00 00:00:00', '0000-00-00 00:00:00'),
(9807, 'Y84.6', 'Urinary catheterization as the cause of abnormal reaction of the patient, or of later complication, without mention of misadventure at the time of the procedure', 'Kateterisasi urin sebagai penyebab reaksi abnormal pasien , atau komplikasi kemudian, tanpa menyebutkan kecelakaan pada saat prosedur', '0000-00-00 00:00:00', '0000-00-00 00:00:00'),
(9808, 'Y84.7', 'Blood-sampling as the cause of abnormal reaction of the patient, or of later complication, without mention of misadventure at the time of the procedure', 'Darah - sampel sebagai penyebab reaksi abnormal pasien , atau komplikasi kemudian, tanpa menyebutkan kecelakaan pada saat prosedur', '0000-00-00 00:00:00', '0000-00-00 00:00:00'),
(9809, 'Y84.8', 'Other medical procedures as the cause of abnormal reaction of the patient, or of later complication, without mention of misadventure at the time of the procedure', 'Prosedur medis lainnya sebagai penyebab reaksi abnormal pasien , atau komplikasi kemudian, tanpa menyebutkan kecelakaan pada saat prosedur', '0000-00-00 00:00:00', '0000-00-00 00:00:00'),
(9810, 'Y84.9', 'Medical procedure, unspecified as the cause of abnormal reaction of the patient, or of later complication, without mention of misadventure at the time of the procedure', 'Prosedur medis , tidak spesifik sebagai penyebab reaksi abnormal pasien , atau komplikasi kemudian, tanpa menyebutkan kecelakaan pada saat prosedur', '0000-00-00 00:00:00', '0000-00-00 00:00:00'),
(9811, 'Y85.0', 'Sequelae of motor-vehicle accident', 'Gejala sisa kecelakaan kendaraan bermotor', '0000-00-00 00:00:00', '0000-00-00 00:00:00'),
(9812, 'Y85.9', 'Sequelae of other and unspecified transport accidents', 'Gejala sisa kecelakaan transportasi lainnya dan tidak spesifik', '0000-00-00 00:00:00', '0000-00-00 00:00:00'),
(9813, 'Y86', 'Sequelae of other accidents', 'Gejala sisa kecelakaan lainnya', '0000-00-00 00:00:00', '0000-00-00 00:00:00'),
(9814, 'Y87.0', 'Sequelae of intentional self-harm', 'Sequelae sengaja menyakiti diri', '0000-00-00 00:00:00', '0000-00-00 00:00:00'),
(9815, 'Y87.1', 'Sequelae of assault', 'Gejala sisa dari serangan', '0000-00-00 00:00:00', '0000-00-00 00:00:00'),
(9816, 'Y87.2', 'Sequelae of events of undetermined intent', 'Sequelae peristiwa niat belum spesifik', '0000-00-00 00:00:00', '0000-00-00 00:00:00'),
(9817, 'Y88.0', 'Sequelae of adverse effects caused by drugs, medicaments and biological substances in therapeutic use', 'Gejala sisa efek samping yang disebabkan oleh obat-obatan , obat-obatan dan bahan biologi digunakan terapi', '0000-00-00 00:00:00', '0000-00-00 00:00:00'),
(9818, 'Y88.1', 'Sequelae of misadventures to patients during surgical and medical procedures', 'Gejala sisa dari kesialan kepada pasien selama prosedur bedah dan medis', '0000-00-00 00:00:00', '0000-00-00 00:00:00'),
(9819, 'Y88.2', 'Sequelae of adverse incidents associated with medical devices in diagnostic and therapeutic use', 'Sequelae insiden buruk yang terkait dengan peralatan medis yang digunakan diagnostik dan terapeutik', '0000-00-00 00:00:00', '0000-00-00 00:00:00'),
(9820, 'Y88.3', 'Sequelae of surgical and medical procedures as the cause of abnormal reaction of the patient, or of later complication, without mention of misadventure at the time of the procedure', 'Gejala sisa dari prosedur bedah dan medis sebagai penyebab reaksi abnormal pasien , atau komplikasi kemudian, tanpa menyebutkan kecelakaan pada saat prosedur', '0000-00-00 00:00:00', '0000-00-00 00:00:00'),
(9821, 'Y89.0', 'Sequelae of legal intervention', 'Sequelae intervensi hukum', '0000-00-00 00:00:00', '0000-00-00 00:00:00'),
(9822, 'Y89.1', 'Sequelae of war operations', 'Gejala sisa operasi perang', '0000-00-00 00:00:00', '0000-00-00 00:00:00'),
(9823, 'Y89.9', 'Sequelae of unspecified external cause', 'Sequelae penyebab eksternal spesifik', '0000-00-00 00:00:00', '0000-00-00 00:00:00'),
(9824, 'Y90.0', 'Blood alcohol level of less than 20 mg/100 ml', 'Tingkat alkohol dalam darah kurang dari 20 mg/100 ml', '0000-00-00 00:00:00', '0000-00-00 00:00:00'),
(9825, 'Y90.1', 'Blood alcohol level of 20-39 mg/100 ml', 'Tingkat alkohol darah dari 20-39 mg/100 ml', '0000-00-00 00:00:00', '0000-00-00 00:00:00'),
(9826, 'Y90.2', 'Blood alcohol level of 40-59 mg/100 ml', 'Tingkat alkohol darah dari 40-59 mg/100 ml', '0000-00-00 00:00:00', '0000-00-00 00:00:00'),
(9827, 'Y90.3', 'Blood alcohol level of 60-79 mg/100 ml', 'Tingkat alkohol darah dari 60-79 mg/100 ml', '0000-00-00 00:00:00', '0000-00-00 00:00:00'),
(9828, 'Y90.4', 'Blood alcohol level of 80-99 mg/100 ml', 'Tingkat alkohol darah dari 80-99 mg/100 ml', '0000-00-00 00:00:00', '0000-00-00 00:00:00'),
(9829, 'Y90.5', 'Blood alcohol level of 100-119 mg/100 ml', 'Tingkat alkohol darah dari 100-119 mg/100 ml', '0000-00-00 00:00:00', '0000-00-00 00:00:00'),
(9830, 'Y90.6', 'Blood alcohol level of 120-199 mg/100 ml', 'Tingkat alkohol darah dari 120-199 mg/100 ml', '0000-00-00 00:00:00', '0000-00-00 00:00:00'),
(9831, 'Y90.7', 'Blood alcohol level of 200-239 mg/100 ml', 'Tingkat alkohol darah dari 200-239 mg/100 ml', '0000-00-00 00:00:00', '0000-00-00 00:00:00'),
(9832, 'Y90.8', 'Blood alcohol level of 240 mg/100 ml or more', 'Tingkat alkohol dalam darah dari 240 mg/100 ml atau lebih', '0000-00-00 00:00:00', '0000-00-00 00:00:00'),
(9833, 'Y90.9', 'Presence of alcohol in blood, level not specified', 'Kehadiran alkohol dalam darah , tingkat tidak spesifik', '0000-00-00 00:00:00', '0000-00-00 00:00:00'),
(9834, 'Y91.0', 'Mild alcohol intoxication', 'Mild keracunan alkohol', '0000-00-00 00:00:00', '0000-00-00 00:00:00'),
(9835, 'Y91.1', 'Moderate alcohol intoxication', 'Sedang keracunan alkohol', '0000-00-00 00:00:00', '0000-00-00 00:00:00'),
(9836, 'Y91.2', 'Severe alcohol intoxication', 'Parah keracunan alkohol', '0000-00-00 00:00:00', '0000-00-00 00:00:00'),
(9837, 'Y91.3', 'Very severe alcohol intoxication', 'Intoksikasi alkohol yang sangat parah', '0000-00-00 00:00:00', '0000-00-00 00:00:00'),
(9838, 'Y91.9', 'Alcohol involvement, not otherwise specified', 'Keterlibatan alkohol , tidak disebutkan secara spesifik', '0000-00-00 00:00:00', '0000-00-00 00:00:00'),
(9839, 'Y95', 'Nosocomial condition', 'kondisi nosokomial', '0000-00-00 00:00:00', '0000-00-00 00:00:00'),
(9840, 'Y96', 'Work-related condition', 'Kondisi Pekerjaan yang berhubungan', '0000-00-00 00:00:00', '0000-00-00 00:00:00'),
(9841, 'Y97', 'Environmental-pollution-related condition', 'Kondisi lingkungan polusi yang berhubungan dengan', '0000-00-00 00:00:00', '0000-00-00 00:00:00'),
(9842, 'Y98', 'Lifestyle-related condition', 'Kondisi yang berhubungan dengan gaya hidup', '0000-00-00 00:00:00', '0000-00-00 00:00:00'),
(9843, 'Z00.0', 'General medical examination', 'Pemeriksaan kesehatan umum', '0000-00-00 00:00:00', '0000-00-00 00:00:00'),
(9844, 'Z00.1', 'Routine child health examination', 'Rutin Pemeriksaan kesehatan anak', '0000-00-00 00:00:00', '0000-00-00 00:00:00'),
(9845, 'Z00.2', 'Examination for period of rapid growth in childhood', 'Pemeriksaan untuk periode pertumbuhan yang cepat di masa kanak-kanak', '0000-00-00 00:00:00', '0000-00-00 00:00:00'),
(9846, 'Z00.3', 'Examination for adolescent development state', 'Pemeriksaan untuk negara perkembangan remaja', '0000-00-00 00:00:00', '0000-00-00 00:00:00'),
(9847, 'Z00.4', 'General psychiatric examination, not elsewhere classified', 'Pemeriksaan kejiwaan umum , tidak diklasifikasikan di tempat lain', '0000-00-00 00:00:00', '0000-00-00 00:00:00'),
(9848, 'Z00.5', 'Examination of potential donor of organ and tissue', 'Pemeriksaan donor potensial organ dan jaringan', '0000-00-00 00:00:00', '0000-00-00 00:00:00'),
(9849, 'Z00.6', 'Examination for normal comparison and control in clinical research programme', 'Pemeriksaan untuk perbandingan normal dan kontrol dalam program penelitian klinis', '0000-00-00 00:00:00', '0000-00-00 00:00:00'),
(9850, 'Z00.8', 'Other general examinations', 'Pemeriksaan umum lainnya', '0000-00-00 00:00:00', '0000-00-00 00:00:00'),
(9851, 'Z01.0', 'Examination of eyes and vision', 'Pemeriksaan mata dan visi', '0000-00-00 00:00:00', '0000-00-00 00:00:00'),
(9852, 'Z01.1', 'Examination of ears and hearing', 'Pemeriksaan telinga dan pendengaran', '0000-00-00 00:00:00', '0000-00-00 00:00:00'),
(9853, 'Z01.2', 'Dental examination', 'pemeriksaan gigi', '0000-00-00 00:00:00', '0000-00-00 00:00:00'),
(9854, 'Z01.3', 'Examination of blood pressure', 'Pemeriksaan tekanan darah', '0000-00-00 00:00:00', '0000-00-00 00:00:00'),
(9855, 'Z01.4', 'Gynaecological examination (general) (routine)', 'Pemeriksaan Ginekologi (umum ) ( rutin )', '0000-00-00 00:00:00', '0000-00-00 00:00:00'),
(9856, 'Z01.5', 'Diagnostic skin and sensitization tests', 'Kulit diagnostik dan tes kepekaan', '0000-00-00 00:00:00', '0000-00-00 00:00:00'),
(9857, 'Z01.6', 'Radiological examination, not elsewhere classified', 'Pemeriksaan radiologi , tidak diklasifikasikan di tempat lain', '0000-00-00 00:00:00', '0000-00-00 00:00:00'),
(9858, 'Z01.7', 'Laboratory examination', 'pemeriksaan Laboratorium', '0000-00-00 00:00:00', '0000-00-00 00:00:00'),
(9859, 'Z01.8', 'Other specified special examinations', 'Pemeriksaan khusus lainnya yang spesifik', '0000-00-00 00:00:00', '0000-00-00 00:00:00'),
(9860, 'Z01.9', 'Special examination, unspecified', 'Pemeriksaan khusus , tidak spesifik', '0000-00-00 00:00:00', '0000-00-00 00:00:00'),
(9861, 'Z02.0', 'Examination for admission to educational institution', 'Pemeriksaan untuk masuk ke lembaga pendidikan', '0000-00-00 00:00:00', '0000-00-00 00:00:00'),
(9862, 'Z02.1', 'Pre-employment examination', 'Pemeriksaan pra-kerja', '0000-00-00 00:00:00', '0000-00-00 00:00:00'),
(9863, 'Z02.2', 'Examination for admission to residential institutions', 'Pemeriksaan untuk masuk ke lembaga-lembaga perumahan', '0000-00-00 00:00:00', '0000-00-00 00:00:00'),
(9864, 'Z02.3', 'Examination for recruitment to armed forces', 'Pemeriksaan untuk perekrutan untuk angkatan bersenjata', '0000-00-00 00:00:00', '0000-00-00 00:00:00'),
(9865, 'Z02.4', 'Examination for driving licence', 'Pemeriksaan untuk SIM', '0000-00-00 00:00:00', '0000-00-00 00:00:00'),
(9866, 'Z02.5', 'Examination for participation in sport', 'Pemeriksaan untuk berpartisipasi dalam olahraga', '0000-00-00 00:00:00', '0000-00-00 00:00:00'),
(9867, 'Z02.6', 'Examination for insurance purposes', 'Pemeriksaan untuk tujuan asuransi', '0000-00-00 00:00:00', '0000-00-00 00:00:00'),
(9868, 'Z02.7', 'Issue of medical certificate', 'Masalah sertifikat kesehatan', '0000-00-00 00:00:00', '0000-00-00 00:00:00'),
(9869, 'Z02.8', 'Other examinations for administrative purposes', 'Pemeriksaan lainnya untuk tujuan administratif', '0000-00-00 00:00:00', '0000-00-00 00:00:00'),
(9870, 'Z02.9', 'Examination for administrative purposes, unspecified', 'Pemeriksaan untuk tujuan administratif , tidak spesifik', '0000-00-00 00:00:00', '0000-00-00 00:00:00'),
(9871, 'Z03.0', 'Observation for suspected tuberculosis', 'Pengamatan untuk tersangka tuberkulosis', '0000-00-00 00:00:00', '0000-00-00 00:00:00'),
(9872, 'Z03.1', 'Observation for suspected malignant neoplasm', 'Pengamatan untuk tersangka neoplasma ganas', '0000-00-00 00:00:00', '0000-00-00 00:00:00'),
(9873, 'Z03.2', 'Observation for suspected mental and behavioural disorders', 'Pengamatan untuk dicurigai gangguan mental dan perilaku', '0000-00-00 00:00:00', '0000-00-00 00:00:00'),
(9874, 'Z03.3', 'Observation for suspected nervous system disorder', 'Pengamatan untuk tersangka gangguan sistem saraf', '0000-00-00 00:00:00', '0000-00-00 00:00:00'),
(9875, 'Z03.4', 'Observation for suspected myocardial infarction', 'Pengamatan untuk dicurigai infark miokard', '0000-00-00 00:00:00', '0000-00-00 00:00:00'),
(9876, 'Z03.5', 'Observation for other suspected cardiovascular diseases', 'Pengamatan untuk penyakit kardiovaskular lainnya diduga', '0000-00-00 00:00:00', '0000-00-00 00:00:00'),
(9877, 'Z03.6', 'Observation for suspected toxic effect from ingested substance', 'Pengamatan untuk tersangka efek toksik dari zat tertelan', '0000-00-00 00:00:00', '0000-00-00 00:00:00'),
(9878, 'Z03.8', 'Observation for other suspected diseases and conditions', 'Pengamatan untuk penyakit lain yang dicurigai dan kondisi', '0000-00-00 00:00:00', '0000-00-00 00:00:00'),
(9879, 'Z03.9', 'Observation for suspected disease or condition, unspecified', 'Pengamatan untuk tersangka penyakit atau kondisi , tidak spesifik', '0000-00-00 00:00:00', '0000-00-00 00:00:00'),
(9880, 'Z04.0', 'Blood-alcohol and blood-drug test', 'Darah - alkohol dan tes darah - obat', '0000-00-00 00:00:00', '0000-00-00 00:00:00'),
(9881, 'Z04.1', 'Examination and observation following transport accident', 'Pemeriksaan dan observasi setelah kecelakaan transportasi', '0000-00-00 00:00:00', '0000-00-00 00:00:00'),
(9882, 'Z04.2', 'Examination and observation following work accident', 'Pemeriksaan dan observasi setelah kecelakaan kerja', '0000-00-00 00:00:00', '0000-00-00 00:00:00'),
(9883, 'Z04.3', 'Examination and observation following other accident', 'Pemeriksaan dan observasi setelah kecelakaan lain', '0000-00-00 00:00:00', '0000-00-00 00:00:00'),
(9884, 'Z04.4', 'Examination and observation following alleged rape and seduction', 'Pemeriksaan dan observasi berikut dugaan pemerkosaan dan rayuan', '0000-00-00 00:00:00', '0000-00-00 00:00:00'),
(9885, 'Z04.5', 'Examination and observation following other inflicted injury', 'Pemeriksaan dan observasi berikut cedera ditimpakan lainnya', '0000-00-00 00:00:00', '0000-00-00 00:00:00'),
(9886, 'Z04.6', 'General psychiatric examination, requested by authority', 'Pemeriksaan kejiwaan Umum , yang diminta oleh otoritas', '0000-00-00 00:00:00', '0000-00-00 00:00:00'),
(9887, 'Z04.8', 'Examination and observation for other specified reasons', 'Pemeriksaan dan observasi untuk alasan tertentu lainnya', '0000-00-00 00:00:00', '0000-00-00 00:00:00'),
(9888, 'Z04.9', 'Examination and observation for unspecified reason', 'Pemeriksaan dan observasi untuk alasan yang tidak spesifik', '0000-00-00 00:00:00', '0000-00-00 00:00:00'),
(9889, 'Z08.0', 'Follow-up examination after surgery for malignant neoplasm', 'Pemeriksaan tindak lanjut setelah operasi untuk neoplasma ganas', '0000-00-00 00:00:00', '0000-00-00 00:00:00'),
(9890, 'Z08.1', 'Follow-up examination after radiotherapy for malignant neoplasm', 'Pemeriksaan tindak lanjut setelah radioterapi untuk neoplasma ganas', '0000-00-00 00:00:00', '0000-00-00 00:00:00'),
(9891, 'Z08.2', 'Follow-up examination after chemotherapy for malignant neoplasm', 'Pemeriksaan tindak lanjut setelah kemoterapi untuk neoplasma ganas', '0000-00-00 00:00:00', '0000-00-00 00:00:00'),
(9892, 'Z08.7', 'Follow-up examination after combined treatment for malignant neoplasm', 'Pemeriksaan tindak lanjut setelah pengobatan gabungan untuk neoplasma ganas', '0000-00-00 00:00:00', '0000-00-00 00:00:00'),
(9893, 'Z08.8', 'Follow-up examination after other treatment for malignant neoplasm', 'Pemeriksaan tindak lanjut setelah pengobatan lain untuk neoplasma ganas', '0000-00-00 00:00:00', '0000-00-00 00:00:00'),
(9894, 'Z08.9', 'Follow-up examination after unspecified treatment for malignant neoplasm', 'Pemeriksaan tindak lanjut setelah pengobatan yang tidak spesifik untuk neoplasma ganas', '0000-00-00 00:00:00', '0000-00-00 00:00:00'),
(9895, 'Z09.0', 'Follow-up examination after surgery for other conditions', 'Tindak lanjut pemeriksaan setelah operasi untuk kondisi lain', '0000-00-00 00:00:00', '0000-00-00 00:00:00'),
(9896, 'Z09.1', 'Follow-up examination after radiotherapy for other conditions', 'Tindak lanjut pemeriksaan setelah radioterapi untuk kondisi lain', '0000-00-00 00:00:00', '0000-00-00 00:00:00'),
(9897, 'Z09.2', 'Follow-up examination after chemotherapy for other conditions', 'Pemeriksaan tindak lanjut setelah kemoterapi untuk kondisi lain', '0000-00-00 00:00:00', '0000-00-00 00:00:00'),
(9898, 'Z09.3', 'Follow-up examination after psychotherapy', 'Pemeriksaan tindak lanjut setelah psikoterapi', '0000-00-00 00:00:00', '0000-00-00 00:00:00'),
(9899, 'Z09.4', 'Follow-up examination after treatment of fracture', 'Pemeriksaan tindak lanjut setelah perawatan fraktur', '0000-00-00 00:00:00', '0000-00-00 00:00:00'),
(9900, 'Z09.7', 'Follow-up examination after combined treatment for other conditions', 'Pemeriksaan tindak lanjut setelah pengobatan gabungan untuk kondisi lain', '0000-00-00 00:00:00', '0000-00-00 00:00:00'),
(9901, 'Z09.8', 'Follow-up examination after other treatment for other conditions', 'Pemeriksaan tindak lanjut setelah perawatan lainnya untuk kondisi lain', '0000-00-00 00:00:00', '0000-00-00 00:00:00'),
(9902, 'Z09.9', 'Follow-up examination after unspecified treatment for other conditions', 'Pemeriksaan tindak lanjut setelah pengobatan yang tidak spesifik untuk kondisi lain', '0000-00-00 00:00:00', '0000-00-00 00:00:00'),
(9903, 'Z10.0', 'Occupational health examination', 'Pemeriksaan kesehatan kerja', '0000-00-00 00:00:00', '0000-00-00 00:00:00'),
(9904, 'Z10.1', 'Routine general health check-up of inhabitants of institutions', 'Rutin kesehatan general check - up dari penduduk lembaga', '0000-00-00 00:00:00', '0000-00-00 00:00:00'),
(9905, 'Z10.2', 'Routine general health check-up of armed forces', 'Rutin kesehatan general check - up dari angkatan bersenjata', '0000-00-00 00:00:00', '0000-00-00 00:00:00'),
(9906, 'Z10.3', 'Routine general health check-up of sports teams', 'Rutin kesehatan general check - up dari tim olahraga', '0000-00-00 00:00:00', '0000-00-00 00:00:00'),
(9907, 'Z10.8', 'Routine general health check-up of other defined subpopulations', 'Rutin kesehatan general check - up dari sub-populasi lainnya didefinisikan', '0000-00-00 00:00:00', '0000-00-00 00:00:00'),
(9908, 'Z11.0', 'Special screening examination for intestinal infectious diseases', 'Pemeriksaan skrining khusus untuk penyakit menular usus', '0000-00-00 00:00:00', '0000-00-00 00:00:00'),
(9909, 'Z11.1', 'Special screening examination for respiratory tuberculosis', 'Pemeriksaan skrining khusus untuk tuberkulosis pernapasan', '0000-00-00 00:00:00', '0000-00-00 00:00:00'),
(9910, 'Z11.2', 'Special screening examination for other bacterial diseases', 'Pemeriksaan skrining khusus untuk penyakit bakteri lainnya', '0000-00-00 00:00:00', '0000-00-00 00:00:00'),
(9911, 'Z11.3', 'Special screening examination for infections with a predominantly sexual mode of transmission', 'Pemeriksaan skrining khusus untuk infeksi dengan modus dominan seksual penularan', '0000-00-00 00:00:00', '0000-00-00 00:00:00'),
(9912, 'Z11.4', 'Special screening examination for human immunodeficiency virus [HIV]', 'Pemeriksaan skrining khusus untuk human immunodeficiency virus [ HIV ]', '0000-00-00 00:00:00', '0000-00-00 00:00:00'),
(9913, 'Z11.5', 'Special screening examination for other viral diseases', 'Pemeriksaan skrining khusus untuk penyakit virus lainnya', '0000-00-00 00:00:00', '0000-00-00 00:00:00'),
(9914, 'Z11.6', 'Special screening examination for other protozoal diseases and helminthiases', 'Pemeriksaan skrining khusus untuk penyakit protozoa lainnya dan helminthiases', '0000-00-00 00:00:00', '0000-00-00 00:00:00'),
(9915, 'Z11.8', 'Special screening examination for other infectious and parasitic diseases', 'Pemeriksaan skrining khusus untuk penyakit infeksi dan parasit lainnya', '0000-00-00 00:00:00', '0000-00-00 00:00:00'),
(9916, 'Z11.9', 'Special screening examination for infectious and parasitic diseases, unspecified', 'Pemeriksaan skrining khusus untuk penyakit infeksi dan parasit , tidak spesifik', '0000-00-00 00:00:00', '0000-00-00 00:00:00'),
(9917, 'Z12.0', 'Special screening examination for neoplasm of stomach', 'Pemeriksaan skrining khusus untuk neoplasma perut', '0000-00-00 00:00:00', '0000-00-00 00:00:00'),
(9918, 'Z12.1', 'Special screening examination for neoplasm of intestinal tract', 'Pemeriksaan skrining khusus untuk neoplasma dari saluran usus', '0000-00-00 00:00:00', '0000-00-00 00:00:00'),
(9919, 'Z12.2', 'Special screening examination for neoplasm of respiratory organs', 'Pemeriksaan skrining khusus untuk neoplasma organ pernapasan', '0000-00-00 00:00:00', '0000-00-00 00:00:00'),
(9920, 'Z12.3', 'Special screening examination for neoplasm of breast', 'Pemeriksaan skrining khusus untuk neoplasma payudara', '0000-00-00 00:00:00', '0000-00-00 00:00:00'),
(9921, 'Z12.4', 'Special screening examination for neoplasm of cervix', 'Pemeriksaan skrining khusus untuk neoplasma serviks', '0000-00-00 00:00:00', '0000-00-00 00:00:00'),
(9922, 'Z12.5', 'Special screening examination for neoplasm of prostate', 'Pemeriksaan skrining khusus untuk neoplasma prostat', '0000-00-00 00:00:00', '0000-00-00 00:00:00'),
(9923, 'Z12.6', 'Special screening examination for neoplasm of bladder', 'Pemeriksaan skrining khusus untuk neoplasma kandung kemih', '0000-00-00 00:00:00', '0000-00-00 00:00:00'),
(9924, 'Z12.8', 'Special screening examination for neoplasms of other sites', 'Pemeriksaan skrining khusus untuk neoplasma dari situs lain', '0000-00-00 00:00:00', '0000-00-00 00:00:00'),
(9925, 'Z12.9', 'Special screening examination for neoplasm, unspecified', 'Pemeriksaan skrining khusus untuk neoplasma , tidak spesifik', '0000-00-00 00:00:00', '0000-00-00 00:00:00'),
(9926, 'Z13.0', 'Special screening examination for diseases of the blood and blood-forming organs and certain disorders involving the immune mechanism', 'Pemeriksaan skrining khusus untuk penyakit darah dan organ pembentuk darah dan gangguan tertentu yang melibatkan mekanisme kekebalan', '0000-00-00 00:00:00', '0000-00-00 00:00:00'),
(9927, 'Z13.1', 'Special screening examination for diabetes mellitus', 'Pemeriksaan skrining khusus untuk diabetes mellitus', '0000-00-00 00:00:00', '0000-00-00 00:00:00'),
(9928, 'Z13.2', 'Special screening examination for nutritional disorders', 'Pemeriksaan skrining khusus untuk gangguan gizi', '0000-00-00 00:00:00', '0000-00-00 00:00:00'),
(9929, 'Z13.3', 'Special screening examination for mental and behavioural disorders', 'Pemeriksaan skrining khusus untuk gangguan mental dan perilaku', '0000-00-00 00:00:00', '0000-00-00 00:00:00'),
(9930, 'Z13.4', 'Special screening examination for certain developmental disorders in childhood', 'Pemeriksaan skrining khusus untuk gangguan perkembangan tertentu di masa kecil', '0000-00-00 00:00:00', '0000-00-00 00:00:00'),
(9931, 'Z13.5', 'Special screening examination for eye and ear disorders', 'Pemeriksaan skrining khusus untuk gangguan mata dan telinga', '0000-00-00 00:00:00', '0000-00-00 00:00:00'),
(9932, 'Z13.6', 'Special screening examination for cardiovascular disorders', 'Pemeriksaan skrining khusus untuk gangguan kardiovaskular', '0000-00-00 00:00:00', '0000-00-00 00:00:00'),
(9933, 'Z13.7', 'Special screening examination for congenital malformations, deformations and chromosomal abnormalities', 'Pemeriksaan skrining khusus untuk malformasi kongenital , deformasi dan kelainan kromosom', '0000-00-00 00:00:00', '0000-00-00 00:00:00'),
(9934, 'Z13.8', 'Special screening examination for other specified diseases and disorders', 'Pemeriksaan skrining khusus untuk penyakit tertentu lainnya dan gangguan', '0000-00-00 00:00:00', '0000-00-00 00:00:00'),
(9935, 'Z13.9', 'Special screening examination, unspecified', 'Pemeriksaan skrining khusus , tidak spesifik', '0000-00-00 00:00:00', '0000-00-00 00:00:00'),
(9936, 'Z20.0', 'Contact with and exposure to intestinal infectious diseases', 'Kontak dengan dan paparan usus penyakit menular', '0000-00-00 00:00:00', '0000-00-00 00:00:00'),
(9937, 'Z20.1', 'Contact with and exposure to tuberculosis', 'Kontak dengan dan paparan tuberkulosis', '0000-00-00 00:00:00', '0000-00-00 00:00:00'),
(9938, 'Z20.2', 'Contact with and exposure to infections with a predominantly sexual mode of transmission', 'Kontak dengan dan paparan terhadap infeksi dengan modus dominan seksual penularan', '0000-00-00 00:00:00', '0000-00-00 00:00:00'),
(9939, 'Z20.3', 'Contact with and exposure to rabies', 'Kontak dengan dan paparan rabies', '0000-00-00 00:00:00', '0000-00-00 00:00:00'),
(9940, 'Z20.4', 'Contact with and exposure to rubella', 'Kontak dengan dan paparan rubella', '0000-00-00 00:00:00', '0000-00-00 00:00:00'),
(9941, 'Z20.5', 'Contact with and exposure to viral hepatitis', 'Kontak dengan dan paparan virus hepatitis', '0000-00-00 00:00:00', '0000-00-00 00:00:00'),
(9942, 'Z20.6', 'Contact with and exposure to human immunodeficiency virus [HIV]', 'Kontak dengan dan paparan human immunodeficiency virus [ HIV ]', '0000-00-00 00:00:00', '0000-00-00 00:00:00'),
(9943, 'Z20.7', 'Contact with and exposure to pediculosis, acariasis and other infestations', 'Kontak dengan dan paparan pediculosis , acariasis dan infestasi lainnya', '0000-00-00 00:00:00', '0000-00-00 00:00:00'),
(9944, 'Z20.8', 'Contact with and exposure to other communicable diseases', 'Kontak dengan dan paparan penyakit menular lainnya', '0000-00-00 00:00:00', '0000-00-00 00:00:00'),
(9945, 'Z20.9', 'Contact with and exposure to unspecified communicable disease', 'Kontak dengan dan terkena penyakit menular yang tidak spesifik', '0000-00-00 00:00:00', '0000-00-00 00:00:00'),
(9946, 'Z21', 'Asymptomatic human immunodeficiency virus [HIV] infection status', 'Asimtomatik human immunodeficiency virus [ HIV ] status infeksi', '0000-00-00 00:00:00', '0000-00-00 00:00:00'),
(9947, 'Z22.0', 'Carrier of typhoid', 'Pembawa tifoid', '0000-00-00 00:00:00', '0000-00-00 00:00:00'),
(9948, 'Z22.1', 'Carrier of other intestinal infectious diseases', 'Pembawa penyakit menular usus lainnya', '0000-00-00 00:00:00', '0000-00-00 00:00:00'),
(9949, 'Z22.2', 'Carrier of diphtheria', 'Pembawa difteri', '0000-00-00 00:00:00', '0000-00-00 00:00:00'),
(9950, 'Z22.3', 'Carrier of other specified bacterial diseases', 'Pembawa penyakit bakteri lainnya yang spesifik', '0000-00-00 00:00:00', '0000-00-00 00:00:00');
INSERT INTO `icd` (`id`, `kode`, `diagnosa`, `deskripsi`, `on_create`, `on_update`) VALUES
(9951, 'Z22.4', 'Carrier of infections with a predominantly sexual mode of transmission', 'Pembawa infeksi dengan modus dominan seksual penularan', '0000-00-00 00:00:00', '0000-00-00 00:00:00'),
(9952, 'Z22.5', 'Carrier of viral hepatitis', 'Pembawa virus hepatitis', '0000-00-00 00:00:00', '0000-00-00 00:00:00'),
(9953, 'Z22.6', 'Carrier of human T-lymphotropic virus type- 1 [HTLV-1] infection', 'Pembawa manusia T - lymphotropic virus tipe - 1 [ HTLV - 1 ] infeksi', '0000-00-00 00:00:00', '0000-00-00 00:00:00'),
(9954, 'Z22.8', 'Carrier of other infectious diseases', 'Pembawa penyakit menular lainnya', '0000-00-00 00:00:00', '0000-00-00 00:00:00'),
(9955, 'Z22.9', 'Carrier of infectious disease, unspecified', 'Pembawa penyakit menular , tidak spesifik', '0000-00-00 00:00:00', '0000-00-00 00:00:00'),
(9956, 'Z23.0', 'Need for immunization against cholera alone', 'Perlu untuk imunisasi terhadap kolera saja', '0000-00-00 00:00:00', '0000-00-00 00:00:00'),
(9957, 'Z23.1', 'Need for immunization against typhoid-paratyphoid alone [TAB]', 'Perlu untuk imunisasi tifoid - paratifoid saja [ TAB ]', '0000-00-00 00:00:00', '0000-00-00 00:00:00'),
(9958, 'Z23.2', 'Need for immunization against tuberculosis [BCG]', 'Perlu untuk imunisasi terhadap TBC [ BCG ]', '0000-00-00 00:00:00', '0000-00-00 00:00:00'),
(9959, 'Z23.3', 'Need for immunization against plague', 'Perlu untuk imunisasi terhadap wabah', '0000-00-00 00:00:00', '0000-00-00 00:00:00'),
(9960, 'Z23.4', 'Need for immunization against tularaemia', 'Perlu untuk imunisasi terhadap tularaemia', '0000-00-00 00:00:00', '0000-00-00 00:00:00'),
(9961, 'Z23.5', 'Need for immunization against tetanus alone', 'Perlu untuk imunisasi tetanus saja', '0000-00-00 00:00:00', '0000-00-00 00:00:00'),
(9962, 'Z23.6', 'Need for immunization against diphtheria alone', 'Perlu untuk imunisasi terhadap difteri saja', '0000-00-00 00:00:00', '0000-00-00 00:00:00'),
(9963, 'Z23.7', 'Need for immunization against pertussis alone', 'Perlu untuk imunisasi terhadap pertusis saja', '0000-00-00 00:00:00', '0000-00-00 00:00:00'),
(9964, 'Z23.8', 'Need for immunization against other single bacterial diseases', 'Perlu untuk imunisasi terhadap penyakit bakteri tunggal lainnya', '0000-00-00 00:00:00', '0000-00-00 00:00:00'),
(9965, 'Z24.0', 'Need for immunization against poliomyelitis', 'Perlu untuk imunisasi polio', '0000-00-00 00:00:00', '0000-00-00 00:00:00'),
(9966, 'Z24.1', 'Need for immunization against arthropod-borne viral encephalitis', 'Perlu untuk imunisasi terhadap arthropoda -borne ensefalitis viral', '0000-00-00 00:00:00', '0000-00-00 00:00:00'),
(9967, 'Z24.2', 'Need for immunization against rabies', 'Perlu untuk imunisasi terhadap rabies', '0000-00-00 00:00:00', '0000-00-00 00:00:00'),
(9968, 'Z24.3', 'Need for immunization against yellow fever', 'Perlu untuk imunisasi terhadap demam kuning', '0000-00-00 00:00:00', '0000-00-00 00:00:00'),
(9969, 'Z24.4', 'Need for immunization against measles alone', 'Perlu untuk imunisasi campak saja', '0000-00-00 00:00:00', '0000-00-00 00:00:00'),
(9970, 'Z24.5', 'Need for immunization against rubella alone', 'Perlu untuk imunisasi terhadap rubella saja', '0000-00-00 00:00:00', '0000-00-00 00:00:00'),
(9971, 'Z24.6', 'Need for immunization against viral hepatitis', 'Perlu untuk imunisasi terhadap hepatitis virus', '0000-00-00 00:00:00', '0000-00-00 00:00:00'),
(9972, 'Z25.0', 'Need for immunization against mumps alone', 'Perlu untuk imunisasi melawan gondok saja', '0000-00-00 00:00:00', '0000-00-00 00:00:00'),
(9973, 'Z25.1', 'Need for immunization against influenza', 'Perlu untuk imunisasi terhadap influenza', '0000-00-00 00:00:00', '0000-00-00 00:00:00'),
(9974, 'Z25.8', 'Need for immunization against other specified single viral diseases', 'Perlu untuk imunisasi terhadap penyakit virus tunggal tertentu lainnya', '0000-00-00 00:00:00', '0000-00-00 00:00:00'),
(9975, 'Z26.0', 'Need for immunization against leishmaniasis', 'Perlu untuk imunisasi terhadap leishmaniasis', '0000-00-00 00:00:00', '0000-00-00 00:00:00'),
(9976, 'Z26.8', 'Need for immunization against other specified single infectious diseases', 'Perlu untuk imunisasi terhadap penyakit menular tunggal tertentu lainnya', '0000-00-00 00:00:00', '0000-00-00 00:00:00'),
(9977, 'Z26.9', 'Need for immunization against unspecified infectious disease', 'Perlu untuk imunisasi terhadap penyakit menular yang tidak spesifik', '0000-00-00 00:00:00', '0000-00-00 00:00:00'),
(9978, 'Z27.0', 'Need for immunization against cholera with typhoid-paratyphoid [cholera + TAB]', 'Perlu untuk imunisasi terhadap kolera dengan tifoid - paratifoid [ kolera + TAB ]', '0000-00-00 00:00:00', '0000-00-00 00:00:00'),
(9979, 'Z27.1', 'Need for immunization against diphtheria-tetanus-pertussis, combined [DTP]', 'Perlu untuk imunisasi terhadap difteri tetanus-pertussis , dikombinasikan [ DTP ]', '0000-00-00 00:00:00', '0000-00-00 00:00:00'),
(9980, 'Z27.2', 'Need for immunization against diphtheria-tetanus-pertussis with typhoid-paratyphoid [DTP + TAB]', 'Perlu untuk imunisasi terhadap difteri tetanus-pertussis dengan tifoid - paratifoid [ DTP + TAB ]', '0000-00-00 00:00:00', '0000-00-00 00:00:00'),
(9981, 'Z27.3', 'Need for immunization against diphtheria-tetanus-pertussis with poliomyelitis [DTP + polio]', 'Perlu untuk imunisasi terhadap difteri tetanus-pertussis dengan poliomyelitis [ DTP + polio ]', '0000-00-00 00:00:00', '0000-00-00 00:00:00'),
(9982, 'Z27.4', 'Need for immunization against measles-mumps-rubella [MMR]', 'Perlu untuk imunisasi campak - gondong - rubela [ MMR ]', '0000-00-00 00:00:00', '0000-00-00 00:00:00'),
(9983, 'Z27.8', 'Need for immunization against other combinations of infectious diseases', 'Perlu untuk imunisasi kombinasi lain dari penyakit menular', '0000-00-00 00:00:00', '0000-00-00 00:00:00'),
(9984, 'Z27.9', 'Need for immunization against unspecified combinations of infectious diseases', 'Perlu untuk imunisasi kombinasi yang tidak spesifik penyakit menular', '0000-00-00 00:00:00', '0000-00-00 00:00:00'),
(9985, 'Z28.0', 'Immunization not carried out because of contraindication', 'Imunisasi tidak dilakukan karena kontraindikasi', '0000-00-00 00:00:00', '0000-00-00 00:00:00'),
(9986, 'Z28.1', 'Immunization not carried out because of patients decision for reasons of belief and group pressure', 'Imunisasi tidak dilakukan karena pasien keputusan untuk alasan keyakinan dan tekanan kelompok', '0000-00-00 00:00:00', '0000-00-00 00:00:00'),
(9987, 'Z28.2', 'Immunization not carried out because of patients decision for other and unspecified reasons', 'Imunisasi tidak dilakukan karena pasien keputusan untuk alasan lain dan tidak spesifik', '0000-00-00 00:00:00', '0000-00-00 00:00:00'),
(9988, 'Z28.8', 'Immunization not carried out for other reasons', 'Imunisasi tidak dilakukan karena alasan lain', '0000-00-00 00:00:00', '0000-00-00 00:00:00'),
(9989, 'Z28.9', 'Immunization not carried out for unspecified reason', 'Imunisasi tidak dilakukan untuk alasan yang tidak spesifik', '0000-00-00 00:00:00', '0000-00-00 00:00:00'),
(9990, 'Z29.0', 'Isolation', 'isolasi', '0000-00-00 00:00:00', '0000-00-00 00:00:00'),
(9991, 'Z29.1', 'Prophylactic immunotherapy', 'immunotherapy profilaksis', '0000-00-00 00:00:00', '0000-00-00 00:00:00'),
(9992, 'Z29.2', 'Other prophylactic chemotherapy', 'Kemoterapi profilaksis lainnya', '0000-00-00 00:00:00', '0000-00-00 00:00:00'),
(9993, 'Z29.8', 'Other specified prophylactic measures', 'Tindakan profilaksis lainnya yang spesifik', '0000-00-00 00:00:00', '0000-00-00 00:00:00'),
(9994, 'Z29.9', 'Prophylactic measure, unspecified', 'Tindakan pencegahan , tidak spesifik', '0000-00-00 00:00:00', '0000-00-00 00:00:00'),
(9995, 'Z30.0', 'General counselling and advice on contraception', 'Konseling umum dan saran mengenai kontrasepsi', '0000-00-00 00:00:00', '0000-00-00 00:00:00'),
(9996, 'Z30.1', 'Insertion of (intrauterine) contraceptive device', 'Penyisipan ( intrauterine ) alat kontrasepsi', '0000-00-00 00:00:00', '0000-00-00 00:00:00'),
(9997, 'Z30.2', 'Sterilization', 'sterilisasi', '0000-00-00 00:00:00', '0000-00-00 00:00:00'),
(9998, 'Z30.3', 'Menstrual extraction', 'ekstraksi menstruasi', '0000-00-00 00:00:00', '0000-00-00 00:00:00'),
(9999, 'Z30.4', 'Surveillance of contraceptive drugs', 'Pengawasan obat kontrasepsi', '0000-00-00 00:00:00', '0000-00-00 00:00:00'),
(10000, 'Z30.5', 'Surveillance of (intrauterine) contraceptive device', 'Pengawasan ( intrauterine ) alat kontrasepsi', '0000-00-00 00:00:00', '0000-00-00 00:00:00'),
(10001, 'Z30.8', 'Other contraceptive management', 'Manajemen kontrasepsi lain', '0000-00-00 00:00:00', '0000-00-00 00:00:00'),
(10002, 'Z30.9', 'Contraceptive management, unspecified', 'Manajemen Kontrasepsi , tidak spesifik', '0000-00-00 00:00:00', '0000-00-00 00:00:00'),
(10003, 'Z31.0', 'Tuboplasty or vasoplasty after previous sterilization', 'Tuboplasty atau vasoplasty setelah sterilisasi sebelumnya', '0000-00-00 00:00:00', '0000-00-00 00:00:00'),
(10004, 'Z31.1', 'Artificial insemination', 'inseminasi buatan', '0000-00-00 00:00:00', '0000-00-00 00:00:00'),
(10005, 'Z31.2', 'In vitro fertilization', 'Fertilisasi in vitro', '0000-00-00 00:00:00', '0000-00-00 00:00:00'),
(10006, 'Z31.3', 'Other assisted fertilization methods', 'Metode pemupukan dibantu Lainnya', '0000-00-00 00:00:00', '0000-00-00 00:00:00'),
(10007, 'Z31.4', 'Procreative investigation and testing', 'Investigasi prokreasi dan pengujian', '0000-00-00 00:00:00', '0000-00-00 00:00:00'),
(10008, 'Z31.5', 'Genetic counselling', 'konseling genetik', '0000-00-00 00:00:00', '0000-00-00 00:00:00'),
(10009, 'Z31.6', 'General counselling and advice on procreation', 'Konseling umum dan rekomendasi untuk prokreasi', '0000-00-00 00:00:00', '0000-00-00 00:00:00'),
(10010, 'Z31.8', 'Other procreative management', 'Manajemen prokreasi lainnya', '0000-00-00 00:00:00', '0000-00-00 00:00:00'),
(10011, 'Z31.9', 'Procreative management, unspecified', 'Manajemen prokreasi , tidak spesifik', '0000-00-00 00:00:00', '0000-00-00 00:00:00'),
(10012, 'Z32.0', 'Pregnancy, not (yet) confirmed', 'Kehamilan , tidak (belum ) dikonfirmasi', '0000-00-00 00:00:00', '0000-00-00 00:00:00'),
(10013, 'Z32.1', 'Pregnancy confirmed', 'kehamilan dikonfirmasi', '0000-00-00 00:00:00', '0000-00-00 00:00:00'),
(10014, 'Z33', 'Pregnant state, incidental', 'Negara Hamil , insidental', '0000-00-00 00:00:00', '0000-00-00 00:00:00'),
(10015, 'Z34.0', 'Supervision of normal first pregnancy', 'Pengawasan normal pertama kehamilan', '0000-00-00 00:00:00', '0000-00-00 00:00:00'),
(10016, 'Z34.8', 'Supervision of other normal pregnancy', 'Pengawasan kehamilan normal lainnya', '0000-00-00 00:00:00', '0000-00-00 00:00:00'),
(10017, 'Z34.9', 'Supervision of normal pregnancy, unspecified', 'Pengawasan kehamilan normal , tidak spesifik', '0000-00-00 00:00:00', '0000-00-00 00:00:00'),
(10018, 'Z35.0', 'Supervision of pregnancy with history of infertility', 'Pengawasan kehamilan dengan riwayat infertilitas', '0000-00-00 00:00:00', '0000-00-00 00:00:00'),
(10019, 'Z35.1', 'Supervision of pregnancy with history of abortive outcome', 'Pengawasan kehamilan dengan riwayat hasil gagal', '0000-00-00 00:00:00', '0000-00-00 00:00:00'),
(10020, 'Z35.2', 'Supervision of pregnancy with other poor reproductive or obstetric history', 'Pengawasan kehamilan dengan riwayat reproduksi atau kebidanan miskin lainnya', '0000-00-00 00:00:00', '0000-00-00 00:00:00'),
(10021, 'Z35.3', 'Supervision of pregnancy with history of insufficient antenatal care', 'Pengawasan kehamilan dengan riwayat perawatan antenatal yang tidak memadai', '0000-00-00 00:00:00', '0000-00-00 00:00:00'),
(10022, 'Z35.4', 'Supervision of pregnancy with grand multiparity', 'Pengawasan kehamilan dengan besar multiparitas', '0000-00-00 00:00:00', '0000-00-00 00:00:00'),
(10023, 'Z35.5', 'Supervision of elderly primigravida', 'Pengawasan primigravida tua', '0000-00-00 00:00:00', '0000-00-00 00:00:00'),
(10024, 'Z35.6', 'Supervision of very young primigravida', 'Pengawasan primigravida sangat muda', '0000-00-00 00:00:00', '0000-00-00 00:00:00'),
(10025, 'Z35.7', 'Supervision of high-risk pregnancy due to social problems', 'Pengawasan kehamilan berisiko tinggi karena masalah sosial', '0000-00-00 00:00:00', '0000-00-00 00:00:00'),
(10026, 'Z35.8', 'Supervision of other high-risk pregnancies', 'Pengawasan kehamilan berisiko tinggi lainnya', '0000-00-00 00:00:00', '0000-00-00 00:00:00'),
(10027, 'Z35.9', 'Supervision of high-risk pregnancy, unspecified', 'Pengawasan kehamilan berisiko tinggi , tidak spesifik', '0000-00-00 00:00:00', '0000-00-00 00:00:00'),
(10028, 'Z36.0', 'Antenatal screening for chromosomal anomalies', 'Skrining antenatal untuk anomali kromosom', '0000-00-00 00:00:00', '0000-00-00 00:00:00'),
(10029, 'Z36.1', 'Antenatal screening for raised alphafetoprotein level', 'Skrining antenatal untuk tingkat alphafetoprotein mengangkat', '0000-00-00 00:00:00', '0000-00-00 00:00:00'),
(10030, 'Z36.2', 'Other antenatal screening based on amniocentesis', 'Skrining antenatal lainnya berdasarkan amniosentesis', '0000-00-00 00:00:00', '0000-00-00 00:00:00'),
(10031, 'Z36.3', 'Antenatal screening for malformations using ultrasound and other physical methods', 'Skrining antenatal untuk malformasi menggunakan ultrasound dan metode fisik lainnya', '0000-00-00 00:00:00', '0000-00-00 00:00:00'),
(10032, 'Z36.4', 'Antenatal screening for fetal growth retardation using ultrasound and other physical methods', 'Skrining antenatal untuk retardasi pertumbuhan janin dengan menggunakan ultrasound dan metode fisik lainnya', '0000-00-00 00:00:00', '0000-00-00 00:00:00'),
(10033, 'Z36.5', 'Antenatal screening for isoimmunization', 'Skrining antenatal untuk isoimunisasi', '0000-00-00 00:00:00', '0000-00-00 00:00:00'),
(10034, 'Z36.8', 'Other antenatal screening', 'Skrining antenatal lainnya', '0000-00-00 00:00:00', '0000-00-00 00:00:00'),
(10035, 'Z36.9', 'Antenatal screening, unspecified', 'Skrining antenatal , tidak spesifik', '0000-00-00 00:00:00', '0000-00-00 00:00:00'),
(10036, 'Z37.0', 'Single live birth', 'Kelahiran hidup tunggal', '0000-00-00 00:00:00', '0000-00-00 00:00:00'),
(10037, 'Z37.1', 'Single stillbirth', 'lahir mati tunggal', '0000-00-00 00:00:00', '0000-00-00 00:00:00'),
(10038, 'Z37.2', 'Twins, both liveborn', 'Twins , baik lahir hidup', '0000-00-00 00:00:00', '0000-00-00 00:00:00'),
(10039, 'Z37.3', 'Twins, one liveborn and one stillborn', 'Twins , satu lahir hidup dan lahir mati satu', '0000-00-00 00:00:00', '0000-00-00 00:00:00'),
(10040, 'Z37.4', 'Twins, both stillborn', 'Twins , baik lahir mati', '0000-00-00 00:00:00', '0000-00-00 00:00:00'),
(10041, 'Z37.5', 'Other multiple births, all liveborn', 'Kelahiran ganda lainnya , semua lahir hidup', '0000-00-00 00:00:00', '0000-00-00 00:00:00'),
(10042, 'Z37.6', 'Other multiple births, some liveborn', 'Kelahiran ganda lainnya , beberapa lahir hidup', '0000-00-00 00:00:00', '0000-00-00 00:00:00'),
(10043, 'Z37.7', 'Other multiple births, all stillborn', 'Kelahiran ganda lainnya , semua lahir mati', '0000-00-00 00:00:00', '0000-00-00 00:00:00'),
(10044, 'Z37.9', 'Outcome of delivery, unspecified', 'Hasil pengiriman , tidak spesifik', '0000-00-00 00:00:00', '0000-00-00 00:00:00'),
(10045, 'Z38.0', 'Singleton, born in hospital', 'Singleton , lahir di rumah sakit', '0000-00-00 00:00:00', '0000-00-00 00:00:00'),
(10046, 'Z38.1', 'Singleton, born outside hospital', 'Singleton , lahir di luar rumah sakit', '0000-00-00 00:00:00', '0000-00-00 00:00:00'),
(10047, 'Z38.2', 'Singleton, unspecified as to place of birth', 'Singleton , tidak spesifik untuk tempat lahir', '0000-00-00 00:00:00', '0000-00-00 00:00:00'),
(10048, 'Z38.3', 'Twin, born in hospital', 'Twin , lahir di rumah sakit', '0000-00-00 00:00:00', '0000-00-00 00:00:00'),
(10049, 'Z38.4', 'Twin, born outside hospital', 'Twin , lahir di luar rumah sakit', '0000-00-00 00:00:00', '0000-00-00 00:00:00'),
(10050, 'Z38.5', 'Twin, unspecified as to place of birth', 'Twin , tidak spesifik untuk tempat lahir', '0000-00-00 00:00:00', '0000-00-00 00:00:00'),
(10051, 'Z38.6', 'Other multiple, born in hospital', 'Beberapa lainnya , yang lahir di rumah sakit', '0000-00-00 00:00:00', '0000-00-00 00:00:00'),
(10052, 'Z38.7', 'Other multiple, born outside hospital', 'Lain beberapa , lahir di rumah sakit di luar', '0000-00-00 00:00:00', '0000-00-00 00:00:00'),
(10053, 'Z38.8', 'Other multiple, unspecified as to place of birth', 'Beberapa lainnya , yang tidak spesifik untuk tempat lahir', '0000-00-00 00:00:00', '0000-00-00 00:00:00'),
(10054, 'Z39.0', 'Care and examination immediately after delivery', 'Perawatan dan pemeriksaan segera setelah melahirkan', '0000-00-00 00:00:00', '0000-00-00 00:00:00'),
(10055, 'Z39.1', 'Care and examination of lactating mother', 'Perawatan dan pemeriksaan ibu menyusui', '0000-00-00 00:00:00', '0000-00-00 00:00:00'),
(10056, 'Z39.2', 'Routine postpartum follow-up', 'Rutin postpartum tindak lanjut', '0000-00-00 00:00:00', '0000-00-00 00:00:00'),
(10057, 'Z40.0', 'Prophylactic surgery for risk-factors related to malignant neoplasms', 'Operasi profilaksis untuk risiko - faktor yang berhubungan dengan neoplasma ganas', '0000-00-00 00:00:00', '0000-00-00 00:00:00'),
(10058, 'Z40.8', 'Other prophylactic surgery', 'Operasi profilaksis lainnya', '0000-00-00 00:00:00', '0000-00-00 00:00:00'),
(10059, 'Z40.9', 'Prophylactic surgery, unspecified', 'Operasi profilaksis , tidak spesifik', '0000-00-00 00:00:00', '0000-00-00 00:00:00'),
(10060, 'Z41.0', 'Hair transplant', 'transplantasi rambut', '0000-00-00 00:00:00', '0000-00-00 00:00:00'),
(10061, 'Z41.1', 'Other plastic surgery for unacceptable cosmetic appearance', 'Operasi plastik lainnya untuk penampilan kosmetik tidak dapat diterima', '0000-00-00 00:00:00', '0000-00-00 00:00:00'),
(10062, 'Z41.2', 'Routine and ritual circumcision', 'Rutin dan ritual sunat', '0000-00-00 00:00:00', '0000-00-00 00:00:00'),
(10063, 'Z41.3', 'Ear piercing', 'tindik telinga', '0000-00-00 00:00:00', '0000-00-00 00:00:00'),
(10064, 'Z41.8', 'Other procedures for purposes other than remedying health state', 'Prosedur lain untuk tujuan selain menanggulangi keadaan kesehatan', '0000-00-00 00:00:00', '0000-00-00 00:00:00'),
(10065, 'Z41.9', 'Procedure for purposes other than remedying health state, unspecified', 'Prosedur untuk tujuan selain menanggulangi keadaan kesehatan , tidak spesifik', '0000-00-00 00:00:00', '0000-00-00 00:00:00'),
(10066, 'Z42.0', 'Follow-up care involving plastic surgery of head and neck', 'Perawatan tindak lanjut yang melibatkan operasi plastik dari kepala dan leher', '0000-00-00 00:00:00', '0000-00-00 00:00:00'),
(10067, 'Z42.1', 'Follow-up care involving plastic surgery of breast', 'Perawatan tindak lanjut yang melibatkan operasi plastik payudara', '0000-00-00 00:00:00', '0000-00-00 00:00:00'),
(10068, 'Z42.2', 'Follow-up care involving plastic surgery of other parts of trunk', 'Tindak lanjut perawatan yang melibatkan operasi plastik dari bagian lain dari batang', '0000-00-00 00:00:00', '0000-00-00 00:00:00'),
(10069, 'Z42.3', 'Follow-up care involving plastic surgery of upper extremity', 'Tindak lanjut perawatan yang melibatkan operasi plastik dari ekstremitas atas', '0000-00-00 00:00:00', '0000-00-00 00:00:00'),
(10070, 'Z42.4', 'Follow-up care involving plastic surgery of lower extremity', 'Tindak lanjut perawatan yang melibatkan operasi plastik dari ekstremitas bawah', '0000-00-00 00:00:00', '0000-00-00 00:00:00'),
(10071, 'Z42.8', 'Follow-up care involving plastic surgery of other body part', 'Tindak lanjut perawatan yang melibatkan operasi plastik dari bagian tubuh lainnya', '0000-00-00 00:00:00', '0000-00-00 00:00:00'),
(10072, 'Z42.9', 'Follow-up care involving plastic surgery, unspecified', 'Tindak lanjut perawatan yang melibatkan operasi plastik , tidak spesifik', '0000-00-00 00:00:00', '0000-00-00 00:00:00'),
(10073, 'Z43.0', 'Attention to tracheostomy', 'Perhatian terhadap trakeostomi', '0000-00-00 00:00:00', '0000-00-00 00:00:00'),
(10074, 'Z43.1', 'Attention to gastrostomy', 'Perhatian terhadap gastrostomy', '0000-00-00 00:00:00', '0000-00-00 00:00:00'),
(10075, 'Z43.2', 'Attention to ileostomy', 'Perhatian terhadap ileostomy', '0000-00-00 00:00:00', '0000-00-00 00:00:00'),
(10076, 'Z43.3', 'Attention to colostomy', 'Perhatian terhadap kolostomi', '0000-00-00 00:00:00', '0000-00-00 00:00:00'),
(10077, 'Z43.4', 'Attention to other artificial openings of digestive tract', 'Perhatian terhadap bukaan buatan lainnya dari saluran pencernaan', '0000-00-00 00:00:00', '0000-00-00 00:00:00'),
(10078, 'Z43.5', 'Attention to cystostomy', 'Perhatian terhadap cystostomy', '0000-00-00 00:00:00', '0000-00-00 00:00:00'),
(10079, 'Z43.6', 'Attention to other artificial openings of urinary tract', 'Perhatian terhadap bukaan buatan lainnya dari saluran kemih', '0000-00-00 00:00:00', '0000-00-00 00:00:00'),
(10080, 'Z43.7', 'Attention to artificial vagina', 'Perhatian terhadap vagina buatan', '0000-00-00 00:00:00', '0000-00-00 00:00:00'),
(10081, 'Z43.8', 'Attention to other artificial openings', 'Perhatian terhadap bukaan buatan lainnya', '0000-00-00 00:00:00', '0000-00-00 00:00:00'),
(10082, 'Z43.9', 'Attention to unspecified artificial opening', 'Perhatian terhadap pembukaan buatan yang tidak spesifik', '0000-00-00 00:00:00', '0000-00-00 00:00:00'),
(10083, 'Z44.0', 'Fitting and adjustment of artificial arm (complete) (partial)', 'Fitting dan penyesuaian lengan buatan (lengkap ) ( parsial )', '0000-00-00 00:00:00', '0000-00-00 00:00:00'),
(10084, 'Z44.1', 'Fitting and adjustment of artificial leg (complete) (partial)', 'Fitting dan penyesuaian kaki palsu (lengkap ) ( parsial )', '0000-00-00 00:00:00', '0000-00-00 00:00:00'),
(10085, 'Z44.2', 'Fitting and adjustment of artificial eye', 'Fitting dan penyesuaian mata buatan', '0000-00-00 00:00:00', '0000-00-00 00:00:00'),
(10086, 'Z44.3', 'Fitting and adjustment of external breast prosthesis', 'Fitting dan penyesuaian prostesis payudara eksternal', '0000-00-00 00:00:00', '0000-00-00 00:00:00'),
(10087, 'Z44.8', 'Fitting and adjustment of other external prosthetic devices', 'Fitting dan penyesuaian perangkat palsu eksternal lainnya', '0000-00-00 00:00:00', '0000-00-00 00:00:00'),
(10088, 'Z44.9', 'Fitting and adjustment of unspecified external prosthetic device', 'Fitting dan penyesuaian perangkat palsu eksternal tidak spesifik', '0000-00-00 00:00:00', '0000-00-00 00:00:00'),
(10089, 'Z45.0', 'Adjustment and management of cardiac pacemaker', 'Penyesuaian dan pengelolaan alat pacu jantung', '0000-00-00 00:00:00', '0000-00-00 00:00:00'),
(10090, 'Z45.1', 'Adjustment and management of infusion pump', 'Penyesuaian dan pengelolaan pompa infus', '0000-00-00 00:00:00', '0000-00-00 00:00:00'),
(10091, 'Z45.2', 'Adjustment and management of vascular access device', 'Penyesuaian dan manajemen perangkat akses vaskular', '0000-00-00 00:00:00', '0000-00-00 00:00:00'),
(10092, 'Z45.3', 'Adjustment and management of implanted hearing device', 'Penyesuaian dan pengelolaan perangkat dengar implan', '0000-00-00 00:00:00', '0000-00-00 00:00:00'),
(10093, 'Z45.8', 'Adjustment and management of other implanted devices', 'Penyesuaian dan manajemen perangkat ditanamkan lainnya', '0000-00-00 00:00:00', '0000-00-00 00:00:00'),
(10094, 'Z45.9', 'Adjustment and management of unspecified implanted device', 'Penyesuaian dan manajemen perangkat ditanamkan tidak spesifik', '0000-00-00 00:00:00', '0000-00-00 00:00:00'),
(10095, 'Z46.0', 'Fitting and adjustment of spectacles and contact lenses', 'Fitting dan penyesuaian kacamata dan lensa kontak', '0000-00-00 00:00:00', '0000-00-00 00:00:00'),
(10096, 'Z46.1', 'Fitting and adjustment of hearing aid', 'Fitting dan penyesuaian alat bantu dengar', '0000-00-00 00:00:00', '0000-00-00 00:00:00'),
(10097, 'Z46.2', 'Fitting and adjustment of other devices related to nervous system and special senses', 'Fitting dan penyesuaian perangkat lain yang berhubungan dengan sistem saraf dan indera khusus', '0000-00-00 00:00:00', '0000-00-00 00:00:00'),
(10098, 'Z46.3', 'Fitting and adjustment of dental prosthetic device', 'Fitting dan penyesuaian perangkat prostetik gigi', '0000-00-00 00:00:00', '0000-00-00 00:00:00'),
(10099, 'Z46.4', 'Fitting and adjustment of orthodontic device', 'Fitting dan penyesuaian perangkat ortodontik', '0000-00-00 00:00:00', '0000-00-00 00:00:00'),
(10100, 'Z46.5', 'Fitting and adjustment of ileostomy and other intestinal appliances', 'Fitting dan penyesuaian ileostomy dan peralatan usus lainnya', '0000-00-00 00:00:00', '0000-00-00 00:00:00'),
(10101, 'Z46.6', 'Fitting and adjustment of urinary device', 'Fitting dan penyesuaian perangkat kemih', '0000-00-00 00:00:00', '0000-00-00 00:00:00'),
(10102, 'Z46.7', 'Fitting and adjustment of orthopaedic device', 'Fitting dan penyesuaian perangkat ortopedi', '0000-00-00 00:00:00', '0000-00-00 00:00:00'),
(10103, 'Z46.8', 'Fitting and adjustment of other specified devices', 'Fitting dan penyesuaian perangkat tertentu lainnya', '0000-00-00 00:00:00', '0000-00-00 00:00:00'),
(10104, 'Z46.9', 'Fitting and adjustment of unspecified device', 'Fitting dan penyesuaian perangkat yang tidak spesifik', '0000-00-00 00:00:00', '0000-00-00 00:00:00'),
(10105, 'Z47.0', 'Follow-up care involving removal of fracture plate and other internal fixation device', 'Tindak lanjut perawatan yang melibatkan penghapusan plat fraktur dan perangkat fiksasi internal lainnya', '0000-00-00 00:00:00', '0000-00-00 00:00:00'),
(10106, 'Z47.8', 'Other specified orthopaedic follow-up care', 'Tindak lanjut perawatan ortopedi tertentu lainnya', '0000-00-00 00:00:00', '0000-00-00 00:00:00'),
(10107, 'Z47.9', 'Orthopaedic follow-up care, unspecified', 'Tindak lanjut perawatan ortopedi , tidak spesifik', '0000-00-00 00:00:00', '0000-00-00 00:00:00'),
(10108, 'Z48.0', 'Attention to surgical dressings and sutures', 'Perhatian terhadap dressing bedah dan jahitan', '0000-00-00 00:00:00', '0000-00-00 00:00:00'),
(10109, 'Z48.8', 'Other specified surgical follow-up care', 'Tindak lanjut perawatan bedah tertentu lainnya', '0000-00-00 00:00:00', '0000-00-00 00:00:00'),
(10110, 'Z48.9', 'Surgical follow-up care, unspecified', 'Tindak lanjut perawatan bedah , tidak spesifik', '0000-00-00 00:00:00', '0000-00-00 00:00:00'),
(10111, 'Z49.0', 'Preparatory care for dialysis', 'Perawatan Persiapan dialisis', '0000-00-00 00:00:00', '0000-00-00 00:00:00'),
(10112, 'Z49.1', 'Extracorporeal dialysis', 'dialisis extracorporeal', '0000-00-00 00:00:00', '0000-00-00 00:00:00'),
(10113, 'Z49.2', 'Other dialysis', 'dialisis lainnya', '0000-00-00 00:00:00', '0000-00-00 00:00:00'),
(10114, 'Z50.0', 'Cardiac rehabilitation', 'rehabilitasi jantung', '0000-00-00 00:00:00', '0000-00-00 00:00:00'),
(10115, 'Z50.1', 'Other physical therapy', 'Terapi fisik lainnya', '0000-00-00 00:00:00', '0000-00-00 00:00:00'),
(10116, 'Z50.2', 'Alcohol rehabilitation', 'rehabilitasi alkohol', '0000-00-00 00:00:00', '0000-00-00 00:00:00'),
(10117, 'Z50.3', 'Drug rehabilitation', 'rehabilitasi narkoba', '0000-00-00 00:00:00', '0000-00-00 00:00:00'),
(10118, 'Z50.4', 'Psychotherapy, not elsewhere classified', 'Psikoterapi , tidak diklasifikasikan di tempat lain', '0000-00-00 00:00:00', '0000-00-00 00:00:00'),
(10119, 'Z50.5', 'Speech therapy', 'terapi wicara', '0000-00-00 00:00:00', '0000-00-00 00:00:00'),
(10120, 'Z50.6', 'Orthoptic training', 'pelatihan Orthoptic', '0000-00-00 00:00:00', '0000-00-00 00:00:00'),
(10121, 'Z50.7', 'Occupational therapy and vocational rehabilitation, not elsewhere classified', 'Terapi okupasi dan rehabilitasi kejuruan , tidak diklasifikasikan di tempat lain', '0000-00-00 00:00:00', '0000-00-00 00:00:00'),
(10122, 'Z50.8', 'Care involving use of other rehabilitation procedures', 'Perawatan melibatkan penggunaan prosedur rehabilitasi lainnya', '0000-00-00 00:00:00', '0000-00-00 00:00:00'),
(10123, 'Z50.9', 'Care involving use of rehabilitation procedure, unspecified', 'Perawatan melibatkan penggunaan prosedur rehabilitasi , tidak spesifik', '0000-00-00 00:00:00', '0000-00-00 00:00:00'),
(10124, 'Z51.0', 'Radiotherapy session', 'sesi radioterapi', '0000-00-00 00:00:00', '0000-00-00 00:00:00'),
(10125, 'Z51.1', 'Chemotherapy session for neoplasm', 'Sesi kemoterapi untuk neoplasma', '0000-00-00 00:00:00', '0000-00-00 00:00:00'),
(10126, 'Z51.2', 'Other chemotherapy', 'kemoterapi lain', '0000-00-00 00:00:00', '0000-00-00 00:00:00'),
(10127, 'Z51.3', 'Blood transfusion without reported diagnosis', 'Transfusi darah tanpa diagnosis dilaporkan', '0000-00-00 00:00:00', '0000-00-00 00:00:00'),
(10128, 'Z51.4', 'Preparatory care for subsequent treatment, not elsewhere classified', 'Perawatan persiapan untuk pengobatan selanjutnya , tidak diklasifikasikan di tempat lain', '0000-00-00 00:00:00', '0000-00-00 00:00:00'),
(10129, 'Z51.5', 'Palliative care', 'perawatan paliatif', '0000-00-00 00:00:00', '0000-00-00 00:00:00'),
(10130, 'Z51.6', 'Desensitization to allergens', 'Desensitisasi terhadap alergen', '0000-00-00 00:00:00', '0000-00-00 00:00:00'),
(10131, 'Z51.8', 'Other specified medical care', 'Perawatan medis lainnya yang spesifik', '0000-00-00 00:00:00', '0000-00-00 00:00:00'),
(10132, 'Z51.9', 'Medical care, unspecified', 'Perawatan medis , tidak spesifik', '0000-00-00 00:00:00', '0000-00-00 00:00:00'),
(10133, 'Z52.0', 'Blood donor', 'donor darah', '0000-00-00 00:00:00', '0000-00-00 00:00:00'),
(10134, 'Z52.1', 'Skin donor', 'donor kulit', '0000-00-00 00:00:00', '0000-00-00 00:00:00'),
(10135, 'Z52.2', 'Bone donor', 'donor tulang', '0000-00-00 00:00:00', '0000-00-00 00:00:00'),
(10136, 'Z52.3', 'Bone marrow donor', 'Donor sumsum tulang', '0000-00-00 00:00:00', '0000-00-00 00:00:00'),
(10137, 'Z52.4', 'Kidney donor', 'donor ginjal', '0000-00-00 00:00:00', '0000-00-00 00:00:00'),
(10138, 'Z52.5', 'Cornea donor', 'kornea donor', '0000-00-00 00:00:00', '0000-00-00 00:00:00'),
(10139, 'Z52.6', 'Liver donor', 'donor hati', '0000-00-00 00:00:00', '0000-00-00 00:00:00'),
(10140, 'Z52.7', 'Heart donor', 'donor jantung', '0000-00-00 00:00:00', '0000-00-00 00:00:00'),
(10141, 'Z52.8', 'Donor of other organs and tissues', 'Donor organ dan jaringan lain', '0000-00-00 00:00:00', '0000-00-00 00:00:00'),
(10142, 'Z52.9', 'Donor of unspecified organ or tissue', 'Donor organ atau jaringan yang tidak spesifik', '0000-00-00 00:00:00', '0000-00-00 00:00:00'),
(10143, 'Z53.0', 'Procedure not carried out because of contraindication', 'Prosedur tidak dilakukan karena kontraindikasi', '0000-00-00 00:00:00', '0000-00-00 00:00:00'),
(10144, 'Z53.1', 'Procedure not carried out because of patients decision for reasons of belief and group pressure', 'Prosedur tidak dilakukan karena pasien keputusan untuk alasan keyakinan dan tekanan kelompok', '0000-00-00 00:00:00', '0000-00-00 00:00:00'),
(10145, 'Z53.2', 'Procedure not carried out because of patients decision for other and unspecified reasons', 'Prosedur tidak dilakukan karena pasien keputusan untuk alasan lain dan tidak spesifik', '0000-00-00 00:00:00', '0000-00-00 00:00:00'),
(10146, 'Z53.8', 'Procedure not carried out for other reasons', 'Prosedur tidak dilakukan karena alasan lain', '0000-00-00 00:00:00', '0000-00-00 00:00:00'),
(10147, 'Z53.9', 'Procedure not carried out, unspecified reason', 'Prosedur tidak dilakukan , alasan yang tidak spesifik', '0000-00-00 00:00:00', '0000-00-00 00:00:00'),
(10148, 'Z54.0', 'Convalescence following surgery', 'Pemulihan setelah operasi', '0000-00-00 00:00:00', '0000-00-00 00:00:00'),
(10149, 'Z54.1', 'Convalescence following radiotherapy', 'Pemulihan radioterapi berikut', '0000-00-00 00:00:00', '0000-00-00 00:00:00'),
(10150, 'Z54.2', 'Convalescence following chemotherapy', 'Kemoterapi setelah pemulihan', '0000-00-00 00:00:00', '0000-00-00 00:00:00'),
(10151, 'Z54.3', 'Convalescence following psychotherapy', 'Pemulihan berikut psikoterapi', '0000-00-00 00:00:00', '0000-00-00 00:00:00'),
(10152, 'Z54.4', 'Convalescence following treatment of fracture', 'Pemulihan setelah pengobatan fraktur', '0000-00-00 00:00:00', '0000-00-00 00:00:00'),
(10153, 'Z54.7', 'Convalescence following combined treatment', 'Pemulihan setelah pengobatan gabungan', '0000-00-00 00:00:00', '0000-00-00 00:00:00'),
(10154, 'Z54.8', 'Convalescence following other treatment', 'Pemulihan setelah pengobatan lain', '0000-00-00 00:00:00', '0000-00-00 00:00:00'),
(10155, 'Z54.9', 'Convalescence following unspecified treatment', 'Pemulihan setelah pengobatan yang tidak spesifik', '0000-00-00 00:00:00', '0000-00-00 00:00:00'),
(10156, 'Z55.0', 'Illiteracy and low-level literacy', 'Buta huruf dan tingkat rendah melek huruf', '0000-00-00 00:00:00', '0000-00-00 00:00:00'),
(10157, 'Z55.1', 'Schooling unavailable and unattainable', 'Sekolah tidak tersedia dan tak terjangkau', '0000-00-00 00:00:00', '0000-00-00 00:00:00'),
(10158, 'Z55.2', 'Failed examinations', 'pemeriksaan gagal', '0000-00-00 00:00:00', '0000-00-00 00:00:00'),
(10159, 'Z55.3', 'Underachievement in school', 'Prestasi di sekolah', '0000-00-00 00:00:00', '0000-00-00 00:00:00'),
(10160, 'Z55.4', 'Educational maladjustment and discord with teachers and classmates', 'Ketidakmampuan pendidikan dan perselisihan dengan para guru dan teman sekelas', '0000-00-00 00:00:00', '0000-00-00 00:00:00'),
(10161, 'Z55.8', 'Other problems related to education and literacy', 'Masalah lain terkait dengan pendidikan dan keaksaraan', '0000-00-00 00:00:00', '0000-00-00 00:00:00'),
(10162, 'Z55.9', 'Problem related to education and literacy, unspecified', 'Masalah yang berkaitan dengan pendidikan dan melek huruf , tidak spesifik', '0000-00-00 00:00:00', '0000-00-00 00:00:00'),
(10163, 'Z56.0', 'Unemployment, unspecified', 'Pengangguran , tidak spesifik', '0000-00-00 00:00:00', '0000-00-00 00:00:00'),
(10164, 'Z56.1', 'Change of job', 'Perubahan pekerjaan', '0000-00-00 00:00:00', '0000-00-00 00:00:00'),
(10165, 'Z56.2', 'Threat of job loss', 'Ancaman kehilangan pekerjaan', '0000-00-00 00:00:00', '0000-00-00 00:00:00'),
(10166, 'Z56.3', 'Stressful work schedule', 'Jadwal kerja Stres', '0000-00-00 00:00:00', '0000-00-00 00:00:00'),
(10167, 'Z56.4', 'Discord with boss and workmates', 'Perselisihan dengan bos dan rekan kerja', '0000-00-00 00:00:00', '0000-00-00 00:00:00'),
(10168, 'Z56.5', 'Uncongenial work', 'pekerjaan uncongenial', '0000-00-00 00:00:00', '0000-00-00 00:00:00'),
(10169, 'Z56.6', 'Other physical and mental strain related to work', 'Ketegangan fisik dan mental lainnya yang berhubungan dengan pekerjaan', '0000-00-00 00:00:00', '0000-00-00 00:00:00'),
(10170, 'Z56.7', 'Other and unspecified problems related to employment', 'Masalah lain dan tidak spesifik berkaitan dengan pekerjaan', '0000-00-00 00:00:00', '0000-00-00 00:00:00'),
(10171, 'Z57.0', 'Occupational exposure to noise', 'Pajanan kebisingan', '0000-00-00 00:00:00', '0000-00-00 00:00:00'),
(10172, 'Z57.1', 'Occupational exposure to radiation', 'Pajanan radiasi', '0000-00-00 00:00:00', '0000-00-00 00:00:00'),
(10173, 'Z57.2', 'Occupational exposure to dust', 'Pajanan debu', '0000-00-00 00:00:00', '0000-00-00 00:00:00'),
(10174, 'Z57.3', 'Occupational exposure to other air contaminants', 'Pajanan kontaminan udara lainnya', '0000-00-00 00:00:00', '0000-00-00 00:00:00'),
(10175, 'Z57.4', 'Occupational exposure to toxic agents in agriculture', 'Pajanan agen beracun di bidang pertanian', '0000-00-00 00:00:00', '0000-00-00 00:00:00'),
(10176, 'Z57.5', 'Occupational exposure to toxic agents in other industries', 'Pajanan agen beracun di industri lain', '0000-00-00 00:00:00', '0000-00-00 00:00:00'),
(10177, 'Z57.6', 'Occupational exposure to extreme temperature', 'Pajanan suhu ekstrim', '0000-00-00 00:00:00', '0000-00-00 00:00:00'),
(10178, 'Z57.7', 'Occupational exposure to vibration', 'Pajanan getaran', '0000-00-00 00:00:00', '0000-00-00 00:00:00'),
(10179, 'Z57.8', 'Occupational exposure to other risk-factors', 'Pajanan faktor risiko lain', '0000-00-00 00:00:00', '0000-00-00 00:00:00'),
(10180, 'Z57.9', 'Occupational exposure to unspecified risk-factor', 'Pajanan faktor risiko yang tidak spesifik', '0000-00-00 00:00:00', '0000-00-00 00:00:00'),
(10181, 'Z58.0', 'Exposure to noise', 'Paparan kebisingan', '0000-00-00 00:00:00', '0000-00-00 00:00:00'),
(10182, 'Z58.1', 'Exposure to air pollution', 'Paparan polusi udara', '0000-00-00 00:00:00', '0000-00-00 00:00:00'),
(10183, 'Z58.2', 'Exposure to water pollution', 'Paparan polusi air', '0000-00-00 00:00:00', '0000-00-00 00:00:00'),
(10184, 'Z58.3', 'Exposure to soil pollution', 'Paparan polusi tanah', '0000-00-00 00:00:00', '0000-00-00 00:00:00'),
(10185, 'Z58.4', 'Exposure to radiation', 'Paparan radiasi', '0000-00-00 00:00:00', '0000-00-00 00:00:00'),
(10186, 'Z58.5', 'Exposure to other pollution', 'Paparan polusi lainnya', '0000-00-00 00:00:00', '0000-00-00 00:00:00'),
(10187, 'Z58.6', 'Inadequate drinking-water supply', 'Pasokan air minum tidak memadai', '0000-00-00 00:00:00', '0000-00-00 00:00:00'),
(10188, 'Z58.8', 'Other problems related to physical environment', 'Masalah lain yang berkaitan dengan lingkungan fisik', '0000-00-00 00:00:00', '0000-00-00 00:00:00'),
(10189, 'Z58.9', 'Problem related to physical environment, unspecified', 'Masalah yang berkaitan dengan lingkungan fisik , tidak spesifik', '0000-00-00 00:00:00', '0000-00-00 00:00:00'),
(10190, 'Z59.0', 'Homelessness', 'tunawisma', '0000-00-00 00:00:00', '0000-00-00 00:00:00'),
(10191, 'Z59.1', 'Inadequate housing', 'perumahan tidak memadai', '0000-00-00 00:00:00', '0000-00-00 00:00:00'),
(10192, 'Z59.2', 'Discord with neighbours, lodgers and landlord', 'Perselisihan dengan tetangga , tumpangan dan pemilik', '0000-00-00 00:00:00', '0000-00-00 00:00:00'),
(10193, 'Z59.3', 'Problems related to living in residential institution', 'Masalah yang terkait dengan hidup di lembaga perumahan', '0000-00-00 00:00:00', '0000-00-00 00:00:00'),
(10194, 'Z59.4', 'Lack of adequate food', 'Kurangnya makanan yang memadai', '0000-00-00 00:00:00', '0000-00-00 00:00:00'),
(10195, 'Z59.5', 'Extreme poverty', 'kemiskinan ekstrim', '0000-00-00 00:00:00', '0000-00-00 00:00:00'),
(10196, 'Z59.6', 'Low income', 'berpenghasilan rendah', '0000-00-00 00:00:00', '0000-00-00 00:00:00'),
(10197, 'Z59.7', 'Insufficient social insurance and welfare support', 'Asuransi sosial dan kesejahteraan Kurangnya dukungan', '0000-00-00 00:00:00', '0000-00-00 00:00:00'),
(10198, 'Z59.8', 'Other problems related to housing and economic circumstances', 'Masalah lain yang berkaitan dengan perumahan dan keadaan ekonomi', '0000-00-00 00:00:00', '0000-00-00 00:00:00'),
(10199, 'Z59.9', 'Problem related to housing and economic circumstances, unspecified', 'Masalah yang berkaitan dengan perumahan dan keadaan ekonomi , tidak spesifik', '0000-00-00 00:00:00', '0000-00-00 00:00:00'),
(10200, 'Z60.0', 'Problems of adjustment to life-cycle transitions', 'Masalah penyesuaian transisi siklus hidup', '0000-00-00 00:00:00', '0000-00-00 00:00:00'),
(10201, 'Z60.1', 'Atypical parenting situation', 'Situasi orangtua Atypical', '0000-00-00 00:00:00', '0000-00-00 00:00:00'),
(10202, 'Z60.2', 'Living alone', 'hidup sendiri', '0000-00-00 00:00:00', '0000-00-00 00:00:00'),
(10203, 'Z60.3', 'Acculturation difficulty', 'kesulitan akulturasi', '0000-00-00 00:00:00', '0000-00-00 00:00:00'),
(10204, 'Z60.4', 'Social exclusion and rejection', 'Pengucilan sosial dan penolakan', '0000-00-00 00:00:00', '0000-00-00 00:00:00'),
(10205, 'Z60.5', 'Target of perceived adverse discrimination and persecution', 'Target diskriminasi yang merugikan dirasakan dan penganiayaan', '0000-00-00 00:00:00', '0000-00-00 00:00:00'),
(10206, 'Z60.8', 'Other problems related to social environment', 'Masalah lain yang berkaitan dengan lingkungan sosial', '0000-00-00 00:00:00', '0000-00-00 00:00:00'),
(10207, 'Z60.9', 'Problem related to social environment, unspecified', 'Masalah yang berkaitan dengan lingkungan sosial , tidak spesifik', '0000-00-00 00:00:00', '0000-00-00 00:00:00'),
(10208, 'Z61.0', 'Loss of love relationship in childhood', 'Kehilangan hubungan cinta di masa kecil', '0000-00-00 00:00:00', '0000-00-00 00:00:00'),
(10209, 'Z61.1', 'Removal from home in childhood', 'Penghapusan dari rumah di masa kanak-kanak', '0000-00-00 00:00:00', '0000-00-00 00:00:00'),
(10210, 'Z61.2', 'Altered pattern of family relationships in childhood', 'Pola Perubahan hubungan keluarga di masa kanak-kanak', '0000-00-00 00:00:00', '0000-00-00 00:00:00'),
(10211, 'Z61.3', 'Events resulting in loss of self-esteem in childhood', 'Acara yang mengakibatkan hilangnya harga diri pada masa kanak-kanak', '0000-00-00 00:00:00', '0000-00-00 00:00:00'),
(10212, 'Z61.4', 'Problems related to alleged sexual abuse of child by person within primary support group', 'Masalah yang terkait dengan dugaan pelecehan seksual terhadap anak yang dilakukan oleh orang dalam kelompok dukungan utama', '0000-00-00 00:00:00', '0000-00-00 00:00:00'),
(10213, 'Z61.5', 'Problems related to alleged sexual abuse of child by person outside primary support group', 'Masalah yang terkait dengan dugaan pelecehan seksual terhadap anak yang dilakukan oleh orang di luar kelompok pendukung utama', '0000-00-00 00:00:00', '0000-00-00 00:00:00'),
(10214, 'Z61.6', 'Problems related to alleged physical abuse of child', 'Masalah yang terkait dengan dugaan penganiayaan fisik anak', '0000-00-00 00:00:00', '0000-00-00 00:00:00'),
(10215, 'Z61.7', 'Personal frightening experience in childhood', 'Pengalaman menakutkan pribadi di masa kecil', '0000-00-00 00:00:00', '0000-00-00 00:00:00'),
(10216, 'Z61.8', 'Other negative life events in childhood', 'Peristiwa kehidupan negatif lainnya di masa kanak-kanak', '0000-00-00 00:00:00', '0000-00-00 00:00:00'),
(10217, 'Z61.9', 'Negative life event in childhood, unspecified', 'Peristiwa hidup yang negatif di masa kecil , tidak spesifik', '0000-00-00 00:00:00', '0000-00-00 00:00:00'),
(10218, 'Z62.0', 'Inadequate parental supervision and control', 'Pengawasan orangtua yang tidak memadai dan kontrol', '0000-00-00 00:00:00', '0000-00-00 00:00:00'),
(10219, 'Z62.1', 'Parental overprotection', 'Parental overprotection', '0000-00-00 00:00:00', '0000-00-00 00:00:00'),
(10220, 'Z62.2', 'Institutional upbringing', 'asuhan institusional', '0000-00-00 00:00:00', '0000-00-00 00:00:00'),
(10221, 'Z62.3', 'Hostility towards and scapegoating of child', 'Permusuhan terhadap dan pengkambinghitaman anak', '0000-00-00 00:00:00', '0000-00-00 00:00:00'),
(10222, 'Z62.4', 'Emotional neglect of child', 'Pengabaian emosional anak', '0000-00-00 00:00:00', '0000-00-00 00:00:00'),
(10223, 'Z62.5', 'Other problems related to neglect in upbringing', 'Masalah lain yang berkaitan dengan kelalaian dalam asuhan', '0000-00-00 00:00:00', '0000-00-00 00:00:00'),
(10224, 'Z62.6', 'Inappropriate parental pressure and other abnormal qualities of upbringing', 'Tekanan orang tua yang tidak pantas dan kualitas abnormal lainnya asuhan', '0000-00-00 00:00:00', '0000-00-00 00:00:00'),
(10225, 'Z62.8', 'Other specified problems related to upbringing', 'Masalah tertentu lainnya yang terkait dengan pendidikan', '0000-00-00 00:00:00', '0000-00-00 00:00:00'),
(10226, 'Z62.9', 'Problem related to upbringing, unspecified', 'Masalah yang berkaitan dengan pendidikan , tidak spesifik', '0000-00-00 00:00:00', '0000-00-00 00:00:00'),
(10227, 'Z63.0', 'Problems in relationship with spouse or partner', 'Masalah dalam hubungan dengan pasangan atau pasangan', '0000-00-00 00:00:00', '0000-00-00 00:00:00'),
(10228, 'Z63.1', 'Problems in relationship with parents and in-laws', 'Masalah dalam hubungan dengan orang tua dan mertua', '0000-00-00 00:00:00', '0000-00-00 00:00:00'),
(10229, 'Z63.2', 'Inadequate family support', 'Dukungan keluarga tidak memadai', '0000-00-00 00:00:00', '0000-00-00 00:00:00'),
(10230, 'Z63.3', 'Absence of family member', 'Tidak adanya anggota keluarga', '0000-00-00 00:00:00', '0000-00-00 00:00:00'),
(10231, 'Z63.4', 'Disappearance and death of family member', 'Penghilangan dan kematian anggota keluarga', '0000-00-00 00:00:00', '0000-00-00 00:00:00'),
(10232, 'Z63.5', 'Disruption of family by separation and divorce', 'Gangguan keluarga dengan pemisahan dan perceraian', '0000-00-00 00:00:00', '0000-00-00 00:00:00'),
(10233, 'Z63.6', 'Dependent relative needing care at home', 'Dependent care membutuhkan relatif di rumah', '0000-00-00 00:00:00', '0000-00-00 00:00:00'),
(10234, 'Z63.7', 'Other stressful life events affecting family and household', 'Peristiwa kehidupan yang penuh stres lain yang mempengaruhi keluarga dan rumah tangga', '0000-00-00 00:00:00', '0000-00-00 00:00:00'),
(10235, 'Z63.8', 'Other specified problems related to primary support group', 'Masalah tertentu lainnya yang terkait dengan kelompok pendukung utama', '0000-00-00 00:00:00', '0000-00-00 00:00:00'),
(10236, 'Z63.9', 'Problem related to primary support group, unspecified', 'Masalah yang berkaitan dengan kelompok pendukung utama , tidak spesifik', '0000-00-00 00:00:00', '0000-00-00 00:00:00'),
(10237, 'Z64.0', 'Problems related to unwanted pregnancy', 'Masalah yang terkait dengan kehamilan yang tidak diinginkan', '0000-00-00 00:00:00', '0000-00-00 00:00:00'),
(10238, 'Z64.1', 'Problems related to multiparity', 'Masalah yang terkait dengan multiparitas', '0000-00-00 00:00:00', '0000-00-00 00:00:00'),
(10239, 'Z64.2', 'Seeking and accepting physical, nutritional and chemical interventions known to be hazardous and harmful', 'Mencari dan menerima intervensi fisik , gizi dan kimia yang diketahui berbahaya dan berbahaya', '0000-00-00 00:00:00', '0000-00-00 00:00:00'),
(10240, 'Z64.3', 'Seeking and accepting behavioural and psychological interventions known to be hazardous and harmful', 'Mencari dan menerima intervensi perilaku dan psikologis yang diketahui berbahaya dan berbahaya', '0000-00-00 00:00:00', '0000-00-00 00:00:00'),
(10241, 'Z64.4', 'Discord with counsellors', 'Perselisihan dengan konselor', '0000-00-00 00:00:00', '0000-00-00 00:00:00'),
(10242, 'Z65.0', 'Conviction in civil and criminal proceedings without imprisonment', 'Keyakinan dalam proses perdata dan pidana penjara tanpa', '0000-00-00 00:00:00', '0000-00-00 00:00:00'),
(10243, 'Z65.1', 'Imprisonment and other incarceration', 'Penahanan dan penahanan lainnya', '0000-00-00 00:00:00', '0000-00-00 00:00:00'),
(10244, 'Z65.2', 'Problems related to release from prison', 'Masalah yang terkait untuk melepaskan dari penjara', '0000-00-00 00:00:00', '0000-00-00 00:00:00'),
(10245, 'Z65.3', 'Problems related to other legal circumstances', 'Masalah yang terkait dengan keadaan hukum lainnya', '0000-00-00 00:00:00', '0000-00-00 00:00:00'),
(10246, 'Z65.4', 'Victim of crime and terrorism', 'Korban kejahatan dan terorisme', '0000-00-00 00:00:00', '0000-00-00 00:00:00'),
(10247, 'Z65.5', 'Exposure to disaster, war and other hostilities', 'Paparan bencana , perang dan permusuhan lainnya', '0000-00-00 00:00:00', '0000-00-00 00:00:00'),
(10248, 'Z65.8', 'Other specified problems related to psychosocial circumstances', 'Masalah tertentu lainnya yang berhubungan dengan keadaan psikososial', '0000-00-00 00:00:00', '0000-00-00 00:00:00'),
(10249, 'Z65.9', 'Problem related to unspecified psychosocial circumstances', 'Masalah yang berkaitan dengan situasi psikososial yang tidak spesifik', '0000-00-00 00:00:00', '0000-00-00 00:00:00'),
(10250, 'Z70.0', 'Counselling related to sexual attitude', 'Konseling yang berkaitan dengan sikap seksual', '0000-00-00 00:00:00', '0000-00-00 00:00:00'),
(10251, 'Z70.1', 'Counselling related to patients sexual behaviour and orientation', 'Konseling yang berkaitan dengan pasien perilaku seksual dan orientasi', '0000-00-00 00:00:00', '0000-00-00 00:00:00'),
(10252, 'Z70.2', 'Counselling related to sexual behaviour and orientation of third party', 'Konseling yang berkaitan dengan perilaku seksual dan orientasi pihak ketiga', '0000-00-00 00:00:00', '0000-00-00 00:00:00'),
(10253, 'Z70.3', 'Counselling related to combined concerns regarding sexual attitude, behaviour and orientation', 'Konseling yang berkaitan dengan keprihatinan gabungan mengenai sikap seksual , perilaku dan orientasi', '0000-00-00 00:00:00', '0000-00-00 00:00:00'),
(10254, 'Z70.8', 'Other sex counselling', 'Konseling seks lainnya', '0000-00-00 00:00:00', '0000-00-00 00:00:00'),
(10255, 'Z70.9', 'Sex counselling, unspecified', 'Konseling seks , tidak spesifik', '0000-00-00 00:00:00', '0000-00-00 00:00:00'),
(10256, 'Z71.0', 'Person consulting on behalf of another person', 'Konsultasi orang atas nama orang lain', '0000-00-00 00:00:00', '0000-00-00 00:00:00'),
(10257, 'Z71.1', 'Person with feared complaint in whom no diagnosis is made', 'Orang dengan takut keluhan di antaranya tidak ada diagnosis dibuat', '0000-00-00 00:00:00', '0000-00-00 00:00:00'),
(10258, 'Z71.2', 'Person consulting for explanation of investigation findings', 'Orang konsultasi untuk penjelasan temuan investigasi', '0000-00-00 00:00:00', '0000-00-00 00:00:00'),
(10259, 'Z71.3', 'Dietary counselling and surveillance', 'Konseling dan pengawasan diet', '0000-00-00 00:00:00', '0000-00-00 00:00:00'),
(10260, 'Z71.4', 'Alcohol abuse counselling and surveillance', 'Penyalahgunaan alkohol konseling dan pengawasan', '0000-00-00 00:00:00', '0000-00-00 00:00:00'),
(10261, 'Z71.5', 'Drug abuse counselling and surveillance', 'Penyalahgunaan narkoba konseling dan pengawasan', '0000-00-00 00:00:00', '0000-00-00 00:00:00'),
(10262, 'Z71.6', 'Tobacco abuse counselling', 'Penyalahgunaan tembakau konseling', '0000-00-00 00:00:00', '0000-00-00 00:00:00'),
(10263, 'Z71.7', 'Human immunodeficiency virus [HIV] counselling', 'Human immunodeficiency virus [ HIV ] konseling', '0000-00-00 00:00:00', '0000-00-00 00:00:00'),
(10264, 'Z71.8', 'Other specified counselling', 'Konseling tertentu lainnya', '0000-00-00 00:00:00', '0000-00-00 00:00:00'),
(10265, 'Z71.9', 'Counselling, unspecified', 'Konseling , tidak spesifik', '0000-00-00 00:00:00', '0000-00-00 00:00:00'),
(10266, 'Z72.0', 'Tobacco use', 'penggunaan tembakau', '0000-00-00 00:00:00', '0000-00-00 00:00:00'),
(10267, 'Z72.1', 'Alcohol use', 'penggunaan alkohol', '0000-00-00 00:00:00', '0000-00-00 00:00:00'),
(10268, 'Z72.2', 'Drug use', 'penggunaan narkoba', '0000-00-00 00:00:00', '0000-00-00 00:00:00'),
(10269, 'Z72.3', 'Lack of physical exercise', 'Kurangnya latihan fisik', '0000-00-00 00:00:00', '0000-00-00 00:00:00'),
(10270, 'Z72.4', 'Inappropriate diet and eating habits', 'Diet dan makan kebiasaan tidak pantas', '0000-00-00 00:00:00', '0000-00-00 00:00:00'),
(10271, 'Z72.5', 'High-risk sexual behaviour', '', '0000-00-00 00:00:00', '0000-00-00 00:00:00');
INSERT INTO `icd` (`id`, `kode`, `diagnosa`, `deskripsi`, `on_create`, `on_update`) VALUES
(10272, 'Z72.6', 'Gambling and betting', 'Judi dan taruhan', '0000-00-00 00:00:00', '0000-00-00 00:00:00'),
(10273, 'Z72.8', 'Other problems related to lifestyle', 'Masalah lain yang berhubungan dengan gaya hidup', '0000-00-00 00:00:00', '0000-00-00 00:00:00'),
(10274, 'Z72.9', 'Problem related to lifestyle, unspecified', 'Masalah yang berkaitan dengan gaya hidup , tidak spesifik', '0000-00-00 00:00:00', '0000-00-00 00:00:00'),
(10275, 'Z73.0', 'Burn-out', 'Burn- out', '0000-00-00 00:00:00', '0000-00-00 00:00:00'),
(10276, 'Z73.1', 'Accentuation of personality traits', 'Aksentuasi ciri-ciri kepribadian', '0000-00-00 00:00:00', '0000-00-00 00:00:00'),
(10277, 'Z73.2', 'Lack of relaxation and leisure', 'Kurangnya relaksasi dan rekreasi', '0000-00-00 00:00:00', '0000-00-00 00:00:00'),
(10278, 'Z73.3', 'Stress, not elsewhere classified', 'Stres , tidak diklasifikasikan di tempat lain', '0000-00-00 00:00:00', '0000-00-00 00:00:00'),
(10279, 'Z73.4', 'Inadequate social skills, not elsewhere classified', 'Keterampilan sosial yang tidak memadai , tidak diklasifikasikan di tempat lain', '0000-00-00 00:00:00', '0000-00-00 00:00:00'),
(10280, 'Z73.5', 'Social role conflict, not elsewhere classified', 'Konflik peran sosial , tidak diklasifikasikan di tempat lain', '0000-00-00 00:00:00', '0000-00-00 00:00:00'),
(10281, 'Z73.6', 'Limitation of activities due to disability', 'Batasan kegiatan karena cacat', '0000-00-00 00:00:00', '0000-00-00 00:00:00'),
(10282, 'Z73.8', 'Other problems related to life-management difficulty', 'Masalah lain yang berkaitan dengan kesulitan hidup - manajemen', '0000-00-00 00:00:00', '0000-00-00 00:00:00'),
(10283, 'Z73.9', 'Problem related to life-management difficulty, unspecified', 'Masalah yang berkaitan dengan kesulitan hidup - manajemen , tidak spesifik', '0000-00-00 00:00:00', '0000-00-00 00:00:00'),
(10284, 'Z74.0', 'Reduced mobility', 'sulit gerak', '0000-00-00 00:00:00', '0000-00-00 00:00:00'),
(10285, 'Z74.1', 'Need for assistance with personal care', 'Butuh bantuan dengan perawatan pribadi', '0000-00-00 00:00:00', '0000-00-00 00:00:00'),
(10286, 'Z74.2', 'Need for assistance at home and no other household member able to render care', 'Butuh bantuan di rumah dan tidak ada anggota rumah tangga lainnya mampu membuat perawatan', '0000-00-00 00:00:00', '0000-00-00 00:00:00'),
(10287, 'Z74.3', 'Need for continuous supervision', 'Perlu pengawasan terus menerus', '0000-00-00 00:00:00', '0000-00-00 00:00:00'),
(10288, 'Z74.8', 'Other problems related to care-provider dependency', 'Masalah lain yang berkaitan dengan perawatan - penyedia ketergantungan', '0000-00-00 00:00:00', '0000-00-00 00:00:00'),
(10289, 'Z74.9', 'Problem related to care-provider dependency, unspecified', 'Masalah yang berkaitan ketergantungan peduli - provider , tidak spesifik', '0000-00-00 00:00:00', '0000-00-00 00:00:00'),
(10290, 'Z75.0', 'Medical services not available in home', 'Pelayanan medis tidak tersedia di rumah', '0000-00-00 00:00:00', '0000-00-00 00:00:00'),
(10291, 'Z75.1', 'Person awaiting admission to adequate facility elsewhere', 'Orang menunggu masuk ke fasilitas yang memadai di tempat lain', '0000-00-00 00:00:00', '0000-00-00 00:00:00'),
(10292, 'Z75.2', 'Other waiting period for investigation and treatment', 'Masa tunggu lainnya untuk penyelidikan dan pengobatan', '0000-00-00 00:00:00', '0000-00-00 00:00:00'),
(10293, 'Z75.3', 'Unavailability and inaccessibility of health-care facilities', 'Ketidaktersediaan dan tidak dapat diaksesnya fasilitas pelayanan kesehatan', '0000-00-00 00:00:00', '0000-00-00 00:00:00'),
(10294, 'Z75.4', 'Unavailability and inaccessibility of other helping agencies', 'Ketidaktersediaan dan tidak dapat diaksesnya lembaga lain membantu', '0000-00-00 00:00:00', '0000-00-00 00:00:00'),
(10295, 'Z75.5', 'Holiday relief care', 'Perawatan lega liburan', '0000-00-00 00:00:00', '0000-00-00 00:00:00'),
(10296, 'Z75.8', 'Other problems related to medical facilities and other health care', 'Masalah lain yang berkaitan dengan fasilitas medis dan perawatan kesehatan lainnya', '0000-00-00 00:00:00', '0000-00-00 00:00:00'),
(10297, 'Z75.9', 'Unspecified problem related to medical facilities and other health care', 'Tidak disebutkan masalah yang berkaitan dengan fasilitas medis dan perawatan kesehatan lainnya', '0000-00-00 00:00:00', '0000-00-00 00:00:00'),
(10298, 'Z76.0', 'Issue of repeat prescription', 'Isu resep ulangi', '0000-00-00 00:00:00', '0000-00-00 00:00:00'),
(10299, 'Z76.1', 'Health supervision and care of foundling', 'Pengawasan kesehatan dan perawatan bayi terlantar', '0000-00-00 00:00:00', '0000-00-00 00:00:00'),
(10300, 'Z76.2', 'Health supervision and care of other healthy infant and child', 'Pengawasan kesehatan dan perawatan bayi sehat lainnya dan anak', '0000-00-00 00:00:00', '0000-00-00 00:00:00'),
(10301, 'Z76.3', 'Healthy person accompanying sick person', 'Orang yang sehat menyertai orang sakit', '0000-00-00 00:00:00', '0000-00-00 00:00:00'),
(10302, 'Z76.4', 'Other boarder in health-care facility', 'Asrama lain di fasilitas pelayanan kesehatan', '0000-00-00 00:00:00', '0000-00-00 00:00:00'),
(10303, 'Z76.5', 'Malingerer [conscious simulation]', 'Pura-pura [ simulasi sadar ]', '0000-00-00 00:00:00', '0000-00-00 00:00:00'),
(10304, 'Z76.8', 'Persons encountering health services in other specified circumstances', 'Orang menghadapi pelayanan kesehatan dalam keadaan tertentu lainnya', '0000-00-00 00:00:00', '0000-00-00 00:00:00'),
(10305, 'Z76.9', 'Person encountering health services in unspecified circumstances', 'Orang menghadapi pelayanan kesehatan dalam keadaan yang tidak spesifik', '0000-00-00 00:00:00', '0000-00-00 00:00:00'),
(10306, 'Z80.0', 'Family history of malignant neoplasm of digestive organs', 'Riwayat keluarga neoplasma ganas organ pencernaan', '0000-00-00 00:00:00', '0000-00-00 00:00:00'),
(10307, 'Z80.1', 'Family history of malignant neoplasm of trachea, bronchus and lung', 'Riwayat keluarga neoplasma ganas trakea , bronkus dan paru-paru', '0000-00-00 00:00:00', '0000-00-00 00:00:00'),
(10308, 'Z80.2', 'Family history of malignant neoplasm of other respiratory and intrathoracic organs', 'Riwayat keluarga neoplasma ganas organ pernapasan dan intrathoracic lainnya', '0000-00-00 00:00:00', '0000-00-00 00:00:00'),
(10309, 'Z80.3', 'Family history of malignant neoplasm of breast', 'Riwayat keluarga neoplasma ganas payudara', '0000-00-00 00:00:00', '0000-00-00 00:00:00'),
(10310, 'Z80.4', 'Family history of malignant neoplasm of genital organs', 'Riwayat keluarga neoplasma ganas organ genital', '0000-00-00 00:00:00', '0000-00-00 00:00:00'),
(10311, 'Z80.5', 'Family history of malignant neoplasm of urinary tract', 'Riwayat keluarga neoplasma ganas dari saluran kemih', '0000-00-00 00:00:00', '0000-00-00 00:00:00'),
(10312, 'Z80.6', 'Family history of leukaemia', 'Riwayat keluarga leukemia', '0000-00-00 00:00:00', '0000-00-00 00:00:00'),
(10313, 'Z80.7', 'Family history of other malignant neoplasms of lymphoid, haematopoietic and related tissues', 'Riwayat keluarga neoplasma ganas lainnya limfoid , haematopoietic dan jaringan terkait', '0000-00-00 00:00:00', '0000-00-00 00:00:00'),
(10314, 'Z80.8', 'Family history of malignant neoplasm of other organs or systems', 'Riwayat keluarga neoplasma ganas organ atau sistem lain', '0000-00-00 00:00:00', '0000-00-00 00:00:00'),
(10315, 'Z80.9', 'Family history of malignant neoplasm, unspecified', 'Riwayat keluarga neoplasma ganas , tidak spesifik', '0000-00-00 00:00:00', '0000-00-00 00:00:00'),
(10316, 'Z81.0', 'Family history of mental retardation', 'Riwayat keluarga keterbelakangan mental', '0000-00-00 00:00:00', '0000-00-00 00:00:00'),
(10317, 'Z81.1', 'Family history of alcohol abuse', 'Riwayat keluarga penyalahgunaan alkohol', '0000-00-00 00:00:00', '0000-00-00 00:00:00'),
(10318, 'Z81.2', 'Family history of tobacco abuse', 'Riwayat keluarga penyalahgunaan tembakau', '0000-00-00 00:00:00', '0000-00-00 00:00:00'),
(10319, 'Z81.3', 'Family history of other psychoactive substance abuse', 'Riwayat keluarga penyalahgunaan zat psikoaktif lainnya', '0000-00-00 00:00:00', '0000-00-00 00:00:00'),
(10320, 'Z81.4', 'Family history of other substance abuse', 'Riwayat keluarga penyalahgunaan zat lainnya', '0000-00-00 00:00:00', '0000-00-00 00:00:00'),
(10321, 'Z81.8', 'Family history of other mental and behavioural disorders', 'Riwayat keluarga gangguan mental dan perilaku lainnya', '0000-00-00 00:00:00', '0000-00-00 00:00:00'),
(10322, 'Z82.0', 'Family history of epilepsy and other diseases of the nervous system', 'Riwayat keluarga epilepsi dan penyakit lain dari sistem saraf', '0000-00-00 00:00:00', '0000-00-00 00:00:00'),
(10323, 'Z82.1', 'Family history of blindness and visual loss', 'Riwayat keluarga kebutaan dan kehilangan penglihatan', '0000-00-00 00:00:00', '0000-00-00 00:00:00'),
(10324, 'Z82.2', 'Family history of deafness and hearing loss', 'Riwayat keluarga ketulian dan gangguan pendengaran', '0000-00-00 00:00:00', '0000-00-00 00:00:00'),
(10325, 'Z82.3', 'Family history of stroke', 'Riwayat keluarga stroke', '0000-00-00 00:00:00', '0000-00-00 00:00:00'),
(10326, 'Z82.4', 'Family history of ischaemic heart disease and other diseases of the circulatory system', 'Riwayat keluarga penyakit jantung iskemik dan penyakit lainnya dari sistem peredaran darah', '0000-00-00 00:00:00', '0000-00-00 00:00:00'),
(10327, 'Z82.5', 'Family history of asthma and other chronic lower respiratory diseases', 'Riwayat keluarga asma dan penyakit pernapasan kronis yang lebih rendah lainnya', '0000-00-00 00:00:00', '0000-00-00 00:00:00'),
(10328, 'Z82.6', 'Family history of arthritis and other diseases of the musculoskeletal system and connective tissue', 'Riwayat keluarga arthritis dan penyakit lain dari sistem muskuloskeletal dan jaringan ikat', '0000-00-00 00:00:00', '0000-00-00 00:00:00'),
(10329, 'Z82.7', 'Family history of congenital malformations, deformations and chromosomal abnormalities', 'Riwayat keluarga malformasi kongenital , deformasi dan kelainan kromosom', '0000-00-00 00:00:00', '0000-00-00 00:00:00'),
(10330, 'Z82.8', 'Family history of other disabilities and chronic diseases leading to disablement, not elsewhere classified', 'Riwayat keluarga cacat lainnya dan penyakit kronis yang menyebabkan cacat , tidak diklasifikasikan di tempat lain', '0000-00-00 00:00:00', '0000-00-00 00:00:00'),
(10331, 'Z83.0', 'Family history of human immunodeficiency virus [HIV] disease', 'Riwayat keluarga manusia immunodeficiency virus [ HIV ] penyakit', '0000-00-00 00:00:00', '0000-00-00 00:00:00'),
(10332, 'Z83.1', 'Family history of other infectious and parasitic diseases', 'Riwayat keluarga penyakit infeksi dan parasit lainnya', '0000-00-00 00:00:00', '0000-00-00 00:00:00'),
(10333, 'Z83.2', 'Family history of diseases of the blood and blood-forming organs and certain disorders involving the immune mechanism', 'Riwayat keluarga penyakit darah dan organ pembentuk darah dan gangguan tertentu yang melibatkan mekanisme kekebalan', '0000-00-00 00:00:00', '0000-00-00 00:00:00'),
(10334, 'Z83.3', 'Family history of diabetes mellitus', 'Riwayat keluarga diabetes mellitus', '0000-00-00 00:00:00', '0000-00-00 00:00:00'),
(10335, 'Z83.4', 'Family history of other endocrine, nutritional and metabolic diseases', 'Riwayat keluarga endokrin lainnya , penyakit nutrisi dan metabolik', '0000-00-00 00:00:00', '0000-00-00 00:00:00'),
(10336, 'Z83.5', 'Family history of eye and ear disorders', 'Riwayat keluarga gangguan mata dan telinga', '0000-00-00 00:00:00', '0000-00-00 00:00:00'),
(10337, 'Z83.6', 'Family history of diseases of the respiratory system', 'Riwayat keluarga penyakit pada sistem pernapasan', '0000-00-00 00:00:00', '0000-00-00 00:00:00'),
(10338, 'Z83.7', 'Family history of diseases of the digestive system', 'Riwayat keluarga penyakit pada sistem pencernaan', '0000-00-00 00:00:00', '0000-00-00 00:00:00'),
(10339, 'Z84.0', 'Family history of diseases of the skin and subcutaneous tissue', 'Riwayat keluarga penyakit kulit dan jaringan subkutan', '0000-00-00 00:00:00', '0000-00-00 00:00:00'),
(10340, 'Z84.1', 'Family history of disorders of kidney and ureter', 'Riwayat keluarga gangguan ginjal dan ureter', '0000-00-00 00:00:00', '0000-00-00 00:00:00'),
(10341, 'Z84.2', 'Family history of other diseases of the genitourinary system', 'Riwayat keluarga penyakit lain dari sistem genitourinari', '0000-00-00 00:00:00', '0000-00-00 00:00:00'),
(10342, 'Z84.3', 'Family history of consanguinity', 'Riwayat keluarga kerabat', '0000-00-00 00:00:00', '0000-00-00 00:00:00'),
(10343, 'Z84.8', 'Family history of other specified conditions', 'Riwayat keluarga kondisi tertentu lainnya', '0000-00-00 00:00:00', '0000-00-00 00:00:00'),
(10344, 'Z85.0', 'Personal history of malignant neoplasm of digestive organs', 'Sejarah pribadi neoplasma ganas organ pencernaan', '0000-00-00 00:00:00', '0000-00-00 00:00:00'),
(10345, 'Z85.1', 'Personal history of malignant neoplasm of trachea, bronchus and lung', 'Sejarah pribadi neoplasma ganas trakea , bronkus dan paru-paru', '0000-00-00 00:00:00', '0000-00-00 00:00:00'),
(10346, 'Z85.2', 'Personal history of malignant neoplasm of other respiratory and intrathoracic organs', 'Sejarah pribadi neoplasma ganas organ pernapasan dan intrathoracic lainnya', '0000-00-00 00:00:00', '0000-00-00 00:00:00'),
(10347, 'Z85.3', 'Personal history of malignant neoplasm of breast', 'Sejarah pribadi neoplasma ganas payudara', '0000-00-00 00:00:00', '0000-00-00 00:00:00'),
(10348, 'Z85.4', 'Personal history of malignant neoplasm of genital organs', 'Sejarah pribadi neoplasma ganas organ genital', '0000-00-00 00:00:00', '0000-00-00 00:00:00'),
(10349, 'Z85.5', 'Personal history of malignant neoplasm of urinary tract', 'Sejarah pribadi neoplasma ganas dari saluran kemih', '0000-00-00 00:00:00', '0000-00-00 00:00:00'),
(10350, 'Z85.6', 'Personal history of leukaemia', 'Sejarah pribadi leukemia', '0000-00-00 00:00:00', '0000-00-00 00:00:00'),
(10351, 'Z85.7', 'Personal history of other malignant neoplasms of lymphoid, haematopoietic and related tissues', 'Sejarah pribadi neoplasma ganas lainnya limfoid , haematopoietic dan jaringan terkait', '0000-00-00 00:00:00', '0000-00-00 00:00:00'),
(10352, 'Z85.8', 'Personal history of malignant neoplasms of other organs and systems', 'Sejarah pribadi neoplasma ganas organ dan sistem lainnya', '0000-00-00 00:00:00', '0000-00-00 00:00:00'),
(10353, 'Z85.9', 'Personal history of malignant neoplasm, unspecified', 'Sejarah pribadi neoplasma ganas , tidak spesifik', '0000-00-00 00:00:00', '0000-00-00 00:00:00'),
(10354, 'Z86.0', 'Personal history of other neoplasms', 'Sejarah pribadi neoplasma lainnya', '0000-00-00 00:00:00', '0000-00-00 00:00:00'),
(10355, 'Z86.1', 'Personal history of infectious and parasitic diseases', 'Sejarah pribadi penyakit infeksi dan parasit', '0000-00-00 00:00:00', '0000-00-00 00:00:00'),
(10356, 'Z86.2', 'Personal history of diseases of the blood and blood-forming organs and certain disorders involving the immune mechanism', 'Sejarah pribadi penyakit darah dan organ pembentuk darah dan gangguan tertentu yang melibatkan mekanisme kekebalan', '0000-00-00 00:00:00', '0000-00-00 00:00:00'),
(10357, 'Z86.3', 'Personal history of endocrine, nutritional and metabolic diseases', 'Sejarah pribadi endokrin , penyakit nutrisi dan metabolik', '0000-00-00 00:00:00', '0000-00-00 00:00:00'),
(10358, 'Z86.4', 'Personal history of psychoactive substance abuse', 'Sejarah pribadi penyalahgunaan zat psikoaktif', '0000-00-00 00:00:00', '0000-00-00 00:00:00'),
(10359, 'Z86.5', 'Personal history of other mental and behavioural disorders', 'Sejarah pribadi gangguan mental dan perilaku lainnya', '0000-00-00 00:00:00', '0000-00-00 00:00:00'),
(10360, 'Z86.6', 'Personal history of diseases of the nervous system and sense organs', 'Sejarah pribadi penyakit pada sistem saraf dan organ-organ indera', '0000-00-00 00:00:00', '0000-00-00 00:00:00'),
(10361, 'Z86.7', 'Personal history of diseases of the circulatory system', 'Sejarah pribadi penyakit pada sistem peredaran darah', '0000-00-00 00:00:00', '0000-00-00 00:00:00'),
(10362, 'Z87.0', 'Personal history of diseases of the respiratory system', 'Sejarah pribadi penyakit pada sistem pernapasan', '0000-00-00 00:00:00', '0000-00-00 00:00:00'),
(10363, 'Z87.1', 'Personal history of diseases of the digestive system', 'Sejarah pribadi penyakit pada sistem pencernaan', '0000-00-00 00:00:00', '0000-00-00 00:00:00'),
(10364, 'Z87.2', 'Personal history of diseases of the skin and subcutaneous tissue', 'Sejarah pribadi penyakit pada kulit dan jaringan subkutan', '0000-00-00 00:00:00', '0000-00-00 00:00:00'),
(10365, 'Z87.3', 'Personal history of diseases of the musculoskeletal system and connective tissue', 'Sejarah pribadi penyakit pada sistem muskuloskeletal dan jaringan ikat', '0000-00-00 00:00:00', '0000-00-00 00:00:00'),
(10366, 'Z87.4', 'Personal history of diseases of the genitourinary system', 'Sejarah pribadi penyakit pada sistem genitourinary', '0000-00-00 00:00:00', '0000-00-00 00:00:00'),
(10367, 'Z87.5', 'Personal history of complications of pregnancy, childbirth and the puerperium', 'Sejarah pribadi komplikasi kehamilan , persalinan dan masa nifas', '0000-00-00 00:00:00', '0000-00-00 00:00:00'),
(10368, 'Z87.6', 'Personal history of certain conditions arising in the perinatal period', 'Sejarah pribadi kondisi tertentu yang timbul pada periode perinatal', '0000-00-00 00:00:00', '0000-00-00 00:00:00'),
(10369, 'Z87.7', 'Personal history of congenital malformations, deformations and chromosomal abnormalities', 'Sejarah pribadi malformasi kongenital , deformasi dan kelainan kromosom', '0000-00-00 00:00:00', '0000-00-00 00:00:00'),
(10370, 'Z87.8', 'Personal history of other specified conditions', 'Sejarah pribadi kondisi tertentu lainnya', '0000-00-00 00:00:00', '0000-00-00 00:00:00'),
(10371, 'Z88.0', 'Personal history of allergy to penicillin', 'Sejarah pribadi alergi terhadap penisilin', '0000-00-00 00:00:00', '0000-00-00 00:00:00'),
(10372, 'Z88.1', 'Personal history of allergy to other antibiotic agents', 'Sejarah pribadi alergi terhadap agen antibiotik lainnya', '0000-00-00 00:00:00', '0000-00-00 00:00:00'),
(10373, 'Z88.2', 'Personal history of allergy to sulfonamides', 'Sejarah pribadi alergi terhadap sulfonamid', '0000-00-00 00:00:00', '0000-00-00 00:00:00'),
(10374, 'Z88.3', 'Personal history of allergy to other anti-infective agents', 'Sejarah pribadi alergi terhadap agen anti - infeksi lainnya', '0000-00-00 00:00:00', '0000-00-00 00:00:00'),
(10375, 'Z88.4', 'Personal history of allergy to anaesthetic agent', 'Sejarah pribadi alergi terhadap agen anestesi', '0000-00-00 00:00:00', '0000-00-00 00:00:00'),
(10376, 'Z88.5', 'Personal history of allergy to narcotic agent', 'Sejarah pribadi alergi terhadap agen narkotika', '0000-00-00 00:00:00', '0000-00-00 00:00:00'),
(10377, 'Z88.6', 'Personal history of allergy to analgesic agent', 'Sejarah pribadi alergi terhadap agen analgesik', '0000-00-00 00:00:00', '0000-00-00 00:00:00'),
(10378, 'Z88.7', 'Personal history of allergy to serum and vaccine', 'Sejarah pribadi alergi terhadap serum dan vaksin', '0000-00-00 00:00:00', '0000-00-00 00:00:00'),
(10379, 'Z88.8', 'Personal history of allergy to other drugs, medicaments and biological substances', 'Sejarah pribadi alergi terhadap obat lain , obat-obatan dan bahan biologi', '0000-00-00 00:00:00', '0000-00-00 00:00:00'),
(10380, 'Z88.9', 'Personal history of allergy to unspecified drugs, medicaments and biological substances', 'Sejarah pribadi alergi terhadap obat yang tidak spesifik , obat-obatan dan bahan biologi', '0000-00-00 00:00:00', '0000-00-00 00:00:00'),
(10381, 'Z89.0', 'Acquired absence of finger(s) [including thumb], unilateral', 'Adanya Acquired jari ( s ) [ termasuk ibu jari ] , unilateral', '0000-00-00 00:00:00', '0000-00-00 00:00:00'),
(10382, 'Z89.1', 'Acquired absence of hand and wrist', 'Adanya Acquired tangan dan pergelangan tangan', '0000-00-00 00:00:00', '0000-00-00 00:00:00'),
(10383, 'Z89.2', 'Acquired absence of upper limb above wrist', 'Adanya Acquired dari ekstremitas atas di atas pergelangan tangan', '0000-00-00 00:00:00', '0000-00-00 00:00:00'),
(10384, 'Z89.3', 'Acquired absence of both upper limbs [any level]', 'Adanya Acquired kedua tungkai atas [ tingkat manapun ]', '0000-00-00 00:00:00', '0000-00-00 00:00:00'),
(10385, 'Z89.4', 'Acquired absence of foot and ankle', 'Adanya Acquired kaki dan pergelangan kaki', '0000-00-00 00:00:00', '0000-00-00 00:00:00'),
(10386, 'Z89.5', 'Acquired absence of leg at or below knee', 'Adanya Acquired kaki pada atau di bawah lutut', '0000-00-00 00:00:00', '0000-00-00 00:00:00'),
(10387, 'Z89.6', 'Acquired absence of leg above knee', 'Adanya Acquired kaki di atas lutut', '0000-00-00 00:00:00', '0000-00-00 00:00:00'),
(10388, 'Z89.7', 'Acquired absence of both lower limbs [any level, except toes alone]', 'Adanya Acquired kedua tungkai bawah [ tingkat manapun , kecuali jari kaki saja ]', '0000-00-00 00:00:00', '0000-00-00 00:00:00'),
(10389, 'Z89.8', 'Acquired absence of upper and lower limbs [any level]', 'Acquired adanya anggota badan atas dan bawah [ tingkat manapun ]', '0000-00-00 00:00:00', '0000-00-00 00:00:00'),
(10390, 'Z89.9', 'Acquired absence of limb, unspecified', 'Acquired adanya anggota badan , tidak spesifik', '0000-00-00 00:00:00', '0000-00-00 00:00:00'),
(10391, 'Z90.0', 'Acquired absence of part of head and neck', 'Adanya Acquired bagian kepala dan leher', '0000-00-00 00:00:00', '0000-00-00 00:00:00'),
(10392, 'Z90.1', 'Acquired absence of breast(s)', 'Adanya Acquired payudara ( s )', '0000-00-00 00:00:00', '0000-00-00 00:00:00'),
(10393, 'Z90.2', 'Acquired absence of lung [part of]', 'Adanya Acquired paru-paru [ bagian ]', '0000-00-00 00:00:00', '0000-00-00 00:00:00'),
(10394, 'Z90.3', 'Acquired absence of part of stomach', 'Adanya Acquired dari bagian perut', '0000-00-00 00:00:00', '0000-00-00 00:00:00'),
(10395, 'Z90.4', 'Acquired absence of other parts of digestive tract', 'Adanya Acquired dari bagian lain dari saluran pencernaan', '0000-00-00 00:00:00', '0000-00-00 00:00:00'),
(10396, 'Z90.5', 'Acquired absence of kidney', 'Adanya Acquired ginjal', '0000-00-00 00:00:00', '0000-00-00 00:00:00'),
(10397, 'Z90.6', 'Acquired absence of other organs of urinary tract', 'Acquired adanya organ lain dari saluran kemih', '0000-00-00 00:00:00', '0000-00-00 00:00:00'),
(10398, 'Z90.7', 'Acquired absence of genital organ(s)', 'Adanya Acquired organ genital ( s )', '0000-00-00 00:00:00', '0000-00-00 00:00:00'),
(10399, 'Z90.8', 'Acquired absence of other organs', 'Acquired adanya organ lain', '0000-00-00 00:00:00', '0000-00-00 00:00:00'),
(10400, 'Z91.0', 'Personal history of allergy, other than to drugs and biological substances', 'Sejarah pribadi alergi , selain untuk obat-obatan dan bahan biologi', '0000-00-00 00:00:00', '0000-00-00 00:00:00'),
(10401, 'Z91.1', 'Personal history of noncompliance with medical treatment and regimen', 'Sejarah pribadi ketidakpatuhan dengan pengobatan medis dan regimen', '0000-00-00 00:00:00', '0000-00-00 00:00:00'),
(10402, 'Z91.2', 'Personal history of poor personal hygiene', 'Sejarah pribadi kebersihan pribadi yang buruk', '0000-00-00 00:00:00', '0000-00-00 00:00:00'),
(10403, 'Z91.3', 'Personal history of unhealthy sleep-wake schedule', 'Sejarah pribadi jadwal tidur-bangun yang tidak sehat', '0000-00-00 00:00:00', '0000-00-00 00:00:00'),
(10404, 'Z91.4', 'Personal history of psychological trauma, not elsewhere classified', 'Sejarah pribadi trauma psikologis , tidak diklasifikasikan di tempat lain', '0000-00-00 00:00:00', '0000-00-00 00:00:00'),
(10405, 'Z91.5', 'Personal history of self-harm', 'Sejarah pribadi merugikan diri', '0000-00-00 00:00:00', '0000-00-00 00:00:00'),
(10406, 'Z91.6', 'Personal history of other physical trauma', 'Sejarah pribadi trauma fisik lainnya', '0000-00-00 00:00:00', '0000-00-00 00:00:00'),
(10407, 'Z91.8', 'Personal history of other specified risk-factors, not elsewhere classified', 'Sejarah pribadi risiko - faktor tertentu lainnya , tidak diklasifikasikan di tempat lain', '0000-00-00 00:00:00', '0000-00-00 00:00:00'),
(10408, 'Z92.0', 'Personal history of contraception', 'Sejarah pribadi kontrasepsi', '0000-00-00 00:00:00', '0000-00-00 00:00:00'),
(10409, 'Z92.1', 'Personal history of long-term (current) use of anticoagulants', 'Sejarah pribadi jangka panjang digunakan ( saat ini ) antikoagulan', '0000-00-00 00:00:00', '0000-00-00 00:00:00'),
(10410, 'Z92.2', 'Personal history of long-term (current) use of other medicaments', 'Sejarah pribadi jangka panjang digunakan ( saat ini ) dari obat-obatan lain', '0000-00-00 00:00:00', '0000-00-00 00:00:00'),
(10411, 'Z92.3', 'Personal history of irradiation', 'Sejarah pribadi iradiasi', '0000-00-00 00:00:00', '0000-00-00 00:00:00'),
(10412, 'Z92.4', 'Personal history of major surgery, not elsewhere classified', 'Sejarah pribadi operasi besar , tidak diklasifikasikan di tempat lain', '0000-00-00 00:00:00', '0000-00-00 00:00:00'),
(10413, 'Z92.5', 'Personal history of rehabilitation measures', 'Sejarah pribadi langkah-langkah rehabilitasi', '0000-00-00 00:00:00', '0000-00-00 00:00:00'),
(10414, 'Z92.8', 'Personal history of other medical treatment', 'Sejarah pribadi perawatan medis lainnya', '0000-00-00 00:00:00', '0000-00-00 00:00:00'),
(10415, 'Z92.9', 'Personal history of medical treatment, unspecified', 'Sejarah pribadi perawatan medis , tidak spesifik', '0000-00-00 00:00:00', '0000-00-00 00:00:00'),
(10416, 'Z93.0', 'Tracheostomy status', 'Status trakeostomi', '0000-00-00 00:00:00', '0000-00-00 00:00:00'),
(10417, 'Z93.1', 'Gastrostomy status', 'Status gastrostomy', '0000-00-00 00:00:00', '0000-00-00 00:00:00'),
(10418, 'Z93.2', 'Ileostomy status', 'Status ileostomy', '0000-00-00 00:00:00', '0000-00-00 00:00:00'),
(10419, 'Z93.3', 'Colostomy status', 'Status kolostomi', '0000-00-00 00:00:00', '0000-00-00 00:00:00'),
(10420, 'Z93.4', 'Other artificial openings of gastrointestinal tract status', 'Bukaan buatan lainnya status saluran pencernaan', '0000-00-00 00:00:00', '0000-00-00 00:00:00'),
(10421, 'Z93.5', 'Cystostomy status', 'Status Cystostomy', '0000-00-00 00:00:00', '0000-00-00 00:00:00'),
(10422, 'Z93.6', 'Other artificial openings of urinary tract status', 'Bukaan buatan lainnya status saluran kemih', '0000-00-00 00:00:00', '0000-00-00 00:00:00'),
(10423, 'Z93.8', 'Other artificial opening status', 'Status pembukaan buatan lainnya', '0000-00-00 00:00:00', '0000-00-00 00:00:00'),
(10424, 'Z93.9', 'Artificial opening status, unspecified', 'Status pembukaan buatan , tidak spesifik', '0000-00-00 00:00:00', '0000-00-00 00:00:00'),
(10425, 'Z94.0', 'Kidney transplant status', 'Status transplantasi ginjal', '0000-00-00 00:00:00', '0000-00-00 00:00:00'),
(10426, 'Z94.1', 'Heart transplant status', 'Status transplantasi jantung', '0000-00-00 00:00:00', '0000-00-00 00:00:00'),
(10427, 'Z94.2', 'Lung transplant status', 'Status transplantasi paru-paru', '0000-00-00 00:00:00', '0000-00-00 00:00:00'),
(10428, 'Z94.3', 'Heart and lungs transplant status', 'Status transplantasi jantung dan paru-paru', '0000-00-00 00:00:00', '0000-00-00 00:00:00'),
(10429, 'Z94.4', 'Liver transplant status', 'Status transplantasi hati', '0000-00-00 00:00:00', '0000-00-00 00:00:00'),
(10430, 'Z94.5', 'Skin transplant status', 'Status transplantasi kulit', '0000-00-00 00:00:00', '0000-00-00 00:00:00'),
(10431, 'Z94.6', 'Bone transplant status', 'Status transplantasi tulang', '0000-00-00 00:00:00', '0000-00-00 00:00:00'),
(10432, 'Z94.7', 'Corneal transplant status', 'Status transplantasi kornea', '0000-00-00 00:00:00', '0000-00-00 00:00:00'),
(10433, 'Z94.8', 'Other transplanted organ and tissue status', 'Status organ dan jaringan lain yang ditransplantasikan', '0000-00-00 00:00:00', '0000-00-00 00:00:00'),
(10434, 'Z94.9', 'Transplanted organ and tissue status, unspecified', 'Organ transplantasi dan status jaringan , tidak spesifik', '0000-00-00 00:00:00', '0000-00-00 00:00:00'),
(10435, 'Z95.0', 'Presence of cardiac pacemaker', 'Kehadiran alat pacu jantung', '0000-00-00 00:00:00', '0000-00-00 00:00:00'),
(10436, 'Z95.1', 'Presence of aortocoronary bypass graft', 'Kehadiran aortocoronary graft bypass', '0000-00-00 00:00:00', '0000-00-00 00:00:00'),
(10437, 'Z95.2', 'Presence of prosthetic heart valve', 'Kehadiran katup jantung prostetik', '0000-00-00 00:00:00', '0000-00-00 00:00:00'),
(10438, 'Z95.3', 'Presence of xenogenic heart valve', 'Kehadiran katup jantung xenogenic', '0000-00-00 00:00:00', '0000-00-00 00:00:00'),
(10439, 'Z95.4', 'Presence of other heart-valve replacement', 'Kehadiran pengganti jantung - katup lainnya', '0000-00-00 00:00:00', '0000-00-00 00:00:00'),
(10440, 'Z95.5', 'Presence of coronary angioplasty implant and graft', 'Kehadiran implan angioplasti koroner dan graft', '0000-00-00 00:00:00', '0000-00-00 00:00:00'),
(10441, 'Z95.8', 'Presence of other cardiac and vascular implants and grafts', 'Kehadiran implan jantung dan pembuluh darah lainnya dan cangkok', '0000-00-00 00:00:00', '0000-00-00 00:00:00'),
(10442, 'Z95.9', 'Presence of cardiac and vascular implant and graft, unspecified', 'Kehadiran implan jantung dan pembuluh darah dan korupsi , tidak spesifik', '0000-00-00 00:00:00', '0000-00-00 00:00:00'),
(10443, 'Z96.0', 'Presence of urogenital implants', 'Kehadiran implan urogenital', '0000-00-00 00:00:00', '0000-00-00 00:00:00'),
(10444, 'Z96.1', 'Presence of intraocular lens', 'Kehadiran lensa intraokular', '0000-00-00 00:00:00', '0000-00-00 00:00:00'),
(10445, 'Z96.2', 'Presence of otological and audiological implants', 'Kehadiran implan otological dan audiologi', '0000-00-00 00:00:00', '0000-00-00 00:00:00'),
(10446, 'Z96.3', 'Presence of artificial larynx', 'Kehadiran laring buatan', '0000-00-00 00:00:00', '0000-00-00 00:00:00'),
(10447, 'Z96.4', 'Presence of endocrine implants', 'Kehadiran endokrin implan', '0000-00-00 00:00:00', '0000-00-00 00:00:00'),
(10448, 'Z96.5', 'Presence of tooth-root and mandibular implants', 'Kehadiran gigi - akar dan mandibular implan', '0000-00-00 00:00:00', '0000-00-00 00:00:00'),
(10449, 'Z96.6', 'Presence of orthopaedic joint implants', 'Kehadiran implan ortopedi bersama', '0000-00-00 00:00:00', '0000-00-00 00:00:00'),
(10450, 'Z96.7', 'Presence of other bone and tendon implants', 'Kehadiran tulang dan tendon lainnya implan', '0000-00-00 00:00:00', '0000-00-00 00:00:00'),
(10451, 'Z96.8', 'Presence of other specified functional implants', 'Kehadiran implan fungsional lainnya yang spesifik', '0000-00-00 00:00:00', '0000-00-00 00:00:00'),
(10452, 'Z96.9', 'Presence of functional implant, unspecified', 'Kehadiran implan fungsional , tidak spesifik', '0000-00-00 00:00:00', '0000-00-00 00:00:00'),
(10453, 'Z97.0', 'Presence of artificial eye', 'Kehadiran mata buatan', '0000-00-00 00:00:00', '0000-00-00 00:00:00'),
(10454, 'Z97.1', 'Presence of artificial limb (complete) (partial)', 'Kehadiran anggota badan buatan (lengkap ) ( parsial )', '0000-00-00 00:00:00', '0000-00-00 00:00:00'),
(10455, 'Z97.2', 'Presence of dental prosthetic device (complete) (partial)', 'Kehadiran perangkat prostetik gigi (lengkap ) ( parsial )', '0000-00-00 00:00:00', '0000-00-00 00:00:00'),
(10456, 'Z97.3', 'Presence of spectacles and contact lenses', 'Kehadiran kacamata dan lensa kontak', '0000-00-00 00:00:00', '0000-00-00 00:00:00'),
(10457, 'Z97.4', 'Presence of external hearing-aid', 'Kehadiran alat bantu dengar eksternal', '0000-00-00 00:00:00', '0000-00-00 00:00:00'),
(10458, 'Z97.5', 'Presence of (intrauterine) contraceptive device', 'Kehadiran ( intrauterine ) alat kontrasepsi', '0000-00-00 00:00:00', '0000-00-00 00:00:00'),
(10459, 'Z97.8', 'Presence of other specified devices', 'Kehadiran perangkat tertentu lainnya', '0000-00-00 00:00:00', '0000-00-00 00:00:00'),
(10460, 'Z98.0', 'Intestinal bypass and anastomosis status', 'Usus memotong dan anastomosis Status', '0000-00-00 00:00:00', '0000-00-00 00:00:00'),
(10461, 'Z98.1', 'Arthrodesis status', 'Status arthrodesis', '0000-00-00 00:00:00', '0000-00-00 00:00:00'),
(10462, 'Z98.2', 'Presence of cerebrospinal fluid drainage device', 'Kehadiran perangkat drainase cairan serebrospinal', '0000-00-00 00:00:00', '0000-00-00 00:00:00'),
(10463, 'Z98.8', 'Other specified postsurgical states', 'Negara pascaoperasi tertentu lainnya', '0000-00-00 00:00:00', '0000-00-00 00:00:00'),
(10464, 'Z99.0', 'Dependence on aspirator', 'Ketergantungan pada aspirator', '0000-00-00 00:00:00', '0000-00-00 00:00:00'),
(10465, 'Z99.1', 'Dependence on respirator', 'Ketergantungan pada respirator', '0000-00-00 00:00:00', '0000-00-00 00:00:00'),
(10466, 'Z99.2', 'Dependence on renal dialysis', 'Ketergantungan pada dialisis ginjal', '0000-00-00 00:00:00', '0000-00-00 00:00:00'),
(10467, 'Z99.3', 'Dependence on wheelchair', 'Ketergantungan pada kursi roda', '0000-00-00 00:00:00', '0000-00-00 00:00:00'),
(10468, 'Z99.8', 'Dependence on other enabling machines and devices', 'Ketergantungan pada mesin yang memungkinkan lainnya dan perangkat', '0000-00-00 00:00:00', '0000-00-00 00:00:00'),
(10469, 'Z99.9', 'Dependence on unspecified enabling machine and device', 'Ketergantungan pada mesin dan perangkat yang memungkinkan yang tidak spesifik', '0000-00-00 00:00:00', '0000-00-00 00:00:00');

-- --------------------------------------------------------

--
-- Table structure for table `igd`
--

CREATE TABLE `igd` (
  `id` int(11) NOT NULL,
  `uid` varchar(64) NOT NULL,
  `id_pendaftaran` int(11) NOT NULL,
  `id_dokter` int(11) DEFAULT NULL,
  `nama_dokter` varchar(256) DEFAULT NULL,
  `id_perawat` int(11) NOT NULL,
  `nama_perawat` varchar(256) DEFAULT NULL,
  `tgl_periksa` date DEFAULT NULL,
  `jam_periksa` time DEFAULT NULL,
  `jam_keluar` time DEFAULT NULL,
  `tgl_keluar` date DEFAULT NULL,
  `kondisi_keluar` varchar(64) DEFAULT NULL,
  `jam_meninggal` time DEFAULT NULL,
  `tgl_meninggal` date DEFAULT NULL,
  `is_lab` tinyint(4) DEFAULT '0',
  `is_usg` tinyint(4) DEFAULT '0',
  `is_radiologi` tinyint(4) DEFAULT '0',
  `tarif_dokter` decimal(10,0) NOT NULL,
  `on_create` datetime NOT NULL,
  `on_update` datetime NOT NULL
) ENGINE=InnoDB DEFAULT CHARSET=latin1;

--
-- Dumping data for table `igd`
--

INSERT INTO `igd` (`id`, `uid`, `id_pendaftaran`, `id_dokter`, `nama_dokter`, `id_perawat`, `nama_perawat`, `tgl_periksa`, `jam_periksa`, `jam_keluar`, `tgl_keluar`, `kondisi_keluar`, `jam_meninggal`, `tgl_meninggal`, `is_lab`, `is_usg`, `is_radiologi`, `tarif_dokter`, `on_create`, `on_update`) VALUES
(1, '16b085a81a4ed1742a34473570de0e923357fa343fb003a4fa4a67b107f41eb8', 3, 7, ' dr. Desi ', 12, 'Administrator', '2020-11-23', '00:11:00', '00:00:00', '2020-11-23', 'Hidup', '00:00:00', '0000-00-00', 1, 1, NULL, '100000', '2020-11-23 00:59:17', '2020-11-23 02:00:14'),
(2, 'a212ac6e6e1f517f5a4278d5a887b9a9838c80657d6232e36e7dfd2f58a30600', 4, 6, 'dr. Bambang', 12, 'Administrator', '2020-11-24', '21:11:00', '21:14:00', '2020-11-24', 'Hidup', '00:00:00', '0000-00-00', NULL, NULL, NULL, '50000', '2020-11-24 21:14:38', '2020-11-24 21:14:38'),
(3, 'cc57f4b6f329a1391bd3faa88d413f82a65335f8c7dc095964a17675d998904c', 5, 6, 'dr. Bambang', 5, 'Vicky W.', '2020-12-03', '20:12:00', '00:00:00', '2020-12-03', 'Hidup', '00:00:00', '0000-00-00', 1, NULL, NULL, '50000', '2020-12-03 21:08:48', '2020-12-03 21:29:27'),
(4, '4aefe847d2a66df93bdbe6d6266e8290f75fb87b7e7ed4436d2af7cbe2b97214', 7, 6, 'dr. Bambang', 5, 'Vicky W.', '2020-12-03', '21:12:00', '21:08:00', '2020-12-03', 'Hidup', '00:00:00', '0000-00-00', 1, NULL, NULL, '50000', '2020-12-03 21:09:15', '2020-12-03 21:09:15'),
(5, 'bc5f0a750d21687d462b3723f17cf1f271003771c2bcda421638039f5f050131', 11, 6, '  dr. Bambang  ', 5, 'Vicky W.', '2020-12-03', '21:12:00', '21:31:00', '2020-12-03', 'Hidup', '00:00:00', '0000-00-00', 1, NULL, NULL, '50000', '2020-12-03 21:31:29', '2020-12-03 21:40:00'),
(6, '3b1257ff00ae63de445758f3cc9ad98f88ea6b4fcf2b08d9a67e6698b5adc1ba', 20, 18, 'dr. Sandra Harisandi, Sp.B', 5, 'Vicky W.', '2020-12-05', '01:12:00', '01:58:00', '2020-12-05', 'Meninggal', '01:58:00', '2020-12-05', NULL, NULL, NULL, '120000', '2020-12-05 01:58:28', '2020-12-05 01:58:28');

-- --------------------------------------------------------

--
-- Table structure for table `igd_diagnosa`
--

CREATE TABLE `igd_diagnosa` (
  `id` int(11) NOT NULL,
  `uid` varchar(64) NOT NULL,
  `id_icd` int(11) NOT NULL,
  `kode` varchar(64) DEFAULT NULL,
  `diagnosa` varchar(256) DEFAULT NULL,
  `on_create` datetime NOT NULL
) ENGINE=InnoDB DEFAULT CHARSET=latin1;

--
-- Dumping data for table `igd_diagnosa`
--

INSERT INTO `igd_diagnosa` (`id`, `uid`, `id_icd`, `kode`, `diagnosa`, `on_create`) VALUES
(1, '16b085a81a4ed1742a34473570de0e923357fa343fb003a4fa4a67b107f41eb8', 768, 'B97.1', 'Enterovirus as the cause of diseases classified to other chapters', '2020-11-23 02:00:00'),
(2, 'a212ac6e6e1f517f5a4278d5a887b9a9838c80657d6232e36e7dfd2f58a30600', 768, 'B97.1', 'Enterovirus as the cause of diseases classified to other chapters', '2020-11-24 21:14:32'),
(3, 'a212ac6e6e1f517f5a4278d5a887b9a9838c80657d6232e36e7dfd2f58a30600', 1024, 'C54.2', 'Malignant neoplasm of myometrium', '2020-11-24 21:14:35'),
(4, '4aefe847d2a66df93bdbe6d6266e8290f75fb87b7e7ed4436d2af7cbe2b97214', 768, 'B97.1', 'Enterovirus as the cause of diseases classified to other chapters', '2020-12-03 21:09:09'),
(5, 'cc57f4b6f329a1391bd3faa88d413f82a65335f8c7dc095964a17675d998904c', 768, 'B97.1', 'Enterovirus as the cause of diseases classified to other chapters', '2020-12-03 21:29:15'),
(6, 'bc5f0a750d21687d462b3723f17cf1f271003771c2bcda421638039f5f050131', 1024, 'C54.2', 'Malignant neoplasm of myometrium', '2020-12-03 21:31:17'),
(7, '3b1257ff00ae63de445758f3cc9ad98f88ea6b4fcf2b08d9a67e6698b5adc1ba', 512, 'B35.1', 'Tinea unguium', '2020-12-05 01:58:21'),
(8, 'bc5f0a750d21687d462b3723f17cf1f271003771c2bcda421638039f5f050131', 1792, 'E22.8', 'Other hyperfunction of pituitary gland', '2020-12-09 15:42:08');

-- --------------------------------------------------------

--
-- Table structure for table `igd_tindakan`
--

CREATE TABLE `igd_tindakan` (
  `id` int(11) NOT NULL,
  `uid` varchar(64) NOT NULL,
  `id_tindakan` int(11) NOT NULL,
  `nama` varchar(256) NOT NULL,
  `harga` decimal(10,0) NOT NULL,
  `qty` int(11) NOT NULL,
  `id_perawat` int(11) NOT NULL,
  `nama_perawat` varchar(256) NOT NULL,
  `on_create` datetime NOT NULL
) ENGINE=InnoDB DEFAULT CHARSET=latin1;

--
-- Dumping data for table `igd_tindakan`
--

INSERT INTO `igd_tindakan` (`id`, `uid`, `id_tindakan`, `nama`, `harga`, `qty`, `id_perawat`, `nama_perawat`, `on_create`) VALUES
(1, '16b085a81a4ed1742a34473570de0e923357fa343fb003a4fa4a67b107f41eb8', 7, 'Pasang Infus Perawat Bayi', '95000', 0, 0, '', '2020-11-23 02:00:02'),
(2, 'a212ac6e6e1f517f5a4278d5a887b9a9838c80657d6232e36e7dfd2f58a30600', 8, 'Pasang DC/Catheter', '60000', 0, 0, '', '2020-11-24 21:14:34'),
(4, '04943b3fd9cbd0a11243658374156d877e16a6d5573e1ca5a3fc4967eee750aa', 20, 'Tarif Tindakan Bedah Besar', '10100000', 1, 9, 'Vicky W.', '2020-12-03 20:58:24'),
(5, 'cc57f4b6f329a1391bd3faa88d413f82a65335f8c7dc095964a17675d998904c', 20, 'Tarif Tindakan Bedah Besar', '10100000', 1, 9, 'Vicky W.', '2020-12-03 20:58:42'),
(6, 'cc57f4b6f329a1391bd3faa88d413f82a65335f8c7dc095964a17675d998904c', 3, 'Nebulizer', '80000', 1, 9, 'Vicky W.', '2020-12-03 20:58:48'),
(7, '4aefe847d2a66df93bdbe6d6266e8290f75fb87b7e7ed4436d2af7cbe2b97214', 21, 'Tarif Persalinan Normal', '2500000', 1, 9, 'Vicky W.', '2020-12-03 21:09:12'),
(8, 'bc5f0a750d21687d462b3723f17cf1f271003771c2bcda421638039f5f050131', 21, 'Tarif Persalinan Normal', '2500000', 4, 9, 'Vicky W.', '2020-12-03 21:31:12'),
(9, 'bc5f0a750d21687d462b3723f17cf1f271003771c2bcda421638039f5f050131', 17, 'Tarif Tindakan Bedah Kecil', '7400000', 5, 9, 'Vicky W.', '2020-12-03 21:31:15'),
(10, '3b1257ff00ae63de445758f3cc9ad98f88ea6b4fcf2b08d9a67e6698b5adc1ba', 27, 'Bilas Lambung ', '70000', 1, 9, 'Vicky W.', '2020-12-05 01:58:25');

-- --------------------------------------------------------

--
-- Table structure for table `invoice`
--

CREATE TABLE `invoice` (
  `id` int(11) NOT NULL,
  `no_invoice` varchar(64) DEFAULT NULL,
  `no_antrian` int(11) DEFAULT NULL,
  `id_pasien` int(11) DEFAULT NULL,
  `id_klinik` int(11) DEFAULT NULL,
  `id_dpjp` int(11) DEFAULT NULL,
  `nama_pj` varchar(255) DEFAULT NULL,
  `nohp_pj` varchar(32) DEFAULT NULL,
  `status` int(11) DEFAULT '0',
  `on_create` datetime DEFAULT NULL,
  `on_update` datetime DEFAULT NULL
) ENGINE=InnoDB DEFAULT CHARSET=latin1;

--
-- Dumping data for table `invoice`
--

INSERT INTO `invoice` (`id`, `no_invoice`, `no_antrian`, `id_pasien`, `id_klinik`, `id_dpjp`, `nama_pj`, `nohp_pj`, `status`, `on_create`, `on_update`) VALUES
(1, '1', 1, 15, 1, 7, 'vivivivi', 'asdasdasd', NULL, '2020-06-14 03:13:13', NULL),
(2, '1', 1, 16, 1, 7, 'vivivivi', 'asdasdasd', NULL, '2020-06-14 03:18:25', NULL),
(3, '1', 1, 17, 1, 7, 'vvvvv', 'vvvvvv', NULL, '2020-06-14 12:32:39', NULL),
(4, '1', 1, 18, 3, 6, 'susi', '08123', NULL, '2020-06-14 12:43:13', NULL),
(5, '1', 1, 19, 1, 7, 'Vuuuu', '081231623', NULL, '2020-06-14 12:46:33', NULL),
(6, '1', 1, 19, 1, 7, 'qweqwe', 'qweqweqwe', NULL, '2020-06-14 13:01:21', NULL),
(7, '1', 1, 20, 3, 6, 'Budi', '08123', 0, '2020-09-30 17:48:33', NULL);

-- --------------------------------------------------------

--
-- Table structure for table `klinik`
--

CREATE TABLE `klinik` (
  `id` int(11) NOT NULL,
  `nama` varchar(255) DEFAULT NULL,
  `kode` varchar(16) DEFAULT NULL,
  `jenis_klinik` varchar(64) DEFAULT NULL,
  `on_update` datetime DEFAULT NULL,
  `on_create` datetime DEFAULT NULL
) ENGINE=InnoDB DEFAULT CHARSET=latin1;

--
-- Dumping data for table `klinik`
--

INSERT INTO `klinik` (`id`, `nama`, `kode`, `jenis_klinik`, `on_update`, `on_create`) VALUES
(1, 'Poliklinik Syaraf', 'SY', 'Medis', '2020-10-26 00:33:10', '2020-06-12 17:32:48'),
(2, 'Poliklinik Mata', 'MA', 'Medis', '2020-10-26 00:32:43', '2020-06-12 17:33:47'),
(3, 'Poliklinik Kandungan', 'PK', 'Medis', '2020-10-26 00:32:07', '2020-06-12 17:33:59'),
(4, 'Poliklinik  Bedah', 'B', 'Medis', '2020-10-26 00:32:14', '2020-10-26 00:30:54'),
(5, 'Poliklinik Anak', 'AN', 'Medis', '2020-12-04 00:26:14', '2020-10-26 00:33:32');

-- --------------------------------------------------------

--
-- Table structure for table `kunjungan`
--

CREATE TABLE `kunjungan` (
  `id` int(11) NOT NULL,
  `invoice` varchar(10) NOT NULL,
  `state` int(11) NOT NULL DEFAULT '1',
  `id_user` int(11) NOT NULL,
  `nama_user` varchar(256) NOT NULL,
  `id_pasien` int(11) NOT NULL,
  `id_layanan` int(11) NOT NULL,
  `id_klinik` int(11) DEFAULT NULL,
  `nama_klinik` varchar(256) NOT NULL,
  `id_kasir` int(11) NOT NULL DEFAULT '0',
  `nama_kasir` varchar(256) NOT NULL,
  `cara_bayar` int(11) NOT NULL,
  `cara_masuk` int(11) NOT NULL,
  `cara_keluar` tinyint(4) NOT NULL,
  `nama_rujukan` varchar(256) DEFAULT NULL,
  `jenis_rujukan` varchar(64) DEFAULT NULL,
  `nama_asuransi` varchar(256) DEFAULT NULL,
  `no_asuransi` varchar(64) DEFAULT NULL,
  `nama_pj` varchar(256) NOT NULL,
  `jk_pj` varchar(12) NOT NULL,
  `nohp_pj` varchar(24) NOT NULL,
  `identitas_pj` varchar(16) NOT NULL,
  `no_identitas_pj` varchar(64) NOT NULL,
  `pekerjaan_pj` varchar(64) NOT NULL,
  `alamat_pj` varchar(1024) NOT NULL,
  `hubungan` varchar(16) NOT NULL,
  `alasan` varchar(1024) DEFAULT NULL,
  `is_lunas` tinyint(4) NOT NULL,
  `kunjungan_ke` int(11) NOT NULL DEFAULT '1',
  `tarif_admin` decimal(10,0) NOT NULL,
  `uid` varchar(64) NOT NULL,
  `on_payment` datetime DEFAULT NULL,
  `on_create` datetime NOT NULL,
  `on_update` datetime NOT NULL
) ENGINE=InnoDB DEFAULT CHARSET=latin1;

--
-- Dumping data for table `kunjungan`
--

INSERT INTO `kunjungan` (`id`, `invoice`, `state`, `id_user`, `nama_user`, `id_pasien`, `id_layanan`, `id_klinik`, `nama_klinik`, `id_kasir`, `nama_kasir`, `cara_bayar`, `cara_masuk`, `cara_keluar`, `nama_rujukan`, `jenis_rujukan`, `nama_asuransi`, `no_asuransi`, `nama_pj`, `jk_pj`, `nohp_pj`, `identitas_pj`, `no_identitas_pj`, `pekerjaan_pj`, `alamat_pj`, `hubungan`, `alasan`, `is_lunas`, `kunjungan_ke`, `tarif_admin`, `uid`, `on_payment`, `on_create`, `on_update`) VALUES
(1, 'SI20110001', 10, 12, 'Rama', 36, 1, 4, 'Poliklinik  Bedah', 0, '', 1, 1, 2, NULL, NULL, NULL, NULL, 'Nakagami', 'L', '08612371232', 'Paspor', '09747623123', 'Akuntan', 'Jalan Alam', '-', NULL, 0, 1, '35000', '6f3baafb3a2489cf9ff0707ea1dd1d2eee95f5dd2aa12721352e73c520553f62', NULL, '2020-11-22 23:09:03', '2020-11-24 19:29:42'),
(2, 'SI20110002', 3, 12, 'Rama', 35, 1, 4, 'Poliklinik  Bedah', 0, '', 1, 1, 1, NULL, NULL, NULL, NULL, 'Joan Mir', 'L', '08123612531', 'KTP', '612312312331123', 'Anggota BPK', 'Jalan Kelam RT.01 RW.23', '-', NULL, 0, 1, '35000', 'ca284c29be4fa49457dffb654fefaf6197aacef73211f2fc7758accb6c75b04e', NULL, '2020-11-23 00:53:51', '2020-11-24 20:43:25'),
(3, 'SI20110003', 10, 12, 'Rama', 31, 2, 0, '-', 0, '', 1, 1, 4, NULL, NULL, NULL, NULL, 'Ronald', 'L', '081254545454', 'KTP', '61231827361283', 'Anggota DPR-RI', 'Jalam Imam Bonjol', '-', NULL, 0, 1, '20000', '6398b5532677d5998617a30939ef25aec6b1f8e157306e001a3810e4e42c1466', NULL, '2020-11-23 00:57:09', '2020-11-25 03:22:56'),
(4, 'SI20110004', 20, 12, 'Rama', 30, 2, 0, '-', 0, '', 1, 1, 2, NULL, NULL, NULL, NULL, 'Vicky', 'L', '081255225454', 'KTP', '612341524351524371', 'Anggota DPRD Kabupaten/ Kota', 'Jalan Kelam Gg Pakis No 4', '-', NULL, 0, 1, '20000', 'bcd8f070b64319d7f0816da17d25e42cee8770043126d74211077297636b1e8b', NULL, '2020-11-24 21:14:07', '2020-11-25 02:53:45'),
(5, 'SI20110005', 6, 12, 'Rama', 26, 2, 0, '-', 0, '', 1, 1, 2, NULL, NULL, NULL, NULL, 'Vuu', 'L', '081236716237', 'KTP', '01238718273', 'Anggota DPR-RI', 'jalan kelam', '-', NULL, 0, 1, '20000', 'fd0b79f870cabd4fd5e456160992506b0fe16dc07aa4298c777266c269429e24', NULL, '2020-11-24 21:14:57', '2020-12-03 21:29:27'),
(6, 'SI20110006', 3, 12, 'Rama', 36, 1, 4, 'Poliklinik  Bedah', 0, '', 1, 1, 1, NULL, NULL, NULL, NULL, 'Nakagami', 'L', '08612371232', 'Paspor', '09747623123', 'Akuntan', 'Jalan Alam', '-', NULL, 0, 2, '35000', '7fb4c68e212d796e20aa5b7e7dce9ddb86baaeafc6a4fe25157675be5394ea44', NULL, '2020-11-24 23:41:32', '2020-12-01 21:26:33'),
(7, 'SI20110007', 10, 12, 'Rama', 36, 2, 0, '-', 0, '', 1, 1, 3, NULL, NULL, NULL, NULL, 'Nakagami', 'L', '08612371232', 'Paspor', '09747623123', 'Akuntan', 'Jalan Alam', '-', NULL, 0, 3, '20000', '84a430d87e2ffaa7c795c167655a660c5e0136a20a7a5a6567266187c70876af', NULL, '2020-11-25 00:11:33', '2020-12-07 00:15:35'),
(8, 'SI20110008', 30, 12, 'Rama', 32, 1, 2, 'Poliklinik Mata', 0, '', 1, 1, 0, NULL, NULL, NULL, NULL, 'Marc Marquez', 'L', '08125544332211', 'SIM', '0942773872190', 'Konsultan', 'Jalan Imam Bonjol', '-', 'something', 0, 1, '35000', 'c634ae7a963b0eafc99c9b34e78f7ba74dd050671cda1e3cd74adeb29c2a77fd', NULL, '2020-11-25 00:36:21', '2020-11-25 00:47:34'),
(9, 'SI20120008', 10, 12, 'Rama', 37, 1, 4, 'Poliklinik  Bedah', 0, '', 1, 1, 5, NULL, NULL, NULL, NULL, 'Zarko', 'L', '081237617263', 'SIM', '8123761726312', 'Anggota DPRD Kabupaten/ Kota', 'Jalan Merdeka Barat', '-', NULL, 0, 1, '35000', '26ff7ac9ff8cd7151aded5a4c306fec2f8c4d3d65f7cdf618420ae5a5bae3bf2', NULL, '2020-12-01 13:48:04', '2020-12-03 22:49:54'),
(10, 'SI20120009', 10, 12, 'Rama', 37, 1, 4, 'Poliklinik  Bedah', 0, '', 1, 1, 3, NULL, NULL, NULL, NULL, 'Zarko', 'L', '081237617263', 'SIM', '8123761726312', 'Anggota DPRD Kabupaten/ Kota', 'Jalan Merdeka Barat', '-', NULL, 0, 2, '35000', 'bac0bac80bc78589c81489c3873a601c3123dd179e209427da2dde6984f9f16e', NULL, '2020-12-01 14:49:26', '2020-12-06 13:10:47'),
(11, 'SI20120010', 6, 12, 'Rama', 37, 2, 0, '-', 0, '', 1, 1, 2, NULL, NULL, NULL, NULL, 'Stonery', 'P', '124', 'SIM', '124', 'Bidan', 'Jalan Suram', '-', NULL, 0, 3, '20000', 'abca378f395fd69504192edef1d9ada52fa370abd8dabf44a2447fcd7726e360', NULL, '2020-12-01 14:50:47', '2020-12-09 03:11:08'),
(12, 'SI20120011', 10, 12, 'Rama', 37, 1, 3, 'Poliklinik Kandungan', 0, '', 1, 1, 3, NULL, NULL, NULL, NULL, 'Stoner', 'L', '124', 'SIM', '124', 'Anggota DPD', 'Jalan Suram', '-', NULL, 0, 4, '35000', '3ba7e46f59750ae0eb8a72dbeca3ae49d616f262d65419c2a281dbd11d796bde', NULL, '2020-12-01 14:54:06', '2020-12-06 13:38:43'),
(13, 'SI20120012', 10, 12, 'Rama', 37, 1, 4, 'Poliklinik  Bedah', 0, '', 1, 1, 3, NULL, NULL, NULL, NULL, 'Lewis Hamilton', 'P', '66666', 'KTP', '66666', 'Duta Besar', 'Jalan Trans', '-', NULL, 0, 5, '35000', 'c72739928c2b592b26052315c37e65a87d0e0e836149f0324b3d9fe9e11ba3e4', NULL, '2020-12-01 14:56:03', '2020-12-09 02:58:38'),
(14, 'SI20120013', 9, 12, 'Rama', 37, 1, 4, 'Poliklinik  Bedah', 0, '', 1, 1, 3, NULL, NULL, NULL, NULL, 'Lewis Hamilton', 'P', '66666', 'KTP', '66666', 'Duta Besar', 'Jalan Trans', '-', NULL, 0, 6, '35000', '1155babab56c7cde0cd5990035200472a8d4581a86a8e9326cd1bce5c00e6cf7', NULL, '2020-12-01 14:58:46', '2020-12-09 02:58:28'),
(16, 'SI20120015', 30, 12, 'Rama', 37, 2, 0, '-', 0, '', 1, 1, 0, NULL, NULL, NULL, NULL, 'Lewis Hamilton', 'L', '66666', 'KTP', '66666', 'Duta Besar', 'Jalan Trans', '-', 'qwe', 0, 7, '20000', 'a8945c4e7b39f32af96d54c89fa44850351a283c1da255441ee8922161bb8022', NULL, '2020-12-01 15:11:00', '2020-12-03 21:43:51'),
(17, 'SI20120016', 30, 12, 'Rama', 31, 1, 4, 'Poliklinik  Bedah', 0, '', 1, 1, 0, NULL, NULL, NULL, NULL, 'Ronald', 'L', '081254545454', 'KTP', '61231827361283', 'Anggota DPR-RI', 'Jalam Imam Bonjol', '-', 'qwe', 0, 2, '35000', '84cca4017d9014607b7abf709e9c2d84361674ee0435c4393fadd51a92ce7e3c', NULL, '2020-12-01 15:12:34', '2020-12-03 21:43:57'),
(18, 'SI20120017', 40, 12, 'Rama', 38, 1, 2, 'Poliklinik Mata', 0, '', 1, 1, 3, NULL, NULL, NULL, NULL, 'Violet Grady perempuan', 'P', '828-928-8235', 'SIM', '500', 'Anggota DPRD Kabupaten/ Kota', '2639 McGlynn Light', '-', 'Lama', 0, 1, '35000', 'a69859c47b130baaa9122aec4391ee91c1520d211c557ecce66e9c2bd608db88', NULL, '2020-12-01 15:13:50', '2020-12-10 00:06:09'),
(19, 'SI20120018', 3, 5, 'Vicky', 38, 1, 4, 'Poliklinik  Bedah', 0, '', 1, 1, 1, NULL, NULL, NULL, NULL, 'Violet Grady', 'L', '828-928-8235', 'SIM', '500', 'Anggota BPK', '2639 McGlynn Light', '-', NULL, 0, 2, '25000', 'ba4d7fd160c8c16e8c16bf583d472096b7c3c2768bf43e7e2995299fe0f50d74', NULL, '2020-12-03 23:48:26', '2020-12-03 23:48:52'),
(20, 'SI20120019', 6, 5, 'Vicky', 34, 2, 0, '-', 0, '', 2, 2, 0, 'Dr. bejo', 'dr. Praktek', 'Allianze', '071236716273', 'Dovizioso', 'L', '0812367676123', 'KTP', '12378718273', 'Anggota BPK', 'Jalan Perdana No 3', '-', NULL, 0, 1, '25000', 'c370eb4d7b1eb160a6583baf19fc6933c2e975aba8280b816743d334914acaf1', NULL, '2020-12-05 01:48:29', '2020-12-05 01:58:28'),
(21, 'SI20120020', 3, 5, 'Vicky', 38, 1, 5, 'Poliklinik Anak', 0, '', 1, 1, 1, NULL, NULL, NULL, NULL, 'Violet Grady', 'P', '828-928-8235', 'KTP', '500', 'Anggota DPD', '2639 McGlynn Light', '-', NULL, 0, 3, '25000', 'b69a06a45d88fd57711c0a9ff307ae263cad5420b76f82a665e22b28b3efb956', NULL, '2020-12-05 02:19:13', '2020-12-19 13:21:13'),
(22, 'SI20120021', 2, 5, 'Vicky', 38, 1, 4, 'Poliklinik  Bedah', 0, '', 1, 1, 0, NULL, NULL, NULL, NULL, 'Violet Gradys', 'P', '828-928-8235s', 'Paspor', 'xxx11111', 'Akuntan', '936 Tiana Green', 'Adik Kandung', NULL, 0, 4, '25000', '37e06ac67c58537427f95d5c373a957054478fc7c2f1c30385803b46278124cf', NULL, '2020-12-06 02:10:45', '2020-12-09 02:54:07'),
(23, 'SI20120022', 13, 12, 'Rama', 33, 4, 0, '-', 0, '', 1, 1, 0, NULL, NULL, NULL, NULL, 'V Rossi', 'L', '081236163312', 'KTP', '61235126358123', 'Anggota DPR-RI', 'Jalan MT. Haryono', '-', NULL, 0, 1, '0', 'd5bd8d42a39df4cc757245f951d1e6a7e14529220e0ca9b1ab01fe1df677b2f6', NULL, '2020-12-07 02:28:11', '2020-12-07 02:49:27'),
(24, 'SI20120023', 2, 12, 'Rama', 38, 1, 4, 'Poliklinik  Bedah', 0, '', 1, 1, 0, NULL, NULL, NULL, NULL, 'Violet Grady', 'P', '828-928-8235', 'SIM', '5001', 'Anggota DPR-RI', '2639 McGlynn Light', 'Adik', NULL, 0, 5, '25000', '42e15a2f49761a04d562b9d817be46e30eb7852dc85b0ed185c55c950790bbc2', NULL, '2020-12-09 01:58:35', '2020-12-10 00:15:10'),
(28, 'SI20120024', 22, 12, 'Rama', 35, 7, 0, '-', 0, '', 1, 1, 0, NULL, NULL, NULL, NULL, 'Joan Mir', 'L', '08123612531', 'KTP', '612312312331123', 'Anggota BPK', 'Jalan Kelam RT.01 RW.23', '-', NULL, 0, 2, '5000', '7cb89fd49289b865420b1fa72a48ee78b1fdfbcd8fa543f005b51faffdb87377', NULL, '2020-12-10 02:45:38', '2020-12-10 02:45:38'),
(29, 'SI20120025', 25, 12, 'Rama', 36, 8, 0, '-', 0, '', 1, 1, 0, NULL, NULL, NULL, NULL, 'Nakagami', 'L', '08612371232', 'Paspor', '09747623123', 'Akuntan', 'Jalan Alam', '-', NULL, 0, 4, '0', '9b0ab81e404d208a95de4a813a2d37d338976b1f3f7ee98b1b8e15e2b44081d8', NULL, '2020-12-10 02:48:22', '2020-12-10 02:48:22'),
(30, 'SI21010001', 1, 12, 'Rama', 37, 1, 4, 'Poliklinik  Bedah', 0, '', 1, 1, 0, NULL, NULL, NULL, NULL, 'Lewis Hamilton', 'L', '66666', 'KTP', '66666', 'Duta Besar', 'Jalan Trans', '-', NULL, 0, 8, '25000', '61ace97f8c5e4e904d3eda568db69d91c2bbc6b4e8d81d3a53210f020fd5eecb', NULL, '2021-01-10 22:21:13', '2021-01-10 22:21:13');

-- --------------------------------------------------------

--
-- Table structure for table `kunjungan_inap`
--

CREATE TABLE `kunjungan_inap` (
  `id` int(11) NOT NULL,
  `id_kunjungan` int(11) NOT NULL,
  `id_user` int(11) NOT NULL,
  `nama_user` varchar(256) NOT NULL,
  `kelas` int(11) NOT NULL,
  `no_kamar` int(11) NOT NULL,
  `harga_kamar` decimal(10,0) NOT NULL,
  `tarif_admin` decimal(10,0) NOT NULL,
  `cara_keluar` int(11) DEFAULT NULL,
  `on_create` datetime NOT NULL,
  `on_update` datetime NOT NULL
) ENGINE=InnoDB DEFAULT CHARSET=latin1;

--
-- Dumping data for table `kunjungan_inap`
--

INSERT INTO `kunjungan_inap` (`id`, `id_kunjungan`, `id_user`, `nama_user`, `kelas`, `no_kamar`, `harga_kamar`, `tarif_admin`, `cara_keluar`, `on_create`, `on_update`) VALUES
(1, 1, 12, 'Rama', 1, 6, '300000', '15000', NULL, '2020-11-22 23:15:51', '2020-11-22 23:15:51'),
(2, 3, 12, 'Rama', 1, 5, '300000', '15000', NULL, '2020-11-23 02:00:32', '2020-11-23 02:00:32'),
(3, 9, 12, 'Rama', 1, 3, '300000', '15000', NULL, '2020-12-01 21:27:30', '2020-12-01 21:27:30'),
(4, 10, 12, 'Rama', 1, 6, '300000', '15000', 5, '2020-12-01 23:15:39', '2020-12-01 23:15:39'),
(5, 12, 5, 'Vicky', 1, 3, '300000', '15000', 0, '2020-12-04 00:18:48', '2020-12-04 00:18:48'),
(6, 13, 5, 'Vicky', 1, 3, '300000', '15000', 5, '2020-12-06 20:05:31', '2020-12-06 20:05:31'),
(7, 7, 5, 'Vicky', 1, 3, '300000', '15000', 4, '2020-12-06 22:44:38', '2020-12-06 22:44:38'),
(8, 14, 12, 'Rama', 1, 4, '300000', '15000', NULL, '2020-12-07 01:09:39', '2020-12-07 01:09:39'),
(9, 18, 12, 'Rama', 1, 3, '300000', '15000', NULL, '2020-12-10 00:03:09', '2020-12-10 00:03:09');

-- --------------------------------------------------------

--
-- Table structure for table `kunjungan_penunjang`
--

CREATE TABLE `kunjungan_penunjang` (
  `id` int(11) NOT NULL,
  `id_kunjungan` int(11) NOT NULL,
  `tarif` decimal(10,0) NOT NULL,
  `on_create` datetime NOT NULL,
  `on_update` datetime NOT NULL
) ENGINE=InnoDB DEFAULT CHARSET=latin1;

--
-- Dumping data for table `kunjungan_penunjang`
--

INSERT INTO `kunjungan_penunjang` (`id`, `id_kunjungan`, `tarif`, `on_create`, `on_update`) VALUES
(3, 28, '40000', '2020-12-10 02:45:38', '2020-12-10 02:45:38'),
(4, 29, '70000', '2020-12-10 02:48:22', '2020-12-10 02:48:22');

-- --------------------------------------------------------

--
-- Table structure for table `lab`
--

CREATE TABLE `lab` (
  `id` int(11) NOT NULL,
  `uid` varchar(64) NOT NULL,
  `id_pendaftaran` int(11) NOT NULL,
  `id_dokter` int(11) NOT NULL,
  `nama_dokter` varchar(256) NOT NULL,
  `id_analis` int(11) NOT NULL,
  `nama_analis` varchar(256) NOT NULL,
  `tgl_periksa` date NOT NULL,
  `jam_periksa` time NOT NULL,
  `jam_selesai` time NOT NULL,
  `tgl_selesai` date NOT NULL,
  `tracing` varchar(64) DEFAULT NULL,
  `state` int(11) NOT NULL,
  `on_create` datetime NOT NULL,
  `on_update` datetime NOT NULL
) ENGINE=InnoDB DEFAULT CHARSET=latin1;

--
-- Dumping data for table `lab`
--

INSERT INTO `lab` (`id`, `uid`, `id_pendaftaran`, `id_dokter`, `nama_dokter`, `id_analis`, `nama_analis`, `tgl_periksa`, `jam_periksa`, `jam_selesai`, `tgl_selesai`, `tracing`, `state`, `on_create`, `on_update`) VALUES
(1, '265a4b549b59cececcf03e0d87f0f4eae0eafdf3c162e40cd269dd9c17b29a85', 7, 22, 'dr. Pebri Susanti', 5, 'Vicky W.', '2020-12-07', '00:12:00', '00:13:00', '2020-12-07', '6', 9, '2020-12-07 00:13:58', '2020-12-07 00:13:58'),
(2, 'ba83d261e6da923e23a7bcbae6a165c2c108a2e02028696535f8d1a98cb4a64b', 21, 18, 'dr. Sandra Harisandi, Sp.B', 12, 'Administrator', '2020-12-07', '00:12:00', '00:50:00', '2020-12-07', 'f982b80c90c9cdd114ceb2507ac68725cf8ad38cbaf3dcb286ee5af0138ded24', 2, '2020-12-07 00:51:33', '2020-12-07 00:51:33'),
(3, '3770fc33c317fac13be59037ddf9c798979b658f1482281ae02880ce09d94af6', 22, 0, 'dr. Anu', 12, 'Administrator', '2020-12-07', '01:12:00', '01:06:00', '2020-12-07', '54a8f5b35f0c47413217df7382b5d0f30dfc19b626f6b1d052bd15c72fb9a59f', 2, '2020-12-07 01:06:42', '2020-12-07 01:06:42'),
(4, '8ce5e2bc554b14a2e089274204baf2078f9d3ecbcd739d607ba1587b6e49ed32', 2, 7, '   dr. Desi   ', 12, 'Administrator', '2020-12-07', '02:12:00', '02:03:00', '2020-12-07', '6d02f64efacf1f222dc806b16c2858352c73dcb724f21b1825fda8f2f49e305d', 3, '2020-12-07 02:04:02', '2020-12-07 02:04:02'),
(5, '051e8cd8c939fa241732d7270813414fc3218f52324fd0ab70a390555bd9f502', 6, 0, 'vuu', 12, 'Administrator', '2020-12-07', '02:12:00', '02:04:00', '2020-12-07', '3e6aedefa104f3a5456ebc6e84abe545ef761298f9d0b19278fa12562f32a127', 3, '2020-12-07 02:04:21', '2020-12-07 02:04:21'),
(6, '8b036a83951d70c4404fad4092cd854035819179f8f2a80e7dd0668ce08115f9', 5, 6, ' dr. Bambang ', 12, 'Administrator', '2020-12-07', '02:12:00', '02:05:00', '2020-12-07', 'cc57f4b6f329a1391bd3faa88d413f82a65335f8c7dc095964a17675d998904c', 6, '2020-12-07 02:05:25', '2020-12-07 02:05:25'),
(7, '0e92ed2b30d8439f418e4d5b09d41353ec1b169808b5a0ba5bf5e6ee109ba837', 14, 24, '     dr. Helly Habiballoh Luqmansyah, Sp.S     ', 12, 'Administrator', '2020-12-07', '02:12:00', '02:07:00', '2020-12-07', '16', 9, '2020-12-07 02:07:26', '2020-12-07 02:07:26'),
(8, 'b6f630cc85a5f54033ae783c43917cdd83b043ab1ff9c9438049ac498b5ea704', 14, 24, '      dr. Helly Habiballoh Luqmansyah, Sp.S      ', 12, 'Administrator', '2020-12-07', '02:12:00', '02:10:00', '2020-12-07', '17', 9, '2020-12-07 02:10:22', '2020-12-07 02:10:22'),
(10, '0d99ef164667195db6a88ca8eaf3eaad4ae0e411a33844bd18bb1e66a32598d7', 23, 0, 'The Doctor', 12, 'Administrator', '2020-12-07', '02:12:00', '02:48:00', '2020-12-07', 'kunjungan-luar', 12, '2020-12-07 02:49:27', '2020-12-07 02:49:27');

-- --------------------------------------------------------

--
-- Table structure for table `lab_hasil`
--

CREATE TABLE `lab_hasil` (
  `id` int(11) NOT NULL,
  `uid` varchar(64) NOT NULL,
  `id_hasil` int(11) NOT NULL,
  `nama` varchar(256) DEFAULT NULL,
  `hasil` varchar(64) NOT NULL,
  `on_create` datetime NOT NULL
) ENGINE=InnoDB DEFAULT CHARSET=latin1;

--
-- Dumping data for table `lab_hasil`
--

INSERT INTO `lab_hasil` (`id`, `uid`, `id_hasil`, `nama`, `hasil`, `on_create`) VALUES
(1, 'e940b89527b7e3e804546aeb75f0160c5cc2d3aef0c86e4458667ee61639a5c7', 91, 'Jamur', '70', '2020-11-22 23:12:57'),
(2, 'e940b89527b7e3e804546aeb75f0160c5cc2d3aef0c86e4458667ee61639a5c7', 3, 'LYM%', '70', '2020-11-22 23:13:03'),
(3, 'c7669e5e5d8c48a0576e2aba8e3e64d489a31b49e9322126d8ea65cc1ae0e057', 89, 'Telur Cacing', '12', '2020-11-23 01:52:04'),
(4, 'f4c19fa67b4aeba73008d434ea435b1ca08af4afb764403dbedfdb2cbbde68ef', 91, 'Jamur', '12', '2020-11-23 01:53:28'),
(5, '9b3c00722b7332d40dc411b69e9a94c371e77cfc2206edc1280f3eb75d5429d5', 90, 'Amoeba', '12', '2020-11-23 01:54:35'),
(6, '9b3c00722b7332d40dc411b69e9a94c371e77cfc2206edc1280f3eb75d5429d5', 88, 'Eritrosit', '14', '2020-11-23 01:54:40'),
(7, 'ba6fbb4176ab153160dbc90d4f6658e264b93ac6f2d0126beb77aff23c9392a4', 90, 'Amoeba', '12', '2020-11-23 01:59:17'),
(8, '4bd1e658c227465408541b9eed6da60820b8d54852feee546874efa314ea4443', 90, 'Amoeba', '12', '2020-11-23 02:01:43'),
(9, 'f29fdb1278b6b0297bb43f7869ae8f33e3175374cbc6f5904550491b0b7fe398', 47, 'CK-MB', '12', '2020-11-24 19:40:56'),
(10, 'f29fdb1278b6b0297bb43f7869ae8f33e3175374cbc6f5904550491b0b7fe398', 53, 'Protein ', '12', '2020-11-24 19:41:02'),
(11, '265a4b549b59cececcf03e0d87f0f4eae0eafdf3c162e40cd269dd9c17b29a85', 87, 'Leukosit', '12', '2020-12-07 00:13:53'),
(12, '1202a8d184c80936009bbab6158af56b42e7d5cba99d6414e38acc3c4781f521', 95, 'Analisa Sperma', '12', '2020-12-07 00:20:32'),
(13, '1202a8d184c80936009bbab6158af56b42e7d5cba99d6414e38acc3c4781f521', 3, 'LYM%', '12', '2020-12-07 00:20:38'),
(14, 'ba83d261e6da923e23a7bcbae6a165c2c108a2e02028696535f8d1a98cb4a64b', 89, 'Telur Cacing', '12', '2020-12-07 00:50:49'),
(15, '3770fc33c317fac13be59037ddf9c798979b658f1482281ae02880ce09d94af6', 88, 'Eritrosit', '12', '2020-12-07 01:06:39'),
(16, '99738c79d33c6b116478b9cded52ed2f2bd2710d53cb70f6b1c007bbae015c94', 89, 'Telur Cacing', '5', '2020-12-07 02:00:11'),
(17, '8ce5e2bc554b14a2e089274204baf2078f9d3ecbcd739d607ba1587b6e49ed32', 89, 'Telur Cacing', '7', '2020-12-07 02:03:56'),
(18, '051e8cd8c939fa241732d7270813414fc3218f52324fd0ab70a390555bd9f502', 88, 'Eritrosit', 'u', '2020-12-07 02:04:19'),
(19, '8b036a83951d70c4404fad4092cd854035819179f8f2a80e7dd0668ce08115f9', 89, 'Telur Cacing', '8', '2020-12-07 02:05:20'),
(20, '0e92ed2b30d8439f418e4d5b09d41353ec1b169808b5a0ba5bf5e6ee109ba837', 90, 'Amoeba', '8', '2020-12-07 02:07:23'),
(21, 'b6f630cc85a5f54033ae783c43917cdd83b043ab1ff9c9438049ac498b5ea704', 89, 'Telur Cacing', '0', '2020-12-07 02:10:17'),
(22, '1cac68fff14582958d8b0dd3b9eb1caeea1eb0ea3da3ea577e14eaf04d67194e', 90, 'Amoeba', '4', '2020-12-07 02:47:40'),
(23, '0d99ef164667195db6a88ca8eaf3eaad4ae0e411a33844bd18bb1e66a32598d7', 89, 'Telur Cacing', '5', '2020-12-07 02:48:51');

-- --------------------------------------------------------

--
-- Table structure for table `lab_permintaan`
--

CREATE TABLE `lab_permintaan` (
  `id` int(11) NOT NULL,
  `uid` varchar(64) NOT NULL,
  `id_permintaan` int(11) NOT NULL,
  `kode` varchar(64) DEFAULT NULL,
  `nama` varchar(256) NOT NULL,
  `harga` decimal(10,0) NOT NULL,
  `on_create` datetime NOT NULL
) ENGINE=InnoDB DEFAULT CHARSET=latin1;

--
-- Dumping data for table `lab_permintaan`
--

INSERT INTO `lab_permintaan` (`id`, `uid`, `id_permintaan`, `kode`, `nama`, `harga`, `on_create`) VALUES
(1, 'e940b89527b7e3e804546aeb75f0160c5cc2d3aef0c86e4458667ee61639a5c7', 4, 'Chol', 'Kolesterol', '30000', '2020-11-22 23:12:46'),
(2, 'e940b89527b7e3e804546aeb75f0160c5cc2d3aef0c86e4458667ee61639a5c7', 1, 'DR', 'Darah Rutin', '100000', '2020-11-22 23:12:47'),
(3, 'c7669e5e5d8c48a0576e2aba8e3e64d489a31b49e9322126d8ea65cc1ae0e057', 1, 'DR', 'Darah Rutin', '100000', '2020-11-23 01:52:00'),
(4, 'f4c19fa67b4aeba73008d434ea435b1ca08af4afb764403dbedfdb2cbbde68ef', 3, 'GDS', 'Gula Darah Sewaktu', '25000', '2020-11-23 01:53:24'),
(5, '9b3c00722b7332d40dc411b69e9a94c371e77cfc2206edc1280f3eb75d5429d5', 4, 'Chol', 'Kolesterol', '30000', '2020-11-23 01:54:23'),
(6, '9b3c00722b7332d40dc411b69e9a94c371e77cfc2206edc1280f3eb75d5429d5', 1, 'DR', 'Darah Rutin', '100000', '2020-11-23 01:54:25'),
(7, '9b3c00722b7332d40dc411b69e9a94c371e77cfc2206edc1280f3eb75d5429d5', 2, 'goldar', 'Golongan Darah', '30000', '2020-11-23 01:54:27'),
(8, 'ba6fbb4176ab153160dbc90d4f6658e264b93ac6f2d0126beb77aff23c9392a4', 2, 'goldar', 'Golongan Darah', '30000', '2020-11-23 01:59:12'),
(9, '4bd1e658c227465408541b9eed6da60820b8d54852feee546874efa314ea4443', 3, 'GDS', 'Gula Darah Sewaktu', '25000', '2020-11-23 02:01:39'),
(10, 'f29fdb1278b6b0297bb43f7869ae8f33e3175374cbc6f5904550491b0b7fe398', 3, 'GDS', 'Gula Darah Sewaktu', '25000', '2020-11-24 19:40:33'),
(11, 'f29fdb1278b6b0297bb43f7869ae8f33e3175374cbc6f5904550491b0b7fe398', 4, 'Chol', 'Kolesterol', '30000', '2020-11-24 19:40:36'),
(12, '265a4b549b59cececcf03e0d87f0f4eae0eafdf3c162e40cd269dd9c17b29a85', 4, 'Chol', 'Kolesterol', '30000', '2020-12-07 00:13:43'),
(13, '1202a8d184c80936009bbab6158af56b42e7d5cba99d6414e38acc3c4781f521', 4, 'Chol', 'Kolesterol', '30000', '2020-12-07 00:20:43'),
(14, '1202a8d184c80936009bbab6158af56b42e7d5cba99d6414e38acc3c4781f521', 2, 'goldar', 'Golongan Darah', '30000', '2020-12-07 00:20:46'),
(15, 'ba83d261e6da923e23a7bcbae6a165c2c108a2e02028696535f8d1a98cb4a64b', 4, 'Chol', 'Kolesterol', '30000', '2020-12-07 00:50:44'),
(16, '3770fc33c317fac13be59037ddf9c798979b658f1482281ae02880ce09d94af6', 3, 'GDS', 'Gula Darah Sewaktu', '25000', '2020-12-07 01:06:35'),
(17, '99738c79d33c6b116478b9cded52ed2f2bd2710d53cb70f6b1c007bbae015c94', 4, 'Chol', 'Kolesterol', '30000', '2020-12-07 02:00:07'),
(18, '8ce5e2bc554b14a2e089274204baf2078f9d3ecbcd739d607ba1587b6e49ed32', 4, 'Chol', 'Kolesterol', '30000', '2020-12-07 02:03:50'),
(19, '051e8cd8c939fa241732d7270813414fc3218f52324fd0ab70a390555bd9f502', 2, 'goldar', 'Golongan Darah', '30000', '2020-12-07 02:04:13'),
(20, '8b036a83951d70c4404fad4092cd854035819179f8f2a80e7dd0668ce08115f9', 4, 'Chol', 'Kolesterol', '30000', '2020-12-07 02:05:15'),
(21, '0e92ed2b30d8439f418e4d5b09d41353ec1b169808b5a0ba5bf5e6ee109ba837', 3, 'GDS', 'Gula Darah Sewaktu', '25000', '2020-12-07 02:07:17'),
(22, 'b6f630cc85a5f54033ae783c43917cdd83b043ab1ff9c9438049ac498b5ea704', 3, 'GDS', 'Gula Darah Sewaktu', '25000', '2020-12-07 02:10:13'),
(23, '1cac68fff14582958d8b0dd3b9eb1caeea1eb0ea3da3ea577e14eaf04d67194e', 4, 'Chol', 'Kolesterol', '30000', '2020-12-07 02:47:35'),
(24, '0d99ef164667195db6a88ca8eaf3eaad4ae0e411a33844bd18bb1e66a32598d7', 4, 'Chol', 'Kolesterol', '30000', '2020-12-07 02:48:47');

-- --------------------------------------------------------

--
-- Table structure for table `login_attempts`
--

CREATE TABLE `login_attempts` (
  `id` mediumint(8) UNSIGNED NOT NULL,
  `ip_address` varchar(45) NOT NULL,
  `login` varchar(100) DEFAULT NULL,
  `time` int(11) UNSIGNED DEFAULT NULL
) ENGINE=InnoDB DEFAULT CHARSET=utf8;

--
-- Dumping data for table `login_attempts`
--

INSERT INTO `login_attempts` (`id`, `ip_address`, `login`, `time`) VALUES
(9, '127.0.0.1', 'administrator', 1615392183);

-- --------------------------------------------------------

--
-- Table structure for table `master_kamar`
--

CREATE TABLE `master_kamar` (
  `id` int(11) NOT NULL,
  `kelas` int(11) NOT NULL,
  `nomor` int(11) NOT NULL,
  `harga` decimal(10,0) NOT NULL,
  `on_create` datetime NOT NULL,
  `on_update` datetime NOT NULL
) ENGINE=InnoDB DEFAULT CHARSET=latin1;

--
-- Dumping data for table `master_kamar`
--

INSERT INTO `master_kamar` (`id`, `kelas`, `nomor`, `harga`, `on_create`, `on_update`) VALUES
(1, 1, 3, '300000', '2020-10-27 00:08:58', '2020-10-27 00:12:25'),
(2, 1, 4, '300000', '2020-10-27 00:12:33', '2020-10-27 00:12:33'),
(3, 1, 5, '300000', '2020-10-27 00:12:44', '2020-10-27 00:12:44'),
(4, 1, 6, '300000', '2020-10-27 00:13:06', '2020-10-27 00:13:06'),
(5, 2, 1, '250000', '2020-10-27 00:13:20', '2020-10-27 00:13:20'),
(6, 2, 2, '250000', '2020-10-27 00:13:27', '2020-10-27 10:48:17');

-- --------------------------------------------------------

--
-- Table structure for table `master_lab`
--

CREATE TABLE `master_lab` (
  `id` int(11) NOT NULL,
  `kode` varchar(64) NOT NULL,
  `nama` varchar(256) NOT NULL,
  `harga` decimal(10,0) NOT NULL,
  `kategori` varchar(256) NOT NULL,
  `on_create` datetime NOT NULL,
  `on_update` datetime NOT NULL
) ENGINE=InnoDB DEFAULT CHARSET=latin1;

--
-- Dumping data for table `master_lab`
--

INSERT INTO `master_lab` (`id`, `kode`, `nama`, `harga`, `kategori`, `on_create`, `on_update`) VALUES
(1, 'DR', 'Darah Rutin', '100000', 'Hematologi', '2020-10-26 23:37:50', '2020-10-26 23:50:34'),
(2, 'goldar', 'Golongan Darah', '30000', 'Hematologi', '2020-10-26 23:43:57', '2020-10-26 23:50:28'),
(3, 'GDS', 'Gula Darah Sewaktu', '25000', 'Hematologi', '2020-10-26 23:46:34', '2020-10-26 23:50:22'),
(4, 'Chol', 'Kolesterol', '30000', 'Hematologi', '2020-10-26 23:52:30', '2020-11-02 01:36:13');

-- --------------------------------------------------------

--
-- Table structure for table `master_lab_hasil`
--

CREATE TABLE `master_lab_hasil` (
  `id` int(11) NOT NULL,
  `nama` varchar(256) NOT NULL,
  `satuan` varchar(128) DEFAULT NULL,
  `nilai_normal` varchar(128) DEFAULT NULL,
  `kategori` varchar(128) NOT NULL,
  `on_create` datetime NOT NULL,
  `on_update` datetime NOT NULL
) ENGINE=InnoDB DEFAULT CHARSET=latin1;

--
-- Dumping data for table `master_lab_hasil`
--

INSERT INTO `master_lab_hasil` (`id`, `nama`, `satuan`, `nilai_normal`, `kategori`, `on_create`, `on_update`) VALUES
(1, 'WBC', '10^9/1', '3.5-10.0', 'Hematologi', '0000-00-00 00:00:00', '0000-00-00 00:00:00'),
(2, 'LYM', '10^9/1', '0.9-5.0', 'Hematologi', '0000-00-00 00:00:00', '0000-00-00 00:00:00'),
(3, 'LYM%', '%', '15.0-50.0', 'Hematologi', '0000-00-00 00:00:00', '0000-00-00 00:00:00'),
(4, 'MID', '10^9/1', '0.1-1.5', 'Hematologi', '0000-00-00 00:00:00', '0000-00-00 00:00:00'),
(5, 'MID%', '%', '2.0-15.0', 'Hematologi', '0000-00-00 00:00:00', '0000-00-00 00:00:00'),
(6, 'GRA', '10^9/1', '1.2-8.0', 'Hematologi', '0000-00-00 00:00:00', '0000-00-00 00:00:00'),
(7, 'GRA%', '%', '35.0-80.0', 'Hematologi', '0000-00-00 00:00:00', '0000-00-00 00:00:00'),
(8, 'HGB', 'g/dl', '11.5-16.5', 'Hematologi', '0000-00-00 00:00:00', '0000-00-00 00:00:00'),
(9, 'MCH', 'pg', '25.0-35.0', 'Hematologi', '0000-00-00 00:00:00', '0000-00-00 00:00:00'),
(10, 'MCHC', 'g/dl', '31.0-38.0', 'Hematologi', '0000-00-00 00:00:00', '0000-00-00 00:00:00'),
(11, 'RBC', '10^12/1', '3.50-5.50', 'Hematologi', '0000-00-00 00:00:00', '0000-00-00 00:00:00'),
(12, 'MCV', 'f1', '75.0-100.0', 'Hematologi', '0000-00-00 00:00:00', '0000-00-00 00:00:00'),
(13, 'HCT', '%', '35.0-55.0', 'Hematologi', '0000-00-00 00:00:00', '0000-00-00 00:00:00'),
(14, 'RDWa', 'f1', '0.1-250.0', 'Hematologi', '0000-00-00 00:00:00', '0000-00-00 00:00:00'),
(15, 'RDW%', '%', '11.0-16.0', 'Hematologi', '0000-00-00 00:00:00', '0000-00-00 00:00:00'),
(16, 'PLT', '10^9/1', '130-400', 'Hematologi', '0000-00-00 00:00:00', '0000-00-00 00:00:00'),
(17, 'MPV', 'f1', '6.5-11.0', 'Hematologi', '0000-00-00 00:00:00', '0000-00-00 00:00:00'),
(18, 'PDWa', 'f1', '0.1-30.0', 'Hematologi', '0000-00-00 00:00:00', '0000-00-00 00:00:00'),
(19, 'PDW%', '%', '0.1-99.9', 'Hematologi', '0000-00-00 00:00:00', '0000-00-00 00:00:00'),
(20, 'PCT', '%', '0.01-9.99', 'Hematologi', '0000-00-00 00:00:00', '0000-00-00 00:00:00'),
(21, 'P-LCR', '%', '0.1-99.9', 'Hematologi', '0000-00-00 00:00:00', '0000-00-00 00:00:00'),
(22, 'P-LCC', '10^9/1', '1-1999', 'Hematologi', '0000-00-00 00:00:00', '0000-00-00 00:00:00'),
(23, 'Glukosa Sewaktu', 'mg/dl', '70-200', 'P-LCR', '0000-00-00 00:00:00', '0000-00-00 00:00:00'),
(24, 'Glukosa Puasa', 'mg/dl', '70-110', 'P-LCR', '0000-00-00 00:00:00', '0000-00-00 00:00:00'),
(25, 'Glukosa 2 Jam PP', 'mg/dl', '120-150', 'P-LCR', '0000-00-00 00:00:00', '0000-00-00 00:00:00'),
(26, 'Uric Acid', 'mg/dl', 'L.3,4-7,0     P.2,4-5,7', 'P-LCR', '0000-00-00 00:00:00', '0000-00-00 00:00:00'),
(27, 'Ureum', 'mg/dl', 'L.8,0-26,0   P.7,0-20,0', 'P-LCR', '0000-00-00 00:00:00', '0000-00-00 00:00:00'),
(28, 'Creatini', 'mg/dl', 'L.0,7-1,6     P.0,6-1,5', 'P-LCR', '0000-00-00 00:00:00', '0000-00-00 00:00:00'),
(29, 'Triggliserida', 'mg/dl', '120-190', 'P-LCR', '0000-00-00 00:00:00', '0000-00-00 00:00:00'),
(30, 'Cholesterol', 'mg/dl', '150-200', 'P-LCR', '0000-00-00 00:00:00', '0000-00-00 00:00:00'),
(31, 'HDL Cholesterol', 'mg/dl', 'L.35-55        P.45-65', 'P-LCR', '0000-00-00 00:00:00', '0000-00-00 00:00:00'),
(32, 'LDL Cholesterol', 'mg/dl', '<130', 'P-LCR', '0000-00-00 00:00:00', '0000-00-00 00:00:00'),
(33, 'SGOT', 'u/l', 'L.<25   P.<21', 'P-LCR', '0000-00-00 00:00:00', '0000-00-00 00:00:00'),
(34, 'SGPT', 'u/l', 'L.<30   P.<28', 'P-LCR', '0000-00-00 00:00:00', '0000-00-00 00:00:00'),
(35, 'Gamma GT', 'u/l', '5,0-8,0', 'P-LCR', '0000-00-00 00:00:00', '0000-00-00 00:00:00'),
(36, 'Alkali Phosphat', 'u/l', '15-69', 'P-LCR', '0000-00-00 00:00:00', '0000-00-00 00:00:00'),
(37, 'Protein Total', 'g/l', '61-82', 'P-LCR', '0000-00-00 00:00:00', '0000-00-00 00:00:00'),
(38, 'Albumin', 'mg/dl', '3,5-5,2', 'P-LCR', '0000-00-00 00:00:00', '0000-00-00 00:00:00'),
(39, 'Globulin', 'mg/dl', '3,2-3,9', 'P-LCR', '0000-00-00 00:00:00', '0000-00-00 00:00:00'),
(40, 'Bilirubin Total', 'mg/dl', '0,25-1,0', 'P-LCR', '0000-00-00 00:00:00', '0000-00-00 00:00:00'),
(41, 'Bilirubin Direct', 'mg/dl', '0-0,25', 'P-LCR', '0000-00-00 00:00:00', '0000-00-00 00:00:00'),
(42, 'Bilirubin Indirect', 'mEq/L', '0,2-0,8', 'P-LCR', '0000-00-00 00:00:00', '0000-00-00 00:00:00'),
(43, 'Kalium', 'mEq/L', '3,5-5,1', 'P-LCR', '0000-00-00 00:00:00', '0000-00-00 00:00:00'),
(44, 'Calsium', 'mEq/L', '8,5-10,5', 'P-LCR', '0000-00-00 00:00:00', '0000-00-00 00:00:00'),
(45, 'Natrium', 'mEq/L', '135-153', 'P-LCR', '0000-00-00 00:00:00', '0000-00-00 00:00:00'),
(46, 'Chlorida', 'mEq/L', '98-109', 'P-LCR', '0000-00-00 00:00:00', '0000-00-00 00:00:00'),
(47, 'CK-MB', 'u/l', '<24', 'P-LCR', '0000-00-00 00:00:00', '0000-00-00 00:00:00'),
(48, 'Warna', NULL, 'Kuning', 'URINALISIS', '0000-00-00 00:00:00', '0000-00-00 00:00:00'),
(49, 'Kejernihan', NULL, 'Jernih', 'URINALISIS', '0000-00-00 00:00:00', '0000-00-00 00:00:00'),
(50, 'Berat Jenis', NULL, '1.005-1.030', 'URINALISIS', '0000-00-00 00:00:00', '0000-00-00 00:00:00'),
(51, 'pH', NULL, '5,5-8,0', 'URINALISIS', '0000-00-00 00:00:00', '0000-00-00 00:00:00'),
(52, 'Glukosa', NULL, 'Negatif', 'URINALISIS', '0000-00-00 00:00:00', '0000-00-00 00:00:00'),
(53, 'Protein ', NULL, 'Negatif', 'URINALISIS', '0000-00-00 00:00:00', '0000-00-00 00:00:00'),
(54, 'Bilirubin', NULL, 'Negatif', 'URINALISIS', '0000-00-00 00:00:00', '0000-00-00 00:00:00'),
(55, 'Urobilinogen', NULL, 'Negatif', 'URINALISIS', '0000-00-00 00:00:00', '0000-00-00 00:00:00'),
(56, 'Keton', NULL, 'Negatif', 'URINALISIS', '0000-00-00 00:00:00', '0000-00-00 00:00:00'),
(57, 'Nitrit', NULL, 'Negatif', 'URINALISIS', '0000-00-00 00:00:00', '0000-00-00 00:00:00'),
(58, 'Blood', NULL, 'Negatif', 'URINALISIS', '0000-00-00 00:00:00', '0000-00-00 00:00:00'),
(59, 'Leukosit', NULL, 'Negatif', 'URINALISIS', '0000-00-00 00:00:00', '0000-00-00 00:00:00'),
(60, 'Leukosit', NULL, '0-5/LPB', 'SEDIMEN URIN', '0000-00-00 00:00:00', '0000-00-00 00:00:00'),
(61, 'Eritrosit', NULL, '0-5/LPB', 'SEDIMEN URIN', '0000-00-00 00:00:00', '0000-00-00 00:00:00'),
(62, 'Epitel', NULL, '(+) 1', 'SEDIMEN URIN', '0000-00-00 00:00:00', '0000-00-00 00:00:00'),
(63, 'Kristal', NULL, 'Negatif', 'SEDIMEN URIN', '0000-00-00 00:00:00', '0000-00-00 00:00:00'),
(64, 'Silinder', NULL, 'Negatif', 'SEDIMEN URIN', '0000-00-00 00:00:00', '0000-00-00 00:00:00'),
(65, 'Bakteri', NULL, 'Negatif', 'SEDIMEN URIN', '0000-00-00 00:00:00', '0000-00-00 00:00:00'),
(66, 'HBsAg', NULL, 'Negatif', 'IMUNOSEROLOGI', '0000-00-00 00:00:00', '0000-00-00 00:00:00'),
(67, 'Anti HCV', NULL, 'Negatif', 'IMUNOSEROLOGI', '0000-00-00 00:00:00', '0000-00-00 00:00:00'),
(68, 'VDRL', NULL, 'Negatif', 'IMUNOSEROLOGI', '0000-00-00 00:00:00', '0000-00-00 00:00:00'),
(69, 'CRP', NULL, '<0,8 mg/dl', 'IMUNOSEROLOGI', '0000-00-00 00:00:00', '0000-00-00 00:00:00'),
(70, 'RF', NULL, '<0,8 mg/dl', 'IMUNOSEROLOGI', '0000-00-00 00:00:00', '0000-00-00 00:00:00'),
(71, 'Nsl', NULL, 'Negatif', 'IMUNOSEROLOGI', '0000-00-00 00:00:00', '0000-00-00 00:00:00'),
(72, 'IgG/IgM', NULL, 'Negatif', 'IMUNOSEROLOGI', '0000-00-00 00:00:00', '0000-00-00 00:00:00'),
(73, 'HIV', NULL, 'Negatif', 'IMUNOSEROLOGI', '0000-00-00 00:00:00', '0000-00-00 00:00:00'),
(74, 'S Typhi O', NULL, 'Negatif', 'WIDAL', '0000-00-00 00:00:00', '0000-00-00 00:00:00'),
(75, 'S Typhi H', NULL, 'Negatif', 'WIDAL', '0000-00-00 00:00:00', '0000-00-00 00:00:00'),
(76, 'S Paratyphi AO', NULL, 'Negatif', 'WIDAL', '0000-00-00 00:00:00', '0000-00-00 00:00:00'),
(77, 'S Paratyphi BO', NULL, 'Negatif', 'WIDAL', '0000-00-00 00:00:00', '0000-00-00 00:00:00'),
(78, 'S Paratyphi CO', NULL, 'Negatif', 'WIDAL', '0000-00-00 00:00:00', '0000-00-00 00:00:00'),
(79, 'S Paratyphi AH', NULL, 'Negatif', 'WIDAL', '0000-00-00 00:00:00', '0000-00-00 00:00:00'),
(80, 'S Paratyphi BH', NULL, 'Negatif', 'WIDAL', '0000-00-00 00:00:00', '0000-00-00 00:00:00'),
(81, 'S Paratyphi CH', NULL, 'Negatif', 'WIDAL', '0000-00-00 00:00:00', '0000-00-00 00:00:00'),
(82, 'Narkoba', NULL, 'Negatif', 'WIDAL', '0000-00-00 00:00:00', '0000-00-00 00:00:00'),
(83, 'hCG', NULL, NULL, 'WIDAL', '0000-00-00 00:00:00', '0000-00-00 00:00:00'),
(84, 'Lain-lain', NULL, NULL, 'WIDAL', '0000-00-00 00:00:00', '0000-00-00 00:00:00'),
(85, 'Warna', NULL, NULL, 'FAECES', '0000-00-00 00:00:00', '0000-00-00 00:00:00'),
(86, 'Konsistensi', NULL, NULL, 'FAECES', '0000-00-00 00:00:00', '0000-00-00 00:00:00'),
(87, 'Leukosit', NULL, NULL, 'FAECES', '0000-00-00 00:00:00', '0000-00-00 00:00:00'),
(88, 'Eritrosit', NULL, NULL, 'FAECES', '0000-00-00 00:00:00', '0000-00-00 00:00:00'),
(89, 'Telur Cacing', NULL, 'Negatif', 'FAECES', '0000-00-00 00:00:00', '0000-00-00 00:00:00'),
(90, 'Amoeba', NULL, 'Negatif', 'FAECES', '0000-00-00 00:00:00', '0000-00-00 00:00:00'),
(91, 'Jamur', NULL, 'Negatif', 'FAECES', '0000-00-00 00:00:00', '0000-00-00 00:00:00'),
(92, 'Lain-lain', NULL, NULL, 'FAECES', '0000-00-00 00:00:00', '0000-00-00 00:00:00'),
(93, 'Sputum/BTA', '', '', 'P-LCR Lainnya', '0000-00-00 00:00:00', '2020-10-26 23:01:46'),
(94, 'Sekret', '', '', 'P-LCR Lainnya', '0000-00-00 00:00:00', '2020-10-26 23:01:43'),
(95, 'Analisa Sperma', '', '', 'P-LCR Lainnya', '0000-00-00 00:00:00', '2020-10-26 23:20:58');

-- --------------------------------------------------------

--
-- Table structure for table `master_produk`
--

CREATE TABLE `master_produk` (
  `id` int(11) NOT NULL,
  `nama` varchar(256) NOT NULL,
  `harga` decimal(10,0) NOT NULL,
  `on_create` datetime NOT NULL,
  `on_update` datetime NOT NULL,
  `satuan` varchar(64) NOT NULL
) ENGINE=InnoDB DEFAULT CHARSET=latin1;

--
-- Dumping data for table `master_produk`
--

INSERT INTO `master_produk` (`id`, `nama`, `harga`, `on_create`, `on_update`, `satuan`) VALUES
(1, 'Alkohol 70 % 300 ml', '13000', '0000-00-00 00:00:00', '0000-00-00 00:00:00', 'botol'),
(2, 'Ambroxol sirup 15 mg/ml', '3226', '0000-00-00 00:00:00', '0000-00-00 00:00:00', 'botol');

-- --------------------------------------------------------

--
-- Table structure for table `master_usg`
--

CREATE TABLE `master_usg` (
  `id` int(11) NOT NULL,
  `kode` varchar(64) NOT NULL,
  `nama` varchar(256) NOT NULL,
  `harga` decimal(10,0) NOT NULL,
  `kategori` varchar(256) NOT NULL,
  `on_create` datetime NOT NULL,
  `on_update` datetime NOT NULL
) ENGINE=InnoDB DEFAULT CHARSET=latin1;

-- --------------------------------------------------------

--
-- Table structure for table `migrations`
--

CREATE TABLE `migrations` (
  `id` bigint(20) UNSIGNED NOT NULL,
  `version` varchar(255) NOT NULL,
  `class` text NOT NULL,
  `group` varchar(255) NOT NULL,
  `namespace` varchar(255) NOT NULL,
  `time` int(11) NOT NULL,
  `batch` int(11) UNSIGNED NOT NULL
) ENGINE=InnoDB DEFAULT CHARSET=utf8;

--
-- Dumping data for table `migrations`
--

INSERT INTO `migrations` (`id`, `version`, `class`, `group`, `namespace`, `time`, `batch`) VALUES
(1, '20181211100537', 'IonAuth\\Database\\Migrations\\Migration_Install_ion_auth', '', 'IonAuth', 1591467348, 1),
(2, '2020-07-15-161718', 'App\\Database\\Migrations\\Supplier', 'default', 'App', 1594831770, 2);

-- --------------------------------------------------------

--
-- Table structure for table `opt_bidang`
--

CREATE TABLE `opt_bidang` (
  `id` int(11) NOT NULL,
  `nama` varchar(255) NOT NULL,
  `slug` varchar(255) DEFAULT NULL,
  `status` tinyint(255) NOT NULL,
  `ordering` int(11) DEFAULT NULL
) ENGINE=InnoDB DEFAULT CHARSET=latin1;

--
-- Dumping data for table `opt_bidang`
--

INSERT INTO `opt_bidang` (`id`, `nama`, `slug`, `status`, `ordering`) VALUES
(1, 'Pendaftaran', 'pendaftaran', 1, 10),
(2, 'Kasir', 'kasir', 1, 20),
(3, 'Apotek', 'apotek', 1, 80),
(4, 'Manajemen', 'manajemen', 1, 120),
(5, 'Rawat Jalan', 'rawat_jalan', 1, 30),
(6, 'Rawat Inap', 'rawat_inap', 1, 40),
(7, 'Laboratorium', 'laboratorium', 1, 60),
(8, 'USG', 'usg', 1, 70),
(9, 'Gizi', 'gizi', 0, 100),
(10, 'IGD', 'igd', 1, 50),
(11, 'Rekam Medis', 'rekam_medis', 1, 110),
(12, 'OK (Kamar Operasi)', 'ok', 1, 90);

-- --------------------------------------------------------

--
-- Table structure for table `opt_cara_keluar`
--

CREATE TABLE `opt_cara_keluar` (
  `id` int(11) NOT NULL,
  `nama` varchar(256) NOT NULL
) ENGINE=InnoDB DEFAULT CHARSET=utf8mb4;

--
-- Dumping data for table `opt_cara_keluar`
--

INSERT INTO `opt_cara_keluar` (`id`, `nama`) VALUES
(1, 'Pulang'),
(2, 'Rujuk'),
(3, 'Rawat Inap'),
(4, 'Pulang Atas Permintaan Pasien'),
(5, 'Pulang Atas Persetujuan Dokter'),
(6, 'Meninggal');

-- --------------------------------------------------------

--
-- Table structure for table `opt_jabatan`
--

CREATE TABLE `opt_jabatan` (
  `id` int(11) NOT NULL,
  `nama` varchar(255) DEFAULT NULL,
  `is_dokter` tinyint(4) DEFAULT NULL
) ENGINE=InnoDB DEFAULT CHARSET=latin1;

--
-- Dumping data for table `opt_jabatan`
--

INSERT INTO `opt_jabatan` (`id`, `nama`, `is_dokter`) VALUES
(1, 'Direktur', NULL),
(2, 'Rekam Medis', NULL),
(3, 'HRD', NULL),
(4, 'Koordinator', NULL),
(5, 'Analis', NULL),
(6, 'Asisten Apoteker', NULL),
(7, 'Cleaning Service', NULL),
(8, 'Security', NULL),
(9, 'Loundry', NULL),
(10, 'Juru Masak', NULL),
(11, 'Dokter Umum', 1),
(12, 'Staf Manajemen', NULL),
(13, 'Dokter Spesialis Bedah', 1),
(14, 'Apoteker', NULL),
(15, 'Nutrisionis', NULL),
(16, 'Kasir', NULL),
(17, 'Pendaftaran', NULL),
(18, 'Perawat', NULL),
(19, 'Developer', NULL),
(20, 'Dokter Spesialis Obgyn/Kandungan', 1),
(21, 'Dokter Spesialis Mata', 1),
(22, 'Dokter Spesialis Saraf', 1),
(23, 'Bidan', NULL),
(24, 'Dokter Spesialis Anestesi', 1),
(25, 'Dokter Spesialis Anak', 1),
(26, 'Wakil Direktur', NULL);

-- --------------------------------------------------------

--
-- Table structure for table `opt_layanan`
--

CREATE TABLE `opt_layanan` (
  `id` int(11) NOT NULL,
  `nama` varchar(256) NOT NULL
) ENGINE=InnoDB DEFAULT CHARSET=latin1;

--
-- Dumping data for table `opt_layanan`
--

INSERT INTO `opt_layanan` (`id`, `nama`) VALUES
(1, 'Rawat Jalan'),
(2, 'IGD'),
(3, 'Rawat Inap'),
(4, 'Laboratorium'),
(5, 'USG'),
(6, 'Radiologi'),
(7, 'KB'),
(8, 'EKG'),
(9, 'SKD ');

-- --------------------------------------------------------

--
-- Table structure for table `opt_pekerjaan`
--

CREATE TABLE `opt_pekerjaan` (
  `id` int(11) NOT NULL,
  `nama` varchar(128) NOT NULL
) ENGINE=InnoDB DEFAULT CHARSET=latin1;

--
-- Dumping data for table `opt_pekerjaan`
--

INSERT INTO `opt_pekerjaan` (`id`, `nama`) VALUES
(1, 'Belum/ Tidak Bekerja'),
(2, 'Mengurus Rumah Tangga'),
(3, 'Pelajar/ Mahasiswa'),
(4, 'Pensiunan'),
(5, 'Pegawai Negeri Sipil'),
(6, 'Tentara Nasional Indonesia'),
(7, 'Kepolisisan RI'),
(8, 'Perdagangan'),
(9, 'Petani/ Pekebun'),
(10, 'Peternak'),
(11, 'Nelayan/ Perikanan'),
(12, 'Industri'),
(13, 'Konstruksi'),
(14, 'Transportasi'),
(15, 'Karyawan Swasta'),
(16, 'Karyawan BUMN'),
(17, 'Karyawan BUMD'),
(18, 'Karyawan Honorer'),
(19, 'Buruh Harian Lepas'),
(20, 'Buruh Tani/ Perkebunan'),
(21, 'Buruh Nelayan/ Perikanan'),
(22, 'Buruh Peternakan'),
(23, 'Pembantu Rumah Tangga'),
(24, 'Tukang Cukur'),
(25, 'Tukang Listrik'),
(26, 'Tukang Batu'),
(27, 'Tukang Kayu'),
(28, 'Tukang Sol Sepatu'),
(29, 'Tukang Las/ Pandai Besi'),
(30, 'Tukang Jahit'),
(31, 'Tukang Gigi'),
(32, 'Penata Rias'),
(33, 'Penata Busana'),
(34, 'Penata Rambut'),
(35, 'Mekanik'),
(36, 'Seniman'),
(37, 'Tabib'),
(38, 'Paraji'),
(39, 'Perancang Busana'),
(40, 'Penterjemah'),
(41, 'Imam Masjid'),
(42, 'Pendeta'),
(43, 'Pastor'),
(44, 'Wartawan'),
(45, 'Ustadz/ Mubaligh'),
(46, 'Juru Masak'),
(47, 'Promotor Acara'),
(48, 'Anggota DPR-RI'),
(49, 'Anggota DPD'),
(50, 'Anggota BPK'),
(51, 'Presiden'),
(52, 'Wakil Presiden'),
(53, 'Anggota Mahkamah Konstitusi'),
(54, 'Anggota Kabinet/ Kementerian'),
(55, 'Duta Besar'),
(56, 'Gubernur'),
(57, 'Wakil Gubernur'),
(58, 'Bupati'),
(59, 'Wakil Bupati'),
(60, 'Walikota'),
(61, 'Wakil Walikota'),
(62, 'Anggota DPRD Provinsi'),
(63, 'Anggota DPRD Kabupaten/ Kota'),
(64, 'Dosen'),
(65, 'Guru'),
(66, 'Pilot'),
(67, 'Pengacara'),
(68, 'Notaris'),
(69, 'Arsitek'),
(70, 'Akuntan'),
(71, 'Konsultan'),
(72, 'Dokter'),
(73, 'Bidan'),
(74, 'Perawat'),
(75, 'Apoteker'),
(76, 'Psikiater/ Psikolog'),
(77, 'Penyiar Televisi'),
(78, 'Penyiar Radio'),
(79, 'Pelaut'),
(80, 'Peneliti'),
(81, 'Sopir'),
(82, 'Pialang'),
(83, 'Paranormal'),
(84, 'Pedagang'),
(85, 'Perangkat Desa'),
(86, 'Kepala Desa'),
(87, 'Biarawati'),
(88, 'Wiraswasta');

-- --------------------------------------------------------

--
-- Table structure for table `opt_peran`
--

CREATE TABLE `opt_peran` (
  `id` int(11) NOT NULL,
  `nama` varchar(255) DEFAULT NULL
) ENGINE=InnoDB DEFAULT CHARSET=latin1;

--
-- Dumping data for table `opt_peran`
--

INSERT INTO `opt_peran` (`id`, `nama`) VALUES
(2, 'Admin'),
(3, 'Petugas'),
(4, 'Dokter'),
(5, 'Perawat'),
(6, 'Apoteker'),
(7, 'Analis'),
(8, 'Nutrisionis'),
(9, 'Perekam Medis'),
(10, 'Bidan');

-- --------------------------------------------------------

--
-- Table structure for table `opt_state`
--

CREATE TABLE `opt_state` (
  `id` int(11) NOT NULL,
  `nama` varchar(64) NOT NULL,
  `deskripsi` varchar(255) DEFAULT NULL
) ENGINE=InnoDB DEFAULT CHARSET=latin1;

--
-- Dumping data for table `opt_state`
--

INSERT INTO `opt_state` (`id`, `nama`, `deskripsi`) VALUES
(1, 'Pending', 'Rawat Jalan'),
(2, 'Proses', 'Rawat Jalan'),
(3, 'Selesai', 'Rawat Jalan'),
(4, 'Pending', 'IGD'),
(5, 'Proses', 'IGD'),
(6, 'Selesai', 'IGD'),
(7, 'Pendaftaran', 'Rawat Inap'),
(8, 'Pending', 'Rawat Inap'),
(9, 'Proses', 'Rawat Inap'),
(10, 'Selesai', 'Rawat Inap'),
(11, 'Pending', 'Lab'),
(12, 'Proses', 'Lab'),
(13, 'Selesai', 'Lab'),
(14, 'Pending', 'USG'),
(15, 'Proses', 'USG'),
(16, 'Selesai', 'USG'),
(17, 'Pending', 'Radiologi'),
(18, 'Proses', 'Radiologi'),
(19, 'Selesai', 'Radiologi'),
(20, 'Pending', 'KB'),
(21, 'Proses', 'KB'),
(22, 'Selesai', 'KB'),
(23, 'Pending', 'EKG'),
(24, 'Proses', 'EKG'),
(25, 'Selesai', 'EKG'),
(26, 'Pending', 'SKD'),
(27, 'Proses', 'SKD'),
(28, 'Selesai', 'SKD'),
(30, 'Tutup', NULL),
(40, 'Batal', NULL);

-- --------------------------------------------------------

--
-- Table structure for table `pasien`
--

CREATE TABLE `pasien` (
  `id` int(11) NOT NULL,
  `uid` varchar(64) NOT NULL,
  `norm` varchar(8) NOT NULL,
  `alias` varchar(10) NOT NULL,
  `nama` varchar(256) NOT NULL,
  `jk` varchar(16) NOT NULL,
  `nohp` varchar(16) DEFAULT NULL,
  `email` varchar(255) DEFAULT NULL,
  `tempat_lahir` varchar(255) DEFAULT NULL,
  `tgl_lahir` date DEFAULT NULL,
  `gol_darah` varchar(4) DEFAULT NULL,
  `status` varchar(32) DEFAULT NULL,
  `alamat` varchar(500) DEFAULT NULL,
  `agama` varchar(16) DEFAULT NULL,
  `suku` varchar(32) NOT NULL,
  `no_identitas` varchar(64) DEFAULT NULL,
  `identitas` varchar(64) DEFAULT NULL,
  `pekerjaan` varchar(128) DEFAULT NULL,
  `pendidikan` varchar(64) NOT NULL,
  `warga_negara` varchar(16) NOT NULL,
  `prov` varchar(16) NOT NULL,
  `kab` varchar(16) NOT NULL,
  `kec` varchar(16) NOT NULL,
  `desa` varchar(16) NOT NULL,
  `is_dead` tinyint(4) NOT NULL DEFAULT '0',
  `is_born` int(11) DEFAULT NULL,
  `id_parent` int(11) DEFAULT NULL,
  `on_dead` datetime DEFAULT NULL,
  `on_create` datetime NOT NULL,
  `on_update` datetime NOT NULL
) ENGINE=InnoDB DEFAULT CHARSET=latin1;

--
-- Dumping data for table `pasien`
--

INSERT INTO `pasien` (`id`, `uid`, `norm`, `alias`, `nama`, `jk`, `nohp`, `email`, `tempat_lahir`, `tgl_lahir`, `gol_darah`, `status`, `alamat`, `agama`, `suku`, `no_identitas`, `identitas`, `pekerjaan`, `pendidikan`, `warga_negara`, `prov`, `kab`, `kec`, `desa`, `is_dead`, `is_born`, `id_parent`, `on_dead`, `on_create`, `on_update`) VALUES
(26, '1042f04376f5e78734ad105cea9e1d195387d6fe6e264909f3be72e747251a72', '000011', 'Ny', 'Vuu', 'P', '081236716237', NULL, 'Sintang', '2020-10-08', NULL, 'Belum Menikah', 'jalan kelam', 'Katolik', 'Dayak', '01238718273', 'KTP', 'Anggota DPR-RI', 'S1', 'wni', '140000', '140100', '140107', '140107AB', 0, NULL, NULL, NULL, '2020-10-08 17:39:37', '2020-12-10 00:54:53'),
(27, '3f1ba7870e99e88db23670f8516593aba806e62a6c32257475b887fbfd105bc1', '000012', 'Tn', 'Donal', 'L', '0812361672', NULL, 'Sintang', '1992-08-04', NULL, 'Belum Menikah', 'jalan Baning Kota', 'Islam', 'Jawa', '9123126376712', 'SIM', 'Swasta', 'S1', 'wni', '130000', '130400', '130414', '130414AA', 0, NULL, NULL, NULL, '2020-10-08 21:10:43', '2020-11-02 01:52:09'),
(28, '315aa36db0f038992be84b337fe8e7bab7b0e7f058e688219b082be10222c0e4', '000013', 'Sdri', 'Budi', 'L', '0811236t172', NULL, 'Sintang', '2020-10-08', NULL, 'Menikah', 'asndkmasd', 'Islam', 'Jawa', '61235123767612', 'KTP', 'Swasta', 'S1', 'wni', '010000', '010100', '010101', '010101AA', 0, NULL, NULL, NULL, '2020-10-08 21:31:39', '2020-11-02 23:09:41'),
(29, '315aa36db0f038992be84b337fe8e7bab7b0e7f058e688219b082be10222c0e2', '000016', 'Tn', 'Budi', 'L', '0812736712736', NULL, 'Sintang', '2020-10-08', NULL, 'Belum Menikah', 'Jalan Baning Kota', 'Kristen', 'Dayak', '6123615236579', 'KTP', 'Swasta', 'D3', 'wni', '130000', '130400', '130414', '130414AG', 0, NULL, NULL, NULL, '2020-10-08 21:42:55', '2020-11-02 01:38:31'),
(30, '315aa36db0f038992be84b337fe8e7bab7b0e7f058e688219b082be10222c0e5', '000014', 'Tn', 'Vicky', 'L', '081255225454', NULL, 'Sintang', '1992-08-04', NULL, 'Menikah', 'Jalan Kelam Gg Pakis No 4', 'Katolik', 'Dayak', '612341524351524371', 'KTP', 'Anggota DPRD Kabupaten/ Kota', 'S1', 'wni', '130000', '130400', '130414', '130414AC', 0, NULL, NULL, NULL, '2020-10-12 01:18:33', '2020-11-24 21:14:07'),
(31, '315aa36db0f038992be84b337fe8e7bab7b0e7f058e688219b082be10222c0e7', '000015', 'Tn', 'Ronald', 'L', '081254545454', NULL, 'Sintang', '1990-12-20', NULL, 'Belum Menikah', 'Jalam Imam Bonjol', 'Islam', 'Jawa', '61231827361283', 'KTP', 'Anggota DPR-RI', 'S1', 'wni', '130000', '130400', '130414', '130414AC', 0, NULL, NULL, NULL, '2020-10-12 18:32:05', '2020-12-01 15:12:34'),
(32, '315aa36db0f038992be84b337fe8e7bab7b0e7f058e688219b082be10222c0e8', '000017', 'Sdr', 'Marc Marquez', 'L', '08125544332211', NULL, 'Sintang', '2013-10-29', NULL, 'Belum Menikah', 'Jalan Imam Bonjol', 'Kristen', 'Dayak', '0942773872190', 'SIM', 'Konsultan', 'S1', 'wni', '130000', '130400', '130414', '130414AE', 0, NULL, NULL, NULL, '2020-10-14 18:05:03', '2020-11-25 00:36:21'),
(33, '315aa36db0f038992be84b337fe8e7bab7b0e7f058e688219b082be10222c0e9', '000018', 'Tn', 'V Rossi', 'L', '081236163312', NULL, 'Sintang', '1990-05-19', NULL, 'Belum Menikah', 'Jalan MT. Haryono', 'Hindu', 'Batak', '61235126358123', 'KTP', 'Anggota DPR-RI', 'D3', 'wni', '130000', '130400', '130417', '130417AA', 0, NULL, NULL, NULL, '2020-10-14 20:17:35', '2020-12-10 02:17:01'),
(34, '315aa36db0f038992be84b337fe8e7bab7b0e7f058e688219b082be10222c0e0', '000019', 'Sdr', 'Dovizioso', 'L', '0812367676123', NULL, 'Sintang', '2015-06-23', NULL, 'Menikah', 'Jalan Perdana No 3', 'Budha', 'Betawi', '12378718273', 'KTP', 'Anggota BPK', 'SMA', 'wni', '130000', '136000', '136002', '136002AG', 0, NULL, NULL, NULL, '2020-10-16 01:42:37', '2020-12-05 01:48:29'),
(35, '97bf8b49d307ce19591c91573dc5cbd80053b6471b6a63e8a047ac92a81c1ace', '000020', 'Sdr', 'Joan Mir', 'L', '08123612531', NULL, 'Sintang', '1992-12-12', NULL, 'Belum Menikah', 'Jalan Kelam RT.01 RW.23', 'Budha', 'Batak', '612312312331123', 'KTP', 'Anggota BPK', 'S1', 'wni', '130000', '130400', '130414', '130414AC', 0, NULL, NULL, NULL, '2020-10-27 09:47:10', '2020-12-10 02:45:38'),
(36, '54788f301755b8f32f330cfa26560101e000a446a83c95aae6f8ce94c032ce67', '000199', 'Tn', 'Nakagami', 'L', '08612371232', NULL, 'Sintang', '1990-10-23', NULL, 'Menikah', 'Jalan Alam', 'Budha', 'Japanese', '09747623123', 'Paspor', 'Akuntan', 'S3', 'wna', '010000', '016400', '016409', '016409AF', 0, NULL, NULL, NULL, '2020-10-31 21:47:21', '2020-12-10 02:48:22'),
(37, '26ff7ac9ff8cd7151aded5a4c306fec2f8c4d3d65f7cdf618420ae5a5bae3bf2', '000300', 'Tn', 'Lewis Hamilton', 'L', '66666', NULL, 'Sintang', '2016-07-27', NULL, 'Belum Menikah', 'Jalan Trans', 'Islam', 'Bule', '66666', 'KTP', 'Duta Besar', 'SD', 'wni', '040000', '040300', '040312', '040312AB', 0, NULL, NULL, NULL, '2020-12-01 13:48:04', '2021-01-10 22:21:13'),
(38, 'a69859c47b130baaa9122aec4391ee91c1520d211c557ecce66e9c2bd608db88', '000301', 'Tn', 'Violet Grady', 'L', '828-928-8235', NULL, 'East Cyril', '2014-06-10', NULL, 'Belum Menikah', '2639 McGlynn Light', 'Islam', 'Massachusetts', '5001', 'SIM', 'Anggota DPR-RI', 'SD', 'wni', '290000', '290600', '290605', '290605AD', 0, NULL, NULL, NULL, '2020-12-01 15:13:50', '2020-12-10 02:28:26'),
(39, '7a7d90bed84ea5b67e8f8759123df4fcbdcf07e6150954b7162485d59d9e494b', '000302', 'By', 'Vidi', 'L', '-', NULL, 'Sintang', '2020-12-10', NULL, 'Belum Menikah', 'jalan kelam', 'Katolik', 'Dayak', '-', 'Dll', 'Belum/ Tidak Bekerja', 'Belum Sekolah', 'wni', '140000', '140100', '140107', '140107AB', 0, 1, 26, NULL, '2020-12-10 01:01:00', '2020-12-10 01:01:00'),
(40, '4447d57c239cb80c2910c82e602220f36b537f8fe00c0875de1f4b19c4f0f44e', '000303', 'By', 'cici', 'P', '-', NULL, 'Sintang', '2020-12-10', NULL, 'Belum Menikah', 'jalan kelam', 'Katolik', 'Dayak', '-', 'Dll', 'Belum/ Tidak Bekerja', 'Belum Sekolah', 'wni', '140000', '140100', '140107', '140107AB', 0, 1, 26, NULL, '2020-12-10 01:06:55', '2020-12-10 01:06:55'),
(41, 'a98fc6e9fb80381416b1bebed365313da0d4530b059b193e2e59ca64febfd8a0', '000304', 'By', 'Kiki', 'L', '-', NULL, 'Sintang', '2020-12-10', NULL, 'Belum Menikah', 'jalan kelam', 'Katolik', 'Dayak', '-', 'Dll', 'Belum/ Tidak Bekerja', 'Belum Sekolah', 'wni', '140000', '140100', '140107', '140107AB', 0, 1, 26, NULL, '2020-12-10 01:09:26', '2020-12-10 01:09:26'),
(42, 'a08e2fc77a8ede001d3108b5fc3278ef7267894850607f26208506d269e257d7', '000305', 'By', 'Dodo', 'L', '-', NULL, 'Sintang', '2020-12-10', NULL, 'Belum Menikah', 'jalan kelam', 'Katolik', 'Dayak', '-', 'Dll', 'Belum/ Tidak Bekerja', 'Belum Sekolah', 'wni', '140000', '140100', '140107', '140107AB', 0, 1, 26, NULL, '2020-12-10 01:09:53', '2020-12-10 01:09:53');

-- --------------------------------------------------------

--
-- Table structure for table `pegawai`
--

CREATE TABLE `pegawai` (
  `id` int(11) NOT NULL,
  `nama` varchar(256) NOT NULL,
  `jk` varchar(16) NOT NULL,
  `nohp` varchar(16) DEFAULT NULL,
  `tempat_lahir` varchar(255) DEFAULT NULL,
  `tgl_lahir` date DEFAULT NULL,
  `status` varchar(32) DEFAULT NULL,
  `alamat` varchar(500) DEFAULT NULL,
  `pendidikan_terakhir` varchar(16) DEFAULT NULL,
  `status_kerja` varchar(64) DEFAULT NULL,
  `nik` varchar(64) DEFAULT NULL,
  `id_jabatan` int(11) DEFAULT NULL,
  `id_bidang` int(11) DEFAULT NULL,
  `id_peran` int(11) NOT NULL,
  `id_klinik` int(11) DEFAULT NULL,
  `gol_darah` varchar(4) DEFAULT NULL,
  `email` varchar(255) DEFAULT NULL,
  `on_create` datetime NOT NULL,
  `on_update` datetime NOT NULL
) ENGINE=InnoDB DEFAULT CHARSET=latin1;

--
-- Dumping data for table `pegawai`
--

INSERT INTO `pegawai` (`id`, `nama`, `jk`, `nohp`, `tempat_lahir`, `tgl_lahir`, `status`, `alamat`, `pendidikan_terakhir`, `status_kerja`, `nik`, `id_jabatan`, `id_bidang`, `id_peran`, `id_klinik`, `gol_darah`, `email`, `on_create`, `on_update`) VALUES
(5, 'Vicky', 'L', '', 'Sintang', '1992-08-04', 'Belum Menikah', 'Jalan Kelam', 'S1', 'Pegawai Tetap', '0000', 19, 4, 2, NULL, 'O', NULL, '2020-06-12 13:16:47', '2020-11-02 00:27:48'),
(6, 'dr. Syarifah Prita Yulianty Permatasari, Sp.A', 'P', '', 'Bandung', '1985-07-20', 'Menikah', 'Jl. Pattimura No. 31, 003/006\r\nTanjung Puri, Sintang', 'S1', 'Kontrak', '6105016007850001', 11, 0, 4, 5, 'B', NULL, '2020-06-12 13:29:21', '2020-11-28 12:06:30'),
(7, 'dr. Izwin Ramadona, Sp.OG', 'L', '081392377328', 'Sintang', '1982-06-28', 'Menikah', 'Jl. Dharma Putra ', 'S1', 'Pegawai Tetap', '6105012806820001', 20, 0, 4, 3, 'AB', NULL, '2020-06-12 13:52:50', '2020-11-28 12:00:23'),
(11, 'Jaramen Purba', 'L', '0812356125312', 'Sintang', '1992-06-16', 'Belum Menikah', 'Jalan', 'S1', '', '', 18, 5, 5, 4, 'A', NULL, '2020-10-23 22:51:33', '2020-11-26 10:19:06'),
(12, 'Rama', 'L', '', 'Sintang', '2020-10-24', 'Belum Menikah', '', 'S1', '', '', 1, 4, 2, NULL, 'B', NULL, '2020-10-24 11:13:36', '2020-11-02 00:27:42'),
(13, 'Agnes', 'P', '08237187231', 'Sintang', '1990-10-24', 'Belum Menikah', 'Jalan Jalan', 'S1', '', '12637167236123', 5, 7, 7, 0, 'A', NULL, '2020-10-28 11:20:22', '2020-10-28 11:20:22'),
(14, 'Renata', 'P', '08123516253', 'Sintang', '2000-11-22', 'Belum Menikah', 'Jalan Sintang', 'S1', 'Pegawai Tetap', '1237812736712763', 17, 1, 3, 0, 'A', NULL, '2020-11-02 00:49:22', '2020-11-02 00:49:22'),
(15, 'Juna', 'L', '012371823112', 'Sintang', '1990-07-12', '', 'Jalan Merdeka', '', '', '', 18, 10, 5, 0, '', NULL, '2020-11-02 01:59:15', '2020-11-02 01:59:15'),
(16, 'Agung', 'L', '08123781723', 'Sintang', '1990-06-15', '', 'Jalan Imam Bonjol', '', '', '', 16, 2, 3, 0, '', NULL, '2020-11-02 23:59:55', '2020-11-02 23:59:55'),
(17, 'Arnold', 'L', '', 'Sintang', '1992-11-26', '', '', '', '', '', 18, 6, 5, NULL, '', NULL, '2020-11-26 10:16:59', '2020-11-28 11:37:07'),
(18, 'dr. Sandra Harisandi, Sp.B', 'L', '', 'Singkawang', '1985-02-14', 'Menikah', 'Jl. MT. Haryono, 010/003\r\nKapuas Kanan Hulu, Sintang', 'S1', '', '6105011402850002', 13, 0, 4, 4, 'O', NULL, '2020-11-28 11:32:03', '2020-11-28 11:32:03'),
(19, 'dr. Igri Septiani Ryska', 'P', '', 'Sintang', '1992-09-13', 'Belum Menikah', 'Jl. Kelam Komplek Akcaya I, 006/002\r\nAkcaya, Sintang', 'S1', '', '6105015309920001', 11, 0, 4, 0, 'B', NULL, '2020-11-28 11:34:26', '2020-11-28 11:34:26'),
(20, 'dr. Muhammad Fauzi', 'L', '', 'Sintang', '1992-06-30', 'Menikah', 'Jl. PKP. Mujahidin Gg. Rawamangun, 010/002\r\nBaning Kota, Sintang', 'S1', '', '6105013006920002', 11, 0, 4, 0, 'A', NULL, '2020-11-28 11:36:32', '2020-11-28 11:36:32'),
(21, 'dr. Riyana', 'P', '', 'Sintang', '1987-11-15', 'Belum Menikah', 'Jl. MT. Haryono, 033/005\r\nKapuas Kanan Hulu, Sintang', 'S1', '', '6105015511870002', 11, 0, 4, 0, '', NULL, '2020-11-28 11:47:40', '2020-11-28 11:47:40'),
(22, 'dr. Pebri Susanti', 'P', '', 'Sintang', '1991-02-02', '', 'Jl. MT. Haryono, Km. 2, 013/004\r\nKapuas Kanan Hulu, Sintang', 'S1', '', '', 1, 0, 4, 0, '', NULL, '2020-11-28 11:51:37', '2020-11-28 11:51:37'),
(23, 'dr. Egidius Ian Andrian', 'L', '089523347194', 'Sintan', '1994-03-02', 'Belum Menikah', 'Jl. YC. Oevang Oeray, 029/003\r\nBaning Kota, Sintang', '', '', '6105010203940006', 11, 0, 4, 0, '', NULL, '2020-11-28 12:03:41', '2020-11-28 12:03:41'),
(24, 'dr. Helly Habiballoh Luqmansyah, Sp.S', 'P', '082140806503', 'Madiun', '1981-01-26', 'Menikah', 'Jl. Dharma Putra Perum Bumi Akcaya Permai, 026/001\r\nBaning Kota, Sintang', 'S1', '', '3519092601810009', 22, 0, 4, 1, '', NULL, '2020-11-28 12:10:03', '2020-11-28 12:10:03'),
(25, 'dr. Feri Iskandar, Sp. B', 'L', '085220258063', 'Bandung', '1979-03-04', 'Menikah', 'BTN Bumi Akcaya Permai Blok H-7 \r\nBaning Kota, Sintang', 'S1', '', '-', 13, 0, 4, 4, '', NULL, '2020-11-28 12:13:44', '2020-11-28 12:13:44'),
(26, 'dr. Sulasmi Sp. M', 'P', '', 'Jakarta', '1980-05-19', 'Menikah', '', 'S1', '', '3273145905800002', 21, 0, 4, 2, 'O', NULL, '2020-11-28 12:15:33', '2020-11-28 12:15:33'),
(27, 'Dyah Aftasari, Amd.Kes', 'P', '085751818676', 'Pontianak', '1996-09-04', 'Belum Menikah', 'Jl. YC. Oevang Oeray, 014/003\r\nBaning Kota, Sintang', 'D3', '', '6105014409960003', 2, 11, 9, 0, 'B', NULL, '2020-11-28 13:55:46', '2020-11-28 13:55:46'),
(28, 'Fitriyani, Amd.Keb', 'P', '089694292111', 'Sintang', '1994-11-04', 'Menikah', 'Jl. Bintara, 002/001\r\nKapuas Kiri Hilir, Sintang', 'D3', 'Pegawai Tetap', '6105014611940006', 23, 5, 5, 3, 'O', NULL, '2020-12-02 09:15:32', '2020-12-02 09:15:32'),
(29, 'Umi Salamah, Amd.Keb.', 'P', '08565011230', 'Jombang', '1988-04-05', 'Menikah', 'Jl. MT. Haryono, GG. Wiyata I\r\nKapuas Kanan Hulu', 'D3', 'Pegawai Tetap', '6110014504880001', 23, 6, 5, NULL, 'AB', NULL, '2020-12-02 09:17:44', '2020-12-02 09:18:18'),
(30, 'Disty Pratiwi, Amd.Keb.', 'P', '081254539933', 'Sintang', '1997-12-22', 'Menikah', 'Jl. Adi Irwan, 013/004\r\nKapuas Kanan Hulu, Sintang', 'D3', 'Magang', '6105016212970001', 23, 5, 5, 3, 'O', NULL, '2020-12-02 09:21:23', '2020-12-02 09:21:23'),
(31, 'Nikolaus Benny', 'L', '085752533035', 'Pulau Mandong', '1997-03-21', 'Belum Menikah', 'Jl. MT. Haryono, Gg. Wajar\r\nKapuas Kanan Hulu, Sintang', 'SMA', 'Pegawai Tetap', '6105022103970001', 17, 1, 3, 0, 'O', NULL, '2020-12-02 14:11:58', '2020-12-02 14:11:58');

-- --------------------------------------------------------

--
-- Table structure for table `produk`
--

CREATE TABLE `produk` (
  `id` int(11) NOT NULL,
  `nama` varchar(256) NOT NULL,
  `harga` decimal(10,0) NOT NULL,
  `on_create` datetime NOT NULL,
  `on_update` datetime NOT NULL,
  `satuan` varchar(64) NOT NULL
) ENGINE=InnoDB DEFAULT CHARSET=latin1;

-- --------------------------------------------------------

--
-- Table structure for table `rawat_inap`
--

CREATE TABLE `rawat_inap` (
  `id` int(11) NOT NULL,
  `uid` varchar(64) NOT NULL,
  `id_pendaftaran` int(11) NOT NULL,
  `id_dpjp` int(11) DEFAULT NULL,
  `nama_dpjp` varchar(256) DEFAULT NULL,
  `tarif_dpjp` decimal(10,0) DEFAULT NULL,
  `id_dpjp_utama` int(11) DEFAULT NULL,
  `nama_dpjp_utama` varchar(256) DEFAULT NULL,
  `tarif_dpjp_utama` decimal(10,0) DEFAULT NULL,
  `visite_dpjp_utama` int(11) DEFAULT NULL,
  `tgl_masuk` date DEFAULT NULL,
  `jam_masuk` time DEFAULT NULL,
  `jam_keluar` time DEFAULT NULL,
  `tgl_keluar` date DEFAULT NULL,
  `kondisi_keluar` varchar(64) DEFAULT NULL,
  `jam_meninggal` time DEFAULT NULL,
  `tgl_meninggal` date DEFAULT NULL,
  `is_lab` tinyint(4) DEFAULT '0',
  `is_usg` tinyint(4) DEFAULT '0',
  `is_radiologi` tinyint(4) DEFAULT '0',
  `on_create` datetime NOT NULL,
  `on_update` datetime NOT NULL
) ENGINE=InnoDB DEFAULT CHARSET=latin1;

--
-- Dumping data for table `rawat_inap`
--

INSERT INTO `rawat_inap` (`id`, `uid`, `id_pendaftaran`, `id_dpjp`, `nama_dpjp`, `tarif_dpjp`, `id_dpjp_utama`, `nama_dpjp_utama`, `tarif_dpjp_utama`, `visite_dpjp_utama`, `tgl_masuk`, `jam_masuk`, `jam_keluar`, `tgl_keluar`, `kondisi_keluar`, `jam_meninggal`, `tgl_meninggal`, `is_lab`, `is_usg`, `is_radiologi`, `on_create`, `on_update`) VALUES
(1, '61025e9065daaf71d1f333b388cf81a029a48e1f190203ccab53b99b86ee971f', 1, 7, '  dr. Desi  ', '100000', 6, '  dr. Bambang  ', '50000', NULL, '2020-11-22', '23:11:00', '18:00:00', '2020-11-24', 'Hidup', '00:00:00', '0000-00-00', 1, NULL, NULL, '2020-11-22 23:16:33', '2020-11-24 19:29:42'),
(2, '789ef467d0d59ddd585552d1cce171948eb149297d177adf9e3e555d871d6f83', 3, 7, '  dr. Desi  ', '100000', 6, '  dr. Bambang  ', '50000', NULL, '2020-11-23', '02:11:00', '00:00:00', '2020-11-25', 'Hidup', '00:00:00', '0000-00-00', 1, NULL, NULL, '2020-11-23 02:01:14', '2020-11-25 03:22:56'),
(3, 'ddd54b57e7777f13c68eae35142553d347a487560556b6e7ae395108c440a263', 9, 6, ' dr. Bambang ', '50000', 6, ' dr. Bambang ', '50000', NULL, '2020-12-03', '21:12:00', '00:00:00', '2020-12-03', 'Hidup', '00:00:00', '0000-00-00', NULL, NULL, NULL, '2020-12-03 21:35:18', '2020-12-03 22:49:54'),
(4, '8bd12b947102b0b460c269c1b0b38d2e2728643e69eebdb66151144e9aa43054', 10, 25, 'dr. Feri Iskandar, Sp. B', '120000', 23, 'dr. Egidius Ian Andrian', '60000', NULL, '2020-12-06', '13:12:00', '00:00:00', '2020-12-06', 'Hidup', '00:00:00', '0000-00-00', 1, NULL, NULL, '2020-12-06 13:09:53', '2020-12-06 13:10:47'),
(5, '40bdbd9776e017e916f1d97adf79f87c2bd83300d934b7cfc454b726b7e522ee', 12, 22, 'dr. Pebri Susanti', NULL, 21, 'dr. Riyana', '60000', NULL, '2020-12-06', '13:12:00', '13:38:00', '2020-12-06', 'Meninggal', '13:38:00', '2020-12-06', NULL, NULL, NULL, '2020-12-06 13:38:43', '2020-12-06 13:38:43'),
(6, '3c942f3e54a598ac7913ffe9e0253992d3224fdaeebe54a0d7dcee65d5f87984', 13, NULL, NULL, NULL, 26, '    dr. Sulasmi Sp. M    ', '180000', 2, '2020-12-06', '20:12:00', '06:30:00', '2020-12-06', 'Hidup', '00:00:00', '0000-00-00', NULL, NULL, NULL, '2020-12-06 20:17:33', '2020-12-06 21:32:50'),
(7, 'd350d801c8ffe363cbf8edc134fb885f55eb0b885312b245dc2cfe4902dded9d', 7, NULL, NULL, NULL, 24, 'dr. Helly Habiballoh Luqmansyah, Sp.S', '180000', 2, '2020-12-06', '22:12:00', '00:00:00', '2020-12-07', 'Hidup', '00:00:00', '0000-00-00', 1, NULL, NULL, '2020-12-06 22:45:22', '2020-12-07 00:15:35'),
(8, 'b709c409bca1ef5f85c8d69f8195d71d672c48257c377db71c030de2a6bac3f0', 14, NULL, NULL, NULL, 24, '     dr. Helly Habiballoh Luqmansyah, Sp.S     ', '180000', 12, '2020-12-07', '01:12:00', '01:09:00', '2020-12-07', 'Hidup', '00:00:00', '0000-00-00', 1, NULL, NULL, '2020-12-07 01:10:04', '2020-12-07 02:10:06');

-- --------------------------------------------------------

--
-- Table structure for table `rawat_inap_diagnosa`
--

CREATE TABLE `rawat_inap_diagnosa` (
  `id` int(11) NOT NULL,
  `uid` varchar(64) NOT NULL,
  `id_icd` int(11) NOT NULL,
  `kode` varchar(64) DEFAULT NULL,
  `diagnosa` varchar(256) DEFAULT NULL,
  `on_create` datetime NOT NULL
) ENGINE=InnoDB DEFAULT CHARSET=latin1;

--
-- Dumping data for table `rawat_inap_diagnosa`
--

INSERT INTO `rawat_inap_diagnosa` (`id`, `uid`, `id_icd`, `kode`, `diagnosa`, `on_create`) VALUES
(1, '61025e9065daaf71d1f333b388cf81a029a48e1f190203ccab53b99b86ee971f', 256, 'A54.9', 'Gonococcal infection, unspecified', '2020-11-22 23:16:20'),
(2, '789ef467d0d59ddd585552d1cce171948eb149297d177adf9e3e555d871d6f83', 256, 'A54.9', 'Gonococcal infection, unspecified', '2020-11-25 03:22:27'),
(3, 'dc0c35f1bfbad47b2353adc05c1ebdfe17b661852d6ad99badea15a704d29f55', 256, 'A54.9', 'Gonococcal infection, unspecified', '2020-12-01 22:36:07'),
(4, 'ddd54b57e7777f13c68eae35142553d347a487560556b6e7ae395108c440a263', 768, 'B97.1', 'Enterovirus as the cause of diseases classified to other chapters', '2020-12-03 22:49:29'),
(5, '8bd12b947102b0b460c269c1b0b38d2e2728643e69eebdb66151144e9aa43054', 768, 'B97.1', 'Enterovirus as the cause of diseases classified to other chapters', '2020-12-06 13:10:37'),
(6, '40bdbd9776e017e916f1d97adf79f87c2bd83300d934b7cfc454b726b7e522ee', 256, 'A54.9', 'Gonococcal infection, unspecified', '2020-12-06 13:38:26'),
(7, '2277ea7908968ed17b7706bf96fbfc2c4438edd4a968c9b8a1cedd403059ccdc', 256, 'A54.9', 'Gonococcal infection, unspecified', '2020-12-06 20:16:57'),
(8, '3c942f3e54a598ac7913ffe9e0253992d3224fdaeebe54a0d7dcee65d5f87984', 256, 'A54.9', 'Gonococcal infection, unspecified', '2020-12-06 20:17:27'),
(9, 'd350d801c8ffe363cbf8edc134fb885f55eb0b885312b245dc2cfe4902dded9d', 512, 'B35.1', 'Tinea unguium', '2020-12-07 00:14:55'),
(10, 'bc5f0a750d21687d462b3723f17cf1f271003771c2bcda421638039f5f050131', 1280, 'D09.1', 'Carcinoma in situ of other and unspecified urinary organs', '2020-12-09 15:37:04'),
(11, 'bc5f0a750d21687d462b3723f17cf1f271003771c2bcda421638039f5f050131', 2560, 'G43.1', 'Migraine with aura [classical migraine]', '2020-12-09 15:37:36'),
(12, 'b709c409bca1ef5f85c8d69f8195d71d672c48257c377db71c030de2a6bac3f0', 768, 'B97.1', 'Enterovirus as the cause of diseases classified to other chapters', '2020-12-10 00:05:10');

-- --------------------------------------------------------

--
-- Table structure for table `rawat_inap_penunjang`
--

CREATE TABLE `rawat_inap_penunjang` (
  `id` int(11) NOT NULL,
  `uid` varchar(64) NOT NULL,
  `id_layanan` tinyint(4) NOT NULL,
  `id_perawat` int(11) NOT NULL,
  `nama_perawat` varchar(256) NOT NULL,
  `status` tinyint(4) NOT NULL,
  `on_create` datetime NOT NULL
) ENGINE=InnoDB DEFAULT CHARSET=latin1;

--
-- Dumping data for table `rawat_inap_penunjang`
--

INSERT INTO `rawat_inap_penunjang` (`id`, `uid`, `id_layanan`, `id_perawat`, `nama_perawat`, `status`, `on_create`) VALUES
(1, '61025e9065daaf71d1f333b388cf81a029a48e1f190203ccab53b99b86ee971f', 4, 1, 'Administrator', 1, '2020-11-26 00:00:00'),
(2, '789ef467d0d59ddd585552d1cce171948eb149297d177adf9e3e555d871d6f83', 4, 1, 'Administrator', 1, '2020-11-23 00:00:00'),
(3, 'dc0c35f1bfbad47b2353adc05c1ebdfe17b661852d6ad99badea15a704d29f55', 4, 1, 'Administrator', 0, '2020-12-01 00:00:00'),
(4, '40bdbd9776e017e916f1d97adf79f87c2bd83300d934b7cfc454b726b7e522ee', 4, 9, 'Vicky W.', 0, '2020-12-06 00:00:00'),
(5, '7066c638d9ee1c4ff059ac91a56e92756b43998ea665f4d8e28265f4177d2805', 4, 9, 'Vicky W.', 0, '2020-12-06 00:00:00'),
(6, 'd350d801c8ffe363cbf8edc134fb885f55eb0b885312b245dc2cfe4902dded9d', 4, 9, 'Vicky W.', 1, '2020-12-06 00:00:00'),
(16, 'b709c409bca1ef5f85c8d69f8195d71d672c48257c377db71c030de2a6bac3f0', 4, 1, 'Administrator', 1, '2020-12-07 00:00:00'),
(17, 'b709c409bca1ef5f85c8d69f8195d71d672c48257c377db71c030de2a6bac3f0', 4, 1, 'Administrator', 1, '2020-12-07 00:00:00');

-- --------------------------------------------------------

--
-- Table structure for table `rawat_inap_tindakan`
--

CREATE TABLE `rawat_inap_tindakan` (
  `id` int(11) NOT NULL,
  `uid` varchar(64) NOT NULL,
  `id_tindakan` int(11) NOT NULL,
  `nama` varchar(256) NOT NULL,
  `harga` decimal(10,0) NOT NULL,
  `qty` int(11) NOT NULL,
  `id_perawat` int(11) NOT NULL,
  `nama_perawat` varchar(256) NOT NULL,
  `on_create` datetime NOT NULL
) ENGINE=InnoDB DEFAULT CHARSET=latin1;

--
-- Dumping data for table `rawat_inap_tindakan`
--

INSERT INTO `rawat_inap_tindakan` (`id`, `uid`, `id_tindakan`, `nama`, `harga`, `qty`, `id_perawat`, `nama_perawat`, `on_create`) VALUES
(1, '61025e9065daaf71d1f333b388cf81a029a48e1f190203ccab53b99b86ee971f', 10, 'Suction Perhari', '35000', 0, 1, 'Administrator', '2020-11-22 23:16:21'),
(2, '61025e9065daaf71d1f333b388cf81a029a48e1f190203ccab53b99b86ee971f', 10, 'Suction Perhari', '35000', 0, 1, 'Administrator', '2020-11-24 19:29:36'),
(3, '61025e9065daaf71d1f333b388cf81a029a48e1f190203ccab53b99b86ee971f', 6, 'Pasang Infus Perawat Dewasa/Anak', '90000', 0, 1, 'Administrator', '2020-11-24 19:29:39'),
(4, '789ef467d0d59ddd585552d1cce171948eb149297d177adf9e3e555d871d6f83', 21, 'Tarif Persalinan Normal', '2500000', 0, 1, 'Administrator', '2020-11-25 03:22:30'),
(5, 'dc0c35f1bfbad47b2353adc05c1ebdfe17b661852d6ad99badea15a704d29f55', 20, 'Tarif Tindakan Bedah Besar', '10100000', 0, 1, 'Administrator', '2020-12-01 22:36:09'),
(7, 'ddd54b57e7777f13c68eae35142553d347a487560556b6e7ae395108c440a263', 23, 'Tarif Tindakan SC Khusus', '11800000', 2, 9, 'Vicky W.', '2020-12-03 12:36:43'),
(8, 'ddd54b57e7777f13c68eae35142553d347a487560556b6e7ae395108c440a263', 16, 'Tarif Tindakan Bedah dengan Tiva', '4000000', 1, 9, 'Vicky W.', '2020-12-03 22:37:33'),
(9, 'ddd54b57e7777f13c68eae35142553d347a487560556b6e7ae395108c440a263', 20, 'Tarif Tindakan Bedah Besar', '10100000', 2, 9, 'Vicky W.', '2020-12-03 22:47:00'),
(10, 'ddd54b57e7777f13c68eae35142553d347a487560556b6e7ae395108c440a263', 2, 'EKG', '70000', 2, 9, 'Vicky W.', '2020-12-03 22:48:08'),
(11, 'ddd54b57e7777f13c68eae35142553d347a487560556b6e7ae395108c440a263', 4, 'Pasang Infus Dokter Umum Dewasa/anak', '90000', 1, 9, 'Vicky W.', '2020-12-03 18:48:15'),
(12, '8bd12b947102b0b460c269c1b0b38d2e2728643e69eebdb66151144e9aa43054', 24, 'Tarif Tindakan SC Besar', '11800000', 1, 9, 'Vicky W.', '2020-12-06 13:10:39'),
(13, '40bdbd9776e017e916f1d97adf79f87c2bd83300d934b7cfc454b726b7e522ee', 26, 'Pasang NGT', '60000', 1, 9, 'Vicky W.', '2020-12-06 13:38:28'),
(14, '2277ea7908968ed17b7706bf96fbfc2c4438edd4a968c9b8a1cedd403059ccdc', 27, 'Bilas Lambung ', '70000', 1, 9, 'Vicky W.', '2020-12-06 20:16:59'),
(15, '3c942f3e54a598ac7913ffe9e0253992d3224fdaeebe54a0d7dcee65d5f87984', 26, 'Pasang NGT', '60000', 1, 9, 'Vicky W.', '2020-12-06 20:17:30'),
(16, 'd350d801c8ffe363cbf8edc134fb885f55eb0b885312b245dc2cfe4902dded9d', 26, 'Pasang NGT', '60000', 1, 9, 'Vicky W.', '2020-12-07 00:14:52'),
(17, 'b709c409bca1ef5f85c8d69f8195d71d672c48257c377db71c030de2a6bac3f0', 25, 'USG', '225000', 1, 1, 'Administrator', '2020-12-10 00:05:13'),
(18, 'b709c409bca1ef5f85c8d69f8195d71d672c48257c377db71c030de2a6bac3f0', 29, 'Suction Per Hari', '35000', 1, 1, 'Administrator', '2020-12-10 00:05:17');

-- --------------------------------------------------------

--
-- Table structure for table `rawat_inap_visite`
--

CREATE TABLE `rawat_inap_visite` (
  `id` int(11) NOT NULL,
  `uid` varchar(64) NOT NULL,
  `id_dokter` int(11) NOT NULL,
  `nama_dokter` varchar(256) NOT NULL,
  `tarif_dokter` decimal(10,0) NOT NULL,
  `jabatan_dokter` varchar(512) DEFAULT NULL,
  `on_create` datetime NOT NULL
) ENGINE=InnoDB DEFAULT CHARSET=latin1;

--
-- Dumping data for table `rawat_inap_visite`
--

INSERT INTO `rawat_inap_visite` (`id`, `uid`, `id_dokter`, `nama_dokter`, `tarif_dokter`, `jabatan_dokter`, `on_create`) VALUES
(1, '3c942f3e54a598ac7913ffe9e0253992d3224fdaeebe54a0d7dcee65d5f87984', 25, 'dr. Feri Iskandar, Sp. B', '120000', 'Dokter Spesialis Bedah', '2020-12-06 21:20:45'),
(2, '3c942f3e54a598ac7913ffe9e0253992d3224fdaeebe54a0d7dcee65d5f87984', 7, 'dr. Izwin Ramadona, Sp.OG', '120000', 'Dokter Spesialis Obgyn/Kandungan', '2020-12-06 21:31:57'),
(3, '3c942f3e54a598ac7913ffe9e0253992d3224fdaeebe54a0d7dcee65d5f87984', 18, 'dr. Sandra Harisandi, Sp.B', '120000', 'Dokter Spesialis Bedah', '2020-12-06 21:32:03'),
(4, 'd350d801c8ffe363cbf8edc134fb885f55eb0b885312b245dc2cfe4902dded9d', 25, 'dr. Feri Iskandar, Sp. B', '120000', 'Dokter Spesialis Bedah', '2020-12-07 00:14:35'),
(5, 'd350d801c8ffe363cbf8edc134fb885f55eb0b885312b245dc2cfe4902dded9d', 26, 'dr. Sulasmi Sp. M', '180000', 'Dokter Spesialis Mata', '2020-12-07 00:14:58');

-- --------------------------------------------------------

--
-- Table structure for table `rawat_jalan`
--

CREATE TABLE `rawat_jalan` (
  `id` int(11) NOT NULL,
  `uid` varchar(64) NOT NULL,
  `id_pendaftaran` int(11) NOT NULL,
  `id_dokter` int(11) DEFAULT NULL,
  `nama_dokter` varchar(256) DEFAULT NULL,
  `tarif_dokter` decimal(10,0) NOT NULL,
  `id_perawat` int(11) DEFAULT NULL,
  `nama_perawat` varchar(256) DEFAULT NULL,
  `tgl_periksa` date DEFAULT NULL,
  `jam_periksa` time DEFAULT NULL,
  `is_lab` tinyint(4) DEFAULT '0',
  `is_usg` tinyint(4) DEFAULT '0',
  `is_radiologi` tinyint(4) DEFAULT '0',
  `on_create` datetime NOT NULL,
  `on_update` datetime NOT NULL
) ENGINE=InnoDB DEFAULT CHARSET=latin1;

--
-- Dumping data for table `rawat_jalan`
--

INSERT INTO `rawat_jalan` (`id`, `uid`, `id_pendaftaran`, `id_dokter`, `nama_dokter`, `tarif_dokter`, `id_perawat`, `nama_perawat`, `tgl_periksa`, `jam_periksa`, `is_lab`, `is_usg`, `is_radiologi`, `on_create`, `on_update`) VALUES
(1, 'ff1b58991cdea7939230b8b4ab3e8d90db0499fae210c80b2c5da16d691e715e', 1, 6, ' dr. Bambang ', '50000', 12, 'Administrator', '2020-11-22', '23:11:00', 1, NULL, NULL, '2020-11-22 23:09:26', '2020-11-22 23:13:29'),
(2, '6d02f64efacf1f222dc806b16c2858352c73dcb724f21b1825fda8f2f49e305d', 2, 7, '  dr. Desi  ', '100000', 12, 'Administrator', '2020-11-23', '00:11:00', 1, NULL, NULL, '2020-11-23 00:54:02', '2020-11-24 20:43:25'),
(3, '3e6aedefa104f3a5456ebc6e84abe545ef761298f9d0b19278fa12562f32a127', 6, 6, 'dr. Bambang', '50000', 12, 'Administrator', '2020-11-25', '03:11:00', 1, NULL, NULL, '2020-11-25 03:58:49', '2020-12-01 21:26:33'),
(4, '702a7de3642c5747ba5267f3661c5ab4cb87f2f76d6bc71dc1a244b4dc868129', 9, 7, 'dr. Desi', '100000', 12, 'Administrator', '2020-12-01', '21:12:00', 1, 1, NULL, '2020-12-01 21:27:02', '2020-12-01 21:27:02'),
(5, '998728efe054a50294ee229cd7dac2e545c93abcc3b09c687b0dc956db8695b8', 10, 6, 'dr. Bambang', '50000', 12, 'Administrator', '2020-12-01', '22:12:00', 1, NULL, NULL, '2020-12-01 22:43:04', '2020-12-01 22:43:04'),
(6, '00fa86a216bdb8616ff5a62b37729eaf143ab78d0cce0b57973ff499df9696b2', 12, 6, 'dr. Bambang', '50000', 12, 'Administrator', '2020-12-01', '23:12:00', 1, NULL, NULL, '2020-12-01 23:52:03', '2020-12-01 23:52:03'),
(7, 'aa33068d30dd9bcd521e90ae0657ff05bbc3dee65c67c48a6c3219d3b2f087d3', 13, 6, '         dr. Bambang         ', '60000', 5, 'Vicky W.', '2020-12-03', '21:12:00', 1, NULL, NULL, '2020-12-03 21:32:32', '2020-12-06 20:05:09'),
(8, 'c9f6837c022d70732dcc52fd8ee3c4ff715c29aab059d70fa50f2f3ff5b2d4f3', 19, 6, 'dr. Bambang', '50000', 5, 'Vicky W.', '2020-12-03', '23:12:00', 1, NULL, NULL, '2020-12-03 23:48:52', '2020-12-03 23:48:52'),
(9, '6cd67f18e5839ab7995f191d73c4b98426380fafd0e393f99884232af8885890', 18, 26, '  dr. Sulasmi Sp. M  ', '180000', 5, 'Vicky W.', '2020-12-06', '02:12:00', 1, NULL, NULL, '2020-12-06 02:29:38', '2020-12-10 00:02:49'),
(10, '37761d8f7f97e5aed9fff2ccad907916a71d4af6ac1f78d2ed35e2d8fd12e4e7', 14, 21, '   dr. Riyana   ', '60000', 5, 'Vicky W.', '2020-12-07', '00:12:00', 1, NULL, NULL, '2020-12-07 00:07:31', '2020-12-07 01:09:27'),
(11, 'f982b80c90c9cdd114ceb2507ac68725cf8ad38cbaf3dcb286ee5af0138ded24', 21, 18, 'dr. Sandra Harisandi, Sp.B', '120000', 12, 'Administrator', '2020-12-07', '00:12:00', 1, NULL, NULL, '2020-12-07 00:23:16', '2020-12-19 13:21:13'),
(12, '54a8f5b35f0c47413217df7382b5d0f30dfc19b626f6b1d052bd15c72fb9a59f', 22, NULL, '', '0', 12, 'Administrator', '2020-12-07', '00:12:00', 1, NULL, NULL, '2020-12-07 00:56:52', '2020-12-07 00:56:52');

-- --------------------------------------------------------

--
-- Table structure for table `rawat_jalan_diagnosa`
--

CREATE TABLE `rawat_jalan_diagnosa` (
  `id` int(11) NOT NULL,
  `uid` varchar(64) NOT NULL,
  `id_icd` int(11) NOT NULL,
  `kode` varchar(64) DEFAULT NULL,
  `diagnosa` varchar(256) DEFAULT NULL,
  `on_create` datetime NOT NULL
) ENGINE=InnoDB DEFAULT CHARSET=latin1;

--
-- Dumping data for table `rawat_jalan_diagnosa`
--

INSERT INTO `rawat_jalan_diagnosa` (`id`, `uid`, `id_icd`, `kode`, `diagnosa`, `on_create`) VALUES
(1, 'ff1b58991cdea7939230b8b4ab3e8d90db0499fae210c80b2c5da16d691e715e', 768, 'B97.1', 'Enterovirus as the cause of diseases classified to other chapters', '2020-11-22 23:09:22'),
(2, '6d02f64efacf1f222dc806b16c2858352c73dcb724f21b1825fda8f2f49e305d', 1024, 'C54.2', 'Malignant neoplasm of myometrium', '2020-11-24 20:43:19'),
(3, '3e6aedefa104f3a5456ebc6e84abe545ef761298f9d0b19278fa12562f32a127', 1024, 'C54.2', 'Malignant neoplasm of myometrium', '2020-12-01 21:26:28'),
(4, '702a7de3642c5747ba5267f3661c5ab4cb87f2f76d6bc71dc1a244b4dc868129', 768, 'B97.1', 'Enterovirus as the cause of diseases classified to other chapters', '2020-12-01 21:26:53'),
(5, '544ffd6d2e05971c1cd344376df68fdfa4275469895edecf7d85b55cfc525aed', 1536, 'D55.1', 'Anaemia due to other disorders of glutathione metabolism', '2020-12-01 22:31:35'),
(6, '998728efe054a50294ee229cd7dac2e545c93abcc3b09c687b0dc956db8695b8', 768, 'B97.1', 'Enterovirus as the cause of diseases classified to other chapters', '2020-12-01 22:42:57'),
(7, '00fa86a216bdb8616ff5a62b37729eaf143ab78d0cce0b57973ff499df9696b2', 256, 'A54.9', 'Gonococcal infection, unspecified', '2020-12-01 23:51:55'),
(8, 'cc4183585afa0e31fe376f161c7844592386709afae0d366a2614b35036aac88', 768, 'B97.1', 'Enterovirus as the cause of diseases classified to other chapters', '2020-12-03 18:15:38'),
(9, 'c223a4bd7b8eb163b8ae2dd6d9f589695b2e4fc06bc187d07c4cf3cd98736298', 1024, 'C54.2', 'Malignant neoplasm of myometrium', '2020-12-03 18:19:13'),
(11, 'c9f6837c022d70732dcc52fd8ee3c4ff715c29aab059d70fa50f2f3ff5b2d4f3', 1024, 'C54.2', 'Malignant neoplasm of myometrium', '2020-12-03 23:48:44'),
(12, 'aa33068d30dd9bcd521e90ae0657ff05bbc3dee65c67c48a6c3219d3b2f087d3', 512, 'B35.1', 'Tinea unguium', '2020-12-06 20:04:49'),
(13, '37761d8f7f97e5aed9fff2ccad907916a71d4af6ac1f78d2ed35e2d8fd12e4e7', 256, 'A54.9', 'Gonococcal infection, unspecified', '2020-12-07 01:09:08'),
(14, '6cd67f18e5839ab7995f191d73c4b98426380fafd0e393f99884232af8885890', 768, 'B97.1', 'Enterovirus as the cause of diseases classified to other chapters', '2020-12-09 01:04:01'),
(15, '6cd67f18e5839ab7995f191d73c4b98426380fafd0e393f99884232af8885890', 1024, 'C54.2', 'Malignant neoplasm of myometrium', '2020-12-09 01:04:03'),
(16, '54a8f5b35f0c47413217df7382b5d0f30dfc19b626f6b1d052bd15c72fb9a59f', 768, 'B97.1', 'Enterovirus as the cause of diseases classified to other chapters', '2020-12-09 13:25:23'),
(17, '54a8f5b35f0c47413217df7382b5d0f30dfc19b626f6b1d052bd15c72fb9a59f', 1792, 'E22.8', 'Other hyperfunction of pituitary gland', '2020-12-09 13:25:28'),
(18, '54a8f5b35f0c47413217df7382b5d0f30dfc19b626f6b1d052bd15c72fb9a59f', 256, 'A54.9', 'Gonococcal infection, unspecified', '2020-12-09 13:25:34'),
(19, '54a8f5b35f0c47413217df7382b5d0f30dfc19b626f6b1d052bd15c72fb9a59f', 2560, 'G43.1', 'Migraine with aura [classical migraine]', '2020-12-09 13:25:38'),
(20, 'bc5f0a750d21687d462b3723f17cf1f271003771c2bcda421638039f5f050131', 1024, 'C54.2', 'Malignant neoplasm of myometrium', '2020-12-09 15:35:31'),
(21, '702a7de3642c5747ba5267f3661c5ab4cb87f2f76d6bc71dc1a244b4dc868129', 1792, 'E22.8', 'Other hyperfunction of pituitary gland', '2020-12-09 15:43:16'),
(22, '702a7de3642c5747ba5267f3661c5ab4cb87f2f76d6bc71dc1a244b4dc868129', 1792, 'E22.8', 'Other hyperfunction of pituitary gland', '2020-12-09 15:43:28'),
(23, '702a7de3642c5747ba5267f3661c5ab4cb87f2f76d6bc71dc1a244b4dc868129', 2048, 'F02.3', 'Dementia in Parkinsons disease', '2020-12-09 15:43:37'),
(24, 'f982b80c90c9cdd114ceb2507ac68725cf8ad38cbaf3dcb286ee5af0138ded24', 768, 'B97.1', 'Enterovirus as the cause of diseases classified to other chapters', '2020-12-19 13:18:14');

-- --------------------------------------------------------

--
-- Table structure for table `rawat_jalan_tindakan`
--

CREATE TABLE `rawat_jalan_tindakan` (
  `id` int(11) NOT NULL,
  `uid` varchar(64) NOT NULL,
  `id_tindakan` int(11) NOT NULL,
  `nama` varchar(256) NOT NULL,
  `harga` decimal(10,0) NOT NULL,
  `qty` int(11) NOT NULL,
  `id_perawat` int(11) NOT NULL,
  `nama_perawat` varchar(256) NOT NULL,
  `on_create` datetime NOT NULL
) ENGINE=InnoDB DEFAULT CHARSET=latin1;

--
-- Dumping data for table `rawat_jalan_tindakan`
--

INSERT INTO `rawat_jalan_tindakan` (`id`, `uid`, `id_tindakan`, `nama`, `harga`, `qty`, `id_perawat`, `nama_perawat`, `on_create`) VALUES
(1, 'ff1b58991cdea7939230b8b4ab3e8d90db0499fae210c80b2c5da16d691e715e', 12, 'Pasang Tampon Hidung Perawat', '40000', 0, 0, '', '2020-11-22 23:09:24'),
(2, '6d02f64efacf1f222dc806b16c2858352c73dcb724f21b1825fda8f2f49e305d', 8, 'Pasang DC/Catheter', '60000', 0, 0, '', '2020-11-24 20:43:21'),
(3, '6d02f64efacf1f222dc806b16c2858352c73dcb724f21b1825fda8f2f49e305d', 6, 'Pasang Infus Perawat Dewasa/Anak', '90000', 0, 0, '', '2020-11-24 20:43:23'),
(4, '3e6aedefa104f3a5456ebc6e84abe545ef761298f9d0b19278fa12562f32a127', 21, 'Tarif Persalinan Normal', '2500000', 0, 0, '', '2020-12-01 21:26:30'),
(5, '702a7de3642c5747ba5267f3661c5ab4cb87f2f76d6bc71dc1a244b4dc868129', 21, 'Tarif Persalinan Normal', '2500000', 0, 0, '', '2020-12-01 21:26:55'),
(6, '544ffd6d2e05971c1cd344376df68fdfa4275469895edecf7d85b55cfc525aed', 19, 'Ttarif Tindakan Bedah Sedang', '8500000', 0, 0, '', '2020-12-01 22:31:37'),
(7, '998728efe054a50294ee229cd7dac2e545c93abcc3b09c687b0dc956db8695b8', 19, 'Ttarif Tindakan Bedah Sedang', '8500000', 0, 0, '', '2020-12-01 22:42:59'),
(8, '00fa86a216bdb8616ff5a62b37729eaf143ab78d0cce0b57973ff499df9696b2', 21, 'Tarif Persalinan Normal', '2500000', 0, 0, '', '2020-12-01 23:51:56'),
(9, '36ea94c4cdb80ef1a2f59cf2668e6270f8beff72ff48e6dea6ca8b305efa102b', 21, 'Tarif Persalinan Normal', '2500000', 0, 0, '', '2020-12-03 18:25:53'),
(10, '2a5322170385ec67f78447e640918fb41702ee8da59bedc9f6291bd4cf6ae314', 23, 'Tarif Tindakan SC Khusus', '11800000', 2, 9, 'Vicky W.', '2020-12-03 18:28:48'),
(12, 'a475ea21f76c94fb5a3afbcf5d78c4cc897fdb8bd30475dbe921c1ab7d156ecc', 23, 'Tarif Tindakan SC Khusus', '11800000', 1, 9, 'Vicky W.', '2020-12-03 18:45:51'),
(13, '8ea5903008f6f3e054407127e3e062e40ff20ec3f72e72db4dc9854af86618c3', 15, 'Tarif Tindakan Bedah Lokal', '2500000', 1, 9, 'Vicky W.', '2020-12-03 20:24:35'),
(14, 'd69a7c89629bd192f281e1f527b2d5b756946a11889ec0120263bf6dd766a80e', 21, 'Tarif Persalinan Normal', '2500000', 12, 9, 'Vicky W.', '2020-12-03 20:25:53'),
(15, '4ad1382d1b53902ae54d155ab2cd9b4aadab05c564431bd1ff285aa96387cb0c', 4, 'Pasang Infus Dokter Umum Dewasa/anak', '90000', 3, 9, 'Vicky W.', '2020-12-03 20:50:12'),
(16, 'c9f6837c022d70732dcc52fd8ee3c4ff715c29aab059d70fa50f2f3ff5b2d4f3', 21, 'Tarif Persalinan Normal', '2500000', 1, 9, 'Vicky W.', '2020-12-03 23:48:48'),
(17, 'aa33068d30dd9bcd521e90ae0657ff05bbc3dee65c67c48a6c3219d3b2f087d3', 12, 'Pasang Tampon Hidung Perawat', '40000', 1, 9, 'Vicky W.', '2020-12-06 20:04:58'),
(18, '6cd67f18e5839ab7995f191d73c4b98426380fafd0e393f99884232af8885890', 15, 'Tarif Tindakan Bedah Lokal', '2500000', 1, 9, 'Vicky W.', '2020-12-07 00:16:39'),
(19, '37761d8f7f97e5aed9fff2ccad907916a71d4af6ac1f78d2ed35e2d8fd12e4e7', 13, 'Irigasi Mata Dokter Umum', '35000', 1, 1, 'Administrator', '2020-12-07 01:09:12');

-- --------------------------------------------------------

--
-- Table structure for table `state`
--

CREATE TABLE `state` (
  `id` int(11) NOT NULL,
  `nama` varchar(256) NOT NULL,
  `deskripsi` varchar(512) NOT NULL
) ENGINE=InnoDB DEFAULT CHARSET=latin1;

-- --------------------------------------------------------

--
-- Table structure for table `supplier`
--

CREATE TABLE `supplier` (
  `id` int(11) UNSIGNED NOT NULL,
  `nama` varchar(256) NOT NULL,
  `alamat` varchar(512) DEFAULT NULL,
  `nohp` varchar(512) DEFAULT NULL,
  `email` varchar(512) DEFAULT NULL,
  `on_create` datetime DEFAULT NULL,
  `on_update` datetime DEFAULT NULL
) ENGINE=InnoDB DEFAULT CHARSET=utf8;

--
-- Dumping data for table `supplier`
--

INSERT INTO `supplier` (`id`, `nama`, `alamat`, `nohp`, `email`, `on_create`, `on_update`) VALUES
(2, 'darth', 'darth@theempire.com', 'darth@theempire.com', 'darth@theempire.com', '2020-07-15 23:52:00', '2020-09-16 22:22:18'),
(3, 'Donny Abbott', '7146 Duane Fords Suite 900\nWildermanchester, TX 64984', '381-447-4258 x10182', 'kellie11@spencer.com', '2020-07-16 00:13:12', '2020-07-16 00:13:12'),
(4, 'Yunita Novitasari', 'Gg. Bagas Pati No. 110, Pekanbaru 70443, Aceh', '(+62) 29 7382 5115', 'elvina.saragih@yuniar.net', '2020-07-16 00:13:32', '2020-07-16 00:13:32'),
(5, 'qweqwe', 'ghfghfgh', 'fghfghfg', 'hfghfg', '2020-09-19 21:25:49', '2020-09-19 21:25:49');

-- --------------------------------------------------------

--
-- Table structure for table `tarif_admin`
--

CREATE TABLE `tarif_admin` (
  `id` int(11) NOT NULL,
  `id_layanan` int(11) NOT NULL,
  `tarif_baru` decimal(10,0) NOT NULL,
  `tarif_lama` decimal(10,0) NOT NULL,
  `on_create` datetime NOT NULL,
  `on_update` datetime NOT NULL
) ENGINE=InnoDB DEFAULT CHARSET=latin1;

--
-- Dumping data for table `tarif_admin`
--

INSERT INTO `tarif_admin` (`id`, `id_layanan`, `tarif_baru`, `tarif_lama`, `on_create`, `on_update`) VALUES
(3, 1, '35000', '25000', '2020-10-30 20:43:14', '2020-12-03 23:35:10'),
(4, 2, '35000', '25000', '2020-10-30 20:43:22', '2020-12-03 23:35:20'),
(5, 3, '15000', '15000', '2020-10-30 20:43:28', '2020-12-03 23:35:43'),
(6, 4, '0', '0', '2020-12-03 23:37:06', '2020-12-03 23:37:06'),
(7, 5, '0', '0', '2020-12-03 23:37:11', '2020-12-03 23:37:11'),
(8, 6, '0', '0', '2020-12-03 23:37:21', '2020-12-03 23:37:21'),
(9, 7, '5000', '5000', '2020-12-03 23:37:30', '2020-12-10 01:44:52'),
(10, 8, '0', '0', '2020-12-03 23:37:37', '2020-12-10 01:45:03');

-- --------------------------------------------------------

--
-- Table structure for table `tarif_dokter`
--

CREATE TABLE `tarif_dokter` (
  `id` int(11) NOT NULL,
  `id_dokter` int(11) NOT NULL,
  `rawat_jalan` decimal(10,0) NOT NULL,
  `igd` decimal(10,0) NOT NULL,
  `rawat_inap` decimal(10,0) NOT NULL,
  `on_create` datetime NOT NULL,
  `on_update` datetime NOT NULL
) ENGINE=InnoDB DEFAULT CHARSET=latin1;

--
-- Dumping data for table `tarif_dokter`
--

INSERT INTO `tarif_dokter` (`id`, `id_dokter`, `rawat_jalan`, `igd`, `rawat_inap`, `on_create`, `on_update`) VALUES
(2, 11, '60000', '60000', '60000', '2020-10-30 20:16:52', '2020-12-02 09:25:43'),
(3, 22, '180000', '180000', '180000', '2020-10-30 20:17:01', '2020-12-02 09:25:17'),
(4, 21, '180000', '180000', '180000', '2020-10-30 20:17:28', '2020-12-02 09:25:04'),
(5, 13, '120000', '120000', '120000', '2020-10-30 20:17:40', '2020-12-02 09:24:53'),
(6, 20, '120000', '120000', '120000', '2020-10-30 20:17:46', '2020-12-02 09:24:40'),
(7, 24, '120000', '120000', '120000', '2020-12-04 00:30:40', '2020-12-04 00:30:40'),
(8, 25, '120000', '120000', '120000', '2020-12-04 00:30:47', '2020-12-04 00:30:47');

-- --------------------------------------------------------

--
-- Table structure for table `tarif_penunjang`
--

CREATE TABLE `tarif_penunjang` (
  `id` int(11) NOT NULL,
  `id_layanan` int(11) NOT NULL,
  `tarif` decimal(10,0) NOT NULL,
  `on_create` datetime NOT NULL,
  `on_update` datetime NOT NULL
) ENGINE=InnoDB DEFAULT CHARSET=latin1;

--
-- Dumping data for table `tarif_penunjang`
--

INSERT INTO `tarif_penunjang` (`id`, `id_layanan`, `tarif`, `on_create`, `on_update`) VALUES
(1, 7, '40000', '2020-12-10 01:49:17', '2020-12-10 02:02:13'),
(2, 8, '70000', '2020-12-10 02:02:06', '2020-12-10 02:02:06');

-- --------------------------------------------------------

--
-- Table structure for table `timeline`
--

CREATE TABLE `timeline` (
  `id` int(11) NOT NULL,
  `id_kunjungan` int(11) NOT NULL,
  `judul` varchar(256) NOT NULL,
  `deskripsi` varchar(1024) NOT NULL,
  `on_create` datetime NOT NULL
) ENGINE=InnoDB DEFAULT CHARSET=latin1;

-- --------------------------------------------------------

--
-- Table structure for table `tindakan`
--

CREATE TABLE `tindakan` (
  `id` int(11) NOT NULL,
  `kode` varchar(64) DEFAULT NULL,
  `nama` varchar(512) NOT NULL,
  `kategori` varchar(255) DEFAULT NULL,
  `harga` decimal(10,0) NOT NULL,
  `on_create` datetime NOT NULL,
  `on_update` datetime NOT NULL
) ENGINE=InnoDB DEFAULT CHARSET=latin1;

--
-- Dumping data for table `tindakan`
--

INSERT INTO `tindakan` (`id`, `kode`, `nama`, `kategori`, `harga`, `on_create`, `on_update`) VALUES
(2, NULL, 'EKG', 'rawat jalan;rawat inap;igd', '70000', '2020-10-26 19:59:43', '2020-11-28 15:16:26'),
(3, NULL, 'Nebulizer', 'rawat jalan;rawat inap;igd', '80000', '2020-10-26 20:07:21', '2020-10-26 20:07:26'),
(4, NULL, 'Pasang Infus Dokter Umum Dewasa/anak', 'rawat inap;igd', '90000', '2020-10-26 20:22:43', '2020-11-30 07:31:40'),
(5, NULL, 'Pasang Infus Dokter Umum Bayi', 'rawat inap;igd', '95000', '2020-10-26 20:23:09', '2020-11-30 07:31:32'),
(6, NULL, 'Pasang Infus Perawat Dewasa/Anak', 'rawat inap;igd', '90000', '2020-10-26 23:10:36', '2020-11-30 07:31:24'),
(7, NULL, 'Pasang Infus Perawat Bayi', 'rawat inap;igd', '95000', '2020-11-03 23:06:47', '2020-11-30 07:31:18'),
(8, NULL, 'Pasang DC/Catheter', 'rawat jalan;rawat inap;igd', '60000', '2020-11-03 23:07:17', '2020-11-03 23:07:17'),
(9, NULL, 'Suction 1 Kali', 'rawat jalan;rawat inap;igd', '55000', '2020-11-03 23:14:01', '2020-11-03 23:14:01'),
(10, NULL, 'Suction Perhari', 'rawat inap;igd', '35000', '2020-11-03 23:16:03', '2020-11-03 23:16:03'),
(11, NULL, 'Pasang Tampon Hidung Dokter Umum', 'rawat jalan;rawat inap;igd', '40000', '2020-11-03 23:16:35', '2020-11-03 23:16:35'),
(12, NULL, 'Pasang Tampon Hidung Perawat', 'rawat jalan;rawat inap;igd', '40000', '2020-11-03 23:16:49', '2020-11-03 23:16:49'),
(13, NULL, 'Irigasi Mata Dokter Umum', 'rawat jalan;rawat inap;igd', '35000', '2020-11-03 23:17:33', '2020-12-02 09:22:33'),
(14, NULL, 'Irigasi Mata Perawat', 'rawat jalan;igd', '35000', '2020-11-03 23:17:54', '2020-12-03 10:32:14'),
(15, NULL, 'Tarif Tindakan Bedah Lokal', 'rawat jalan;rawat inap;igd', '2500000', '2020-11-25 03:14:13', '2020-11-25 03:14:13'),
(16, NULL, 'Tarif Tindakan Bedah dengan Tiva', 'rawat inap', '4000000', '2020-11-25 03:14:42', '2020-11-30 07:26:52'),
(17, NULL, 'Tarif Tindakan Bedah Kecil', 'rawat inap', '7900000', '2020-11-25 03:14:57', '2020-11-30 07:26:36'),
(18, NULL, 'Tarif Tindakan Bedah Diskon', 'rawat inap', '5850000', '2020-11-25 03:15:26', '2020-11-30 07:26:18'),
(19, NULL, 'Tarif Tindakan Bedah Sedang', 'rawat inap', '9000000', '2020-11-25 03:16:00', '2020-11-30 07:25:58'),
(20, NULL, 'Tarif Tindakan Bedah Besar', 'rawat inap', '10600000', '2020-11-25 03:16:17', '2020-11-30 07:25:30'),
(21, NULL, 'Tarif Persalinan Normal', 'rawat inap', '2500000', '2020-11-25 03:16:51', '2020-11-28 15:19:07'),
(22, NULL, 'Tarif Tindakan Kuratage', 'rawat inap', '3700000', '2020-11-25 03:17:08', '2020-11-28 15:18:56'),
(23, NULL, 'Tarif Tindakan SC Khusus', 'rawat inap', '12300000', '2020-11-25 03:17:36', '2020-11-30 07:24:19'),
(24, NULL, 'Tarif Tindakan SC Besar', 'rawat inap', '11800000', '2020-11-25 03:17:59', '2020-11-30 07:24:33'),
(25, NULL, 'USG', 'rawat jalan;rawat inap;igd', '225000', '2020-11-28 15:39:12', '2020-11-28 15:39:12'),
(26, NULL, 'Pasang NGT', 'rawat inap;igd', '60000', '2020-12-03 10:12:56', '2020-12-03 10:12:56'),
(27, NULL, 'Bilas Lambung ', 'rawat inap;igd', '70000', '2020-12-03 10:14:44', '2020-12-03 10:14:44'),
(28, NULL, 'Suction 1x', 'rawat inap;igd', '55000', '2020-12-03 10:16:24', '2020-12-03 10:16:24'),
(29, NULL, 'Suction Per Hari', 'rawat inap', '35000', '2020-12-03 10:17:01', '2020-12-03 10:17:01'),
(30, NULL, 'Ekstraksi Corpus Alineum Hidung / Telinga Dokter Umum', 'igd', '75000', '2020-12-03 10:19:02', '2020-12-03 10:19:02'),
(31, NULL, 'Ekstraksi Corpus Alineum Hidung / Telinga Perawat', 'igd', '75000', '2020-12-03 10:19:26', '2020-12-03 10:19:26');

-- --------------------------------------------------------

--
-- Table structure for table `users`
--

CREATE TABLE `users` (
  `id` mediumint(8) UNSIGNED NOT NULL,
  `id_pegawai` int(11) NOT NULL,
  `ip_address` varchar(45) NOT NULL,
  `username` varchar(100) NOT NULL,
  `password` varchar(80) NOT NULL,
  `email` varchar(254) NOT NULL,
  `activation_selector` varchar(255) DEFAULT NULL,
  `activation_code` varchar(255) DEFAULT NULL,
  `forgotten_password_selector` varchar(255) DEFAULT NULL,
  `forgotten_password_code` varchar(255) DEFAULT NULL,
  `forgotten_password_time` int(11) UNSIGNED DEFAULT NULL,
  `remember_selector` varchar(255) DEFAULT NULL,
  `remember_code` varchar(255) DEFAULT NULL,
  `created_on` int(11) UNSIGNED NOT NULL,
  `last_login` int(11) UNSIGNED DEFAULT NULL,
  `active` tinyint(1) UNSIGNED DEFAULT NULL,
  `first_name` varchar(256) DEFAULT NULL,
  `last_name` varchar(50) DEFAULT NULL,
  `company` varchar(100) DEFAULT NULL,
  `phone` varchar(20) DEFAULT NULL
) ENGINE=InnoDB DEFAULT CHARSET=utf8;

--
-- Dumping data for table `users`
--

INSERT INTO `users` (`id`, `id_pegawai`, `ip_address`, `username`, `password`, `email`, `activation_selector`, `activation_code`, `forgotten_password_selector`, `forgotten_password_code`, `forgotten_password_time`, `remember_selector`, `remember_code`, `created_on`, `last_login`, `active`, `first_name`, `last_name`, `company`, `phone`) VALUES
(1, 12, '127.0.0.1', 'administrator', '$2y$10$oZHGYLbiVBREJ0.DQoPmgugmDr5NVbkYw1eja5QRk1I0jSSF/mgLi', 'administrator@sayangibu.com', NULL, '', NULL, NULL, NULL, NULL, NULL, 1268889823, 1614973227, 1, 'Administrator', '-', 'ADMIN', '0'),
(9, 5, '::1', 'developer', '$2y$10$OaT96iL0JgsewR5eNSAI5.aNfC4ogiHHG0luHk11EdfosqYXGojGO', 'developer@sayangibu.com', NULL, NULL, NULL, NULL, NULL, NULL, NULL, 1591709370, 1615392187, 1, 'Vicky W.', '-', NULL, NULL),
(24, 11, '::1', 'jaramen', '$2y$10$H2h0D0Y9WS3Ka48cv9ZY.e5DuaWx5BiozKaU2nxuoQsn1nvf7hQiS', 'jaramen@sayangibu.com', NULL, NULL, NULL, NULL, NULL, NULL, NULL, 1603471055, 1610284655, 1, 'Jaramen Purba', '-', NULL, NULL),
(25, 13, '::1', 'agnes', '$2y$10$eRraAH/t5qrD04/DR.8RW.PrtuuLlDRUoC3uQTx6Ag.wJ9.qerHkS', 'agnes@sayangibu.com', NULL, NULL, NULL, NULL, NULL, NULL, NULL, 1603858863, 1606361108, 1, 'Agnes', '-', NULL, NULL),
(26, 14, '::1', 'renata', '$2y$10$CpjjrQNJ5ljNlLchLp5fNO43bDghPIiEvcfowgkAM8fOYkJyT5Vty', 'renata@sayangibu.com', NULL, NULL, NULL, NULL, NULL, NULL, NULL, 1604252985, 1604409382, 1, 'Renata', '-', NULL, NULL),
(27, 15, '::1', 'juna', '$2y$10$GGhJyfzILCh8EB5BYQF/Z.bttVAkaIbPb5NI/jaVHlVNqf20/2.2.', 'juna@sayangibu.com', NULL, NULL, NULL, NULL, NULL, NULL, NULL, 1604257185, 1606848135, 1, 'Juna', '-', NULL, NULL),
(28, 16, '::1', 'agung', '$2y$10$gWCnXC4SBANldmni2REOPuQ/wM5/nH.VBKjZ5YorIRcadG4YV3AxW', 'agung@sayangibu.com', NULL, NULL, NULL, NULL, NULL, NULL, NULL, 1604336411, 1608358988, 1, 'Agung', '-', NULL, NULL),
(29, 17, '::1', 'arnold', '$2y$10$XCO9HmmZ5blcCgZHoxzjbe0sbIut2dx.JW10jEjoodhBJC3RfXYR6', 'arnold@sayangibu.com', NULL, NULL, NULL, NULL, NULL, NULL, NULL, 1606360652, 1606361090, 1, 'Arnold', '-', NULL, NULL);

-- --------------------------------------------------------

--
-- Table structure for table `users_groups`
--

CREATE TABLE `users_groups` (
  `id` mediumint(8) UNSIGNED NOT NULL,
  `user_id` mediumint(8) UNSIGNED NOT NULL,
  `group_id` mediumint(8) UNSIGNED NOT NULL
) ENGINE=InnoDB DEFAULT CHARSET=utf8;

--
-- Dumping data for table `users_groups`
--

INSERT INTO `users_groups` (`id`, `user_id`, `group_id`) VALUES
(1, 1, 1),
(10, 9, 1),
(25, 24, 5),
(26, 25, 7),
(27, 26, 3),
(28, 27, 5),
(29, 28, 3),
(30, 29, 5);

-- --------------------------------------------------------

--
-- Table structure for table `users_menu`
--

CREATE TABLE `users_menu` (
  `id` int(11) NOT NULL,
  `user_id` int(11) NOT NULL,
  `menu_id` int(11) NOT NULL,
  `status` tinyint(4) NOT NULL,
  `created_at` datetime NOT NULL,
  `updated_at` datetime NOT NULL
) ENGINE=InnoDB DEFAULT CHARSET=latin1;

--
-- Dumping data for table `users_menu`
--

INSERT INTO `users_menu` (`id`, `user_id`, `menu_id`, `status`, `created_at`, `updated_at`) VALUES
(1, 29, 1, 1, '2021-01-10 17:21:12', '2021-01-10 19:58:57'),
(2, 29, 2, 1, '2021-01-10 17:21:12', '2021-01-10 19:58:57'),
(3, 29, 3, 1, '2021-01-10 17:21:12', '2021-01-10 19:58:57'),
(4, 29, 4, 0, '2021-01-10 17:21:12', '2021-01-10 19:58:57'),
(5, 29, 5, 0, '2021-01-10 17:21:12', '2021-01-10 19:58:57'),
(6, 29, 6, 0, '2021-01-10 17:21:12', '2021-01-10 19:58:57'),
(7, 29, 7, 0, '2021-01-10 17:21:12', '2021-01-10 19:58:57'),
(8, 29, 8, 0, '2021-01-10 17:21:12', '2021-01-10 19:58:57'),
(9, 29, 9, 0, '2021-01-10 17:21:12', '2021-01-10 19:58:57'),
(10, 29, 10, 0, '2021-01-10 17:21:12', '2021-01-10 19:58:57'),
(11, 29, 11, 0, '2021-01-10 17:21:12', '2021-01-10 19:58:57'),
(12, 29, 12, 0, '2021-01-10 17:21:12', '2021-01-10 19:58:57'),
(13, 28, 1, 1, '2021-01-10 17:21:44', '2021-01-10 17:21:44'),
(14, 28, 2, 1, '2021-01-10 17:21:44', '2021-01-10 17:21:44'),
(15, 28, 3, 1, '2021-01-10 17:21:44', '2021-01-10 17:21:44'),
(16, 28, 4, 0, '2021-01-10 17:21:44', '2021-01-10 17:21:44'),
(17, 28, 5, 0, '2021-01-10 17:21:44', '2021-01-10 17:21:44'),
(18, 28, 6, 0, '2021-01-10 17:21:44', '2021-01-10 17:21:44'),
(19, 28, 7, 0, '2021-01-10 17:21:44', '2021-01-10 17:21:44'),
(20, 28, 8, 0, '2021-01-10 17:21:44', '2021-01-10 17:21:44'),
(21, 28, 9, 0, '2021-01-10 17:21:44', '2021-01-10 17:21:44'),
(22, 28, 10, 0, '2021-01-10 17:21:44', '2021-01-10 17:21:44'),
(23, 28, 11, 0, '2021-01-10 17:21:44', '2021-01-10 17:21:44'),
(24, 28, 12, 0, '2021-01-10 17:21:44', '2021-01-10 17:21:44'),
(25, 24, 1, 1, '2021-01-10 17:21:53', '2021-01-10 20:17:25'),
(26, 24, 2, 0, '2021-01-10 17:21:53', '2021-01-10 20:17:25'),
(27, 24, 3, 0, '2021-01-10 17:21:53', '2021-01-10 20:17:25'),
(28, 24, 4, 0, '2021-01-10 17:21:53', '2021-01-10 20:17:25'),
(29, 24, 5, 0, '2021-01-10 17:21:53', '2021-01-10 20:17:25'),
(30, 24, 6, 0, '2021-01-10 17:21:53', '2021-01-10 20:17:25'),
(31, 24, 7, 0, '2021-01-10 17:21:53', '2021-01-10 20:17:25'),
(32, 24, 8, 0, '2021-01-10 17:21:53', '2021-01-10 20:17:25'),
(33, 24, 9, 0, '2021-01-10 17:21:53', '2021-01-10 20:17:25'),
(34, 24, 10, 0, '2021-01-10 17:21:53', '2021-01-10 20:17:25'),
(35, 24, 11, 0, '2021-01-10 17:21:53', '2021-01-10 20:17:25'),
(36, 24, 12, 0, '2021-01-10 17:21:53', '2021-01-10 20:17:25'),
(37, 1, 1, 1, '2021-01-10 19:27:36', '2021-01-10 19:27:36'),
(38, 1, 2, 1, '2021-01-10 19:27:36', '2021-01-10 19:27:36'),
(39, 1, 3, 1, '2021-01-10 19:27:36', '2021-01-10 19:27:36'),
(40, 1, 4, 1, '2021-01-10 19:27:36', '2021-01-10 19:27:36'),
(41, 1, 5, 1, '2021-01-10 19:27:36', '2021-01-10 19:27:36'),
(42, 1, 6, 1, '2021-01-10 19:27:36', '2021-01-10 19:27:36'),
(43, 1, 7, 1, '2021-01-10 19:27:36', '2021-01-10 19:27:36'),
(44, 1, 8, 1, '2021-01-10 19:27:36', '2021-01-10 19:27:36'),
(45, 1, 9, 0, '2021-01-10 19:27:36', '2021-01-10 19:27:36'),
(46, 1, 10, 1, '2021-01-10 19:27:36', '2021-01-10 19:27:36'),
(47, 1, 11, 1, '2021-01-10 19:27:36', '2021-01-10 19:27:36'),
(48, 1, 12, 1, '2021-01-10 19:27:36', '2021-01-10 19:27:36'),
(49, 9, 1, 1, '2021-01-10 19:27:50', '2021-01-10 19:27:50'),
(50, 9, 2, 1, '2021-01-10 19:27:50', '2021-01-10 19:27:50'),
(51, 9, 3, 1, '2021-01-10 19:27:50', '2021-01-10 19:27:50'),
(52, 9, 4, 1, '2021-01-10 19:27:50', '2021-01-10 19:27:50'),
(53, 9, 5, 1, '2021-01-10 19:27:50', '2021-01-10 19:27:50'),
(54, 9, 6, 1, '2021-01-10 19:27:50', '2021-01-10 19:27:50'),
(55, 9, 7, 1, '2021-01-10 19:27:50', '2021-01-10 19:27:50'),
(56, 9, 8, 1, '2021-01-10 19:27:50', '2021-01-10 19:27:50'),
(57, 9, 9, 0, '2021-01-10 19:27:50', '2021-01-10 19:27:50'),
(58, 9, 10, 1, '2021-01-10 19:27:50', '2021-01-10 19:27:50'),
(59, 9, 11, 1, '2021-01-10 19:27:50', '2021-01-10 19:27:50'),
(60, 9, 12, 1, '2021-01-10 19:27:50', '2021-01-10 19:27:50');

-- --------------------------------------------------------

--
-- Table structure for table `usg`
--

CREATE TABLE `usg` (
  `id` int(11) NOT NULL,
  `uid` varchar(64) NOT NULL,
  `id_pendaftaran` int(11) NOT NULL,
  `id_dokter` int(11) NOT NULL,
  `nama_dokter` varchar(256) NOT NULL,
  `id_analis` int(11) NOT NULL,
  `nama_analis` varchar(256) NOT NULL,
  `tgl_periksa` date NOT NULL,
  `jam_periksa` time NOT NULL,
  `jam_selesai` time NOT NULL,
  `tgl_selesai` date NOT NULL,
  `tracing` varchar(64) DEFAULT NULL,
  `state` int(11) NOT NULL,
  `on_create` datetime NOT NULL,
  `on_update` datetime NOT NULL
) ENGINE=InnoDB DEFAULT CHARSET=latin1;

-- --------------------------------------------------------

--
-- Stand-in structure for view `view_diagnosa`
-- (See below for the actual view)
--
CREATE TABLE `view_diagnosa` (
`id` int(11)
,`uid` varchar(64)
,`id_icd` int(11)
,`kode` varchar(64)
,`diagnosa` varchar(256)
,`on_create` datetime
);

-- --------------------------------------------------------

--
-- Stand-in structure for view `view_wilayah`
-- (See below for the actual view)
--
CREATE TABLE `view_wilayah` (
`kode_desa` varchar(32)
,`nama_desa` varchar(256)
,`kode_kec` varchar(32)
,`nama_kec` varchar(256)
,`kode_kab` varchar(32)
,`nama_kab` varchar(256)
,`kode_prov` varchar(32)
,`nama_prov` varchar(256)
,`nama_full` text
);

-- --------------------------------------------------------

--
-- Table structure for table `wilayah`
--

CREATE TABLE `wilayah` (
  `kode` varchar(32) NOT NULL,
  `mst_kode` varchar(32) DEFAULT NULL,
  `nama` varchar(256) DEFAULT NULL,
  `level` int(11) DEFAULT NULL
) ENGINE=InnoDB DEFAULT CHARSET=latin1;

--
-- Dumping data for table `wilayah`
--

INSERT INTO `wilayah` (`kode`, `mst_kode`, `nama`, `level`) VALUES
('010000', '000000', 'PROV. D.K.I. JAKARTA', 1),
('010100', '010000', 'KAB. KEPULAUAN SERIBU', 2),
('010101', '010100', 'KEC. KEPULAUAN SERIBU SELATAN', 3),
('010101AA', '010101', 'PULAU TIDUNG', 4),
('010101AB', '010101', 'PULAU PARI', 4),
('010101AC', '010101', 'PULAU UNTUNG JAWA', 4),
('010102', '010100', 'KEC. KEPULAUAN SERIBU UTARA', 3),
('010102AA', '010102', 'PULAU PANGGANG', 4),
('010102AB', '010102', 'PULAU KELAPA', 4),
('010102AC', '010102', 'PULAU HARAPAN', 4),
('016000', '010000', 'KOTA JAKARTA PUSAT', 2),
('016001', '016000', 'KEC. TANAH ABANG', 3),
('016001AA', '016001', 'GELORA', 4),
('016001AB', '016001', 'BENDUNGAN HILIR', 4),
('016001AC', '016001', 'KARET TENGSIN', 4),
('016001AD', '016001', 'KEBON MELATI', 4),
('016001AE', '016001', 'PETAMBURAN', 4),
('016001AF', '016001', 'KEBON KACANG', 4),
('016001AG', '016001', 'KAMPUNG BALI', 4),
('016002', '016000', 'KEC. MENTENG', 3),
('016002AA', '016002', 'MENTENG', 4),
('016002AB', '016002', 'PEGANGSAAN', 4),
('016002AC', '016002', 'CIKINI', 4),
('016002AD', '016002', 'GONDANGDIA', 4),
('016002AE', '016002', 'KEBON SIRIH', 4),
('016003', '016000', 'KEC. SENEN', 3),
('016003AA', '016003', 'KENARI', 4),
('016003AB', '016003', 'PASEBAN', 4),
('016003AC', '016003', 'KRAMAT', 4),
('016003AD', '016003', 'KWITANG', 4),
('016003AE', '016003', 'SENEN', 4),
('016003AF', '016003', 'BUNGUR', 4),
('016004', '016000', 'KEC. JOHAR BARU', 3),
('016004AA', '016004', 'JOHAR BARU', 4),
('016004AB', '016004', 'KAMPUNG RAWA', 4),
('016004AC', '016004', 'TANAH TINGGI', 4),
('016004AD', '016004', 'GALUR', 4),
('016005', '016000', 'KEC. CEMPAKA PUTIH', 3),
('016005AA', '016005', 'RAWASARI', 4),
('016005AB', '016005', 'CEMPAKA PUTIH TIMUR', 4),
('016005AC', '016005', 'CEMPAKA PUTIH BARAT', 4),
('016006', '016000', 'KEC. KEMAYORAN', 3),
('016006AA', '016006', 'HARAPAN MULYA', 4),
('016006AB', '016006', 'CEMPAKA BARU', 4),
('016006AC', '016006', 'SUMUR BATU', 4),
('016006AD', '016006', 'SERDANG', 4),
('016006AE', '016006', 'UTAN PANJANG', 4),
('016006AF', '016006', 'KEBON KOSONG', 4),
('016006AG', '016006', 'KEMAYORAN', 4),
('016006AH', '016006', 'GUNUNG SAHARI SELATAN', 4),
('016007', '016000', 'KEC. SAWAH BESAR', 3),
('016007AA', '016007', 'PASAR BARU', 4),
('016007AB', '016007', 'GUNUNG SAHARI UTARA', 4),
('016007AC', '016007', 'KARTINI', 4),
('016007AD', '016007', 'KARANG ANYAR', 4),
('016007AE', '016007', 'MANGGA DUA SELATAN', 4),
('016008', '016000', 'KEC. GAMBIR', 3),
('016008AA', '016008', 'CIDENG', 4),
('016008AB', '016008', 'PETOJO SELATAN', 4),
('016008AC', '016008', 'GAMBIR', 4),
('016008AD', '016008', 'KEBON KELAPA', 4),
('016008AE', '016008', 'PETOJO UTARA', 4),
('016008AF', '016008', 'DURI PULO', 4),
('016100', '010000', 'KOTA JAKARTA UTARA', 2),
('016101', '016100', 'KEC. PENJARINGAN', 3),
('016101AA', '016101', 'KAMAL MUARA', 4),
('016101AB', '016101', 'KAPUK MUARA', 4),
('016101AC', '016101', 'PEJAGALAN', 4),
('016101AD', '016101', 'PENJARINGAN', 4),
('016101AE', '016101', 'PLUIT', 4),
('016102', '016100', 'KEC. PADEMANGAN', 3),
('016102AA', '016102', 'PADEMANGAN BARAT', 4),
('016102AB', '016102', 'PADEMANGAN TIMUR', 4),
('016102AC', '016102', 'ANCOL', 4),
('016103', '016100', 'KEC. TANJUNG PRIOK', 3),
('016103AA', '016103', 'SUNTER AGUNG', 4),
('016103AB', '016103', 'SUNTER JAYA', 4),
('016103AC', '016103', 'PAPANGO', 4),
('016103AD', '016103', 'WARAKAS', 4),
('016103AE', '016103', 'SUNGAI BAMBU', 4),
('016103AF', '016103', 'KEBON BAWANG', 4),
('016103AG', '016103', 'TANJUNG PRIUK', 4),
('016104', '016100', 'KEC. KOJA', 3),
('016104AA', '016104', 'RAWABADAK SELATAN', 4),
('016104AB', '016104', 'TUGU SELATAN', 4),
('016104AC', '016104', 'TUGU UTARA', 4),
('016104AD', '016104', 'LAGOA', 4),
('016104AE', '016104', 'RAWABADAK UTARA', 4),
('016104AF', '016104', 'KOJA', 4),
('016105', '016100', 'KEC. KELAPA GADING', 3),
('016105AA', '016105', 'KELAPA GADING BARAT', 4),
('016105AB', '016105', 'KELAPA GADING TIMUR', 4),
('016105AC', '016105', 'PEGANGSAAN DUA', 4),
('016106', '016100', 'KEC. CILINCING', 3),
('016106AA', '016106', 'SUKA PURA', 4),
('016106AB', '016106', 'ROROTAN', 4),
('016106AC', '016106', 'MARUNDA', 4),
('016106AD', '016106', 'CILINCING', 4),
('016106AE', '016106', 'SEMPER TIMUR', 4),
('016106AF', '016106', 'SEMPER BARAT', 4),
('016106AG', '016106', 'KALI BARU', 4),
('016200', '010000', 'KOTA JAKARTA BARAT', 2),
('016201', '016200', 'KEC. KEMBANGAN', 3),
('016201AA', '016201', 'JOGLO', 4),
('016201AB', '016201', 'SRENGSENG', 4),
('016201AC', '016201', 'MERUYA SELATAN', 4),
('016201AD', '016201', 'MERUYA UTARA', 4),
('016201AE', '016201', 'KEMBANGAN SELATAN', 4),
('016201AF', '016201', 'KEMBANGAN UTARA', 4),
('016202', '016200', 'KEC. KEBON JERUK', 3),
('016202AA', '016202', 'SUKABUMI SELATAN', 4),
('016202AB', '016202', 'SUKABUMI UTARA', 4),
('016202AC', '016202', 'KELAPA DUA', 4),
('016202AD', '016202', 'KEBON JERUK', 4),
('016202AE', '016202', 'DURI KEPA', 4),
('016202AF', '016202', 'KEDOYA SELATAN', 4),
('016202AG', '016202', 'KEDOYA UTARA', 4),
('016203', '016200', 'KEC. PALMERAH', 3),
('016203AA', '016203', 'PALMERAH', 4),
('016203AB', '016203', 'SLIPI', 4),
('016203AC', '016203', 'KEMANGGISAN', 4),
('016203AD', '016203', 'KOTA BAMBU UTARA', 4),
('016203AE', '016203', 'KOTA BAMBU SELATAN', 4),
('016203AF', '016203', 'JATI PULO', 4),
('016204', '016200', 'KEC. GROGOL PETAMBURAN', 3),
('016204AA', '016204', 'TANJUNG DUREN UTARA', 4),
('016204AB', '016204', 'TANJUNG DUREN SELATAN', 4),
('016204AC', '016204', 'TOMANG', 4),
('016204AD', '016204', 'GROGOL', 4),
('016204AE', '016204', 'JELAMBAR', 4),
('016204AF', '016204', 'WIJAYA KESUMA', 4),
('016204AG', '016204', 'JELAMBAR BARU', 4),
('016205', '016200', 'KEC. TAMBORA', 3),
('016205AA', '016205', 'KALIANYAR', 4),
('016205AB', '016205', 'DURI SELATAN', 4),
('016205AC', '016205', 'TANAH SEREAL', 4),
('016205AD', '016205', 'DURI UTARA', 4),
('016205AE', '016205', 'KRENDANG', 4),
('016205AF', '016205', 'JEMBATAN BESI', 4),
('016205AG', '016205', 'ANGKE', 4),
('016205AH', '016205', 'JEMBATAN LIMA', 4),
('016205AI', '016205', 'TAMBORA', 4),
('016205AJ', '016205', 'ROA MALAKA', 4),
('016205AK', '016205', 'PEKOJAN', 4),
('016206', '016200', 'KEC. TAMAN SARI', 3),
('016206AA', '016206', 'KRUKUT', 4),
('016206AB', '016206', 'MAPHAR', 4),
('016206AC', '016206', 'TAMAN SARI', 4),
('016206AD', '016206', 'TANGKI', 4),
('016206AE', '016206', 'MANGGA BESAR', 4),
('016206AF', '016206', 'KEAGUNGAN', 4),
('016206AG', '016206', 'GLODOK', 4),
('016206AH', '016206', 'PINANGSIA', 4),
('016207', '016200', 'KEC. CENGKARENG', 3),
('016207AA', '016207', 'DURI KOSAMBI', 4),
('016207AB', '016207', 'RAWA BUAYA', 4),
('016207AC', '016207', 'KEDAUNG KALI ANGKE', 4),
('016207AD', '016207', 'KAPUK', 4),
('016207AE', '016207', 'CENGKARENG TIMUR', 4),
('016207AF', '016207', 'CENGKARENG BARAT', 4),
('016208', '016200', 'KEC. KALI DERES', 3),
('016208AA', '016208', 'SEMANAN', 4),
('016208AB', '016208', 'KALIDERES', 4),
('016208AC', '016208', 'PEGADUNGAN', 4),
('016208AD', '016208', 'TEGAL ALUR', 4),
('016208AE', '016208', 'KAMAL', 4),
('016300', '010000', 'KOTA JAKARTA SELATAN', 2),
('016301', '016300', 'KEC. JAGAKARSA', 3),
('016301AA', '016301', 'CIPEDAK', 4),
('016301AB', '016301', 'SRENGSENG SAWAH', 4),
('016301AC', '016301', 'CIGANJUR', 4),
('016301AD', '016301', 'JAGAKARSA', 4),
('016301AE', '016301', 'LENTENG AGUNG', 4),
('016301AF', '016301', 'TANJUNG BARAT', 4),
('016302', '016300', 'KEC. PASAR MINGGU', 3),
('016302AA', '016302', 'CILANDAK TIMUR', 4),
('016302AB', '016302', 'RAGUNAN', 4),
('016302AC', '016302', 'KEBAGUSAN', 4),
('016302AD', '016302', 'PASAR MINGGU', 4),
('016302AE', '016302', 'JATI PADANG', 4),
('016302AF', '016302', 'PEJATEN BARAT', 4),
('016302AG', '016302', 'PEJATEN TIMUR', 4),
('016303', '016300', 'KEC. CILANDAK', 3),
('016303AA', '016303', 'LEBAK BULUS', 4),
('016303AB', '016303', 'PONDOK LABU', 4),
('016303AC', '016303', 'CILANDAK BARAT', 4),
('016303AD', '016303', 'GANDARIA SELATAN', 4),
('016303AE', '016303', 'CIPETE SELATAN', 4),
('016304', '016300', 'KEC. PESANGGRAHAN', 3),
('016304AA', '016304', 'BINTARO', 4),
('016304AB', '016304', 'PESANGGRAHAN', 4),
('016304AC', '016304', 'ULUJAMI', 4),
('016304AD', '016304', 'PETUKANGAN SELATAN', 4),
('016304AE', '016304', 'PETUKANGAN UTARA', 4),
('016305', '016300', 'KEC. KEBAYORAN LAMA', 3),
('016305AA', '016305', 'PONDOK PINANG', 4),
('016305AB', '016305', 'KEBAYORAN LAMA SELATAN', 4),
('016305AC', '016305', 'KEBAYORAN LAMA UTARA', 4),
('016305AD', '016305', 'CIPULIR', 4),
('016305AE', '016305', 'GROGOL SELATAN', 4),
('016305AF', '016305', 'GROGOL UTARA', 4),
('016306', '016300', 'KEC. KEBAYORAN BARU', 3),
('016306AA', '016306', 'GANDARIA UTARA', 4),
('016306AB', '016306', 'CIPETE UTARA', 4),
('016306AC', '016306', 'PULO', 4),
('016306AD', '016306', 'PETOGOGAN', 4),
('016306AE', '016306', 'MELAWAI', 4),
('016306AF', '016306', 'KRAMAT PELA', 4),
('016306AG', '016306', 'GUNUNG', 4),
('016306AH', '016306', 'SELONG', 4),
('016306AI', '016306', 'RAWA BARAT', 4),
('016306AJ', '016306', 'SENAYAN', 4),
('016307', '016300', 'KEC. MAMPANG PRAPATAN', 3),
('016307AA', '016307', 'BANGKA', 4),
('016307AB', '016307', 'PELA MAMPANG', 4),
('016307AC', '016307', 'TEGAL PARANG', 4),
('016307AD', '016307', 'MAMPANG PRAPATAN', 4),
('016307AE', '016307', 'KUNINGAN BARAT', 4),
('016308', '016300', 'KEC. PANCORAN', 3),
('016308AA', '016308', 'KALIBATA', 4),
('016308AB', '016308', 'RAWAJATI', 4),
('016308AC', '016308', 'DUREN TIGA', 4),
('016308AD', '016308', 'PANCORAN', 4),
('016308AE', '016308', 'PENGADEGAN', 4),
('016308AF', '016308', 'CIKOKO', 4),
('016309', '016300', 'KEC. TEBET', 3),
('016309AA', '016309', 'MENTENG DALAM', 4),
('016309AB', '016309', 'TEBET BARAT', 4),
('016309AC', '016309', 'TEBET TIMUR', 4),
('016309AD', '016309', 'KEBON BARU', 4),
('016309AE', '016309', 'BUKIT DURI', 4),
('016309AF', '016309', 'MANGGARAI SELATAN', 4),
('016309AG', '016309', 'MANGGARAI', 4),
('016310', '016300', 'KEC. SETIA BUDI', 3),
('016310AA', '016310', 'KARET SEMANGGI', 4),
('016310AB', '016310', 'KUNINGAN TIMUR', 4),
('016310AC', '016310', 'KARET KUNINGAN', 4),
('016310AD', '016310', 'KARET', 4),
('016310AE', '016310', 'MENTENG ATAS', 4),
('016310AF', '016310', 'PASAR MANGGIS', 4),
('016310AG', '016310', 'GUNTUR', 4),
('016310AH', '016310', 'SETIA BUDI', 4),
('016400', '010000', 'KOTA JAKARTA TIMUR', 2),
('016401', '016400', 'KEC. PASAR REBO', 3),
('016401AA', '016401', 'PEKAYON', 4),
('016401AB', '016401', 'KALISARI', 4),
('016401AC', '016401', 'BARU', 4),
('016401AD', '016401', 'CIJANTUNG', 4),
('016401AE', '016401', 'GEDONG', 4),
('016402', '016400', 'KEC. CIRACAS', 3),
('016402AA', '016402', 'CIBUBUR', 4),
('016402AB', '016402', 'KELAPA DUA WETAN', 4),
('016402AC', '016402', 'CIRACAS', 4),
('016402AD', '016402', 'SUSUKAN', 4),
('016402AE', '016402', 'RAMBUTAN', 4),
('016403', '016400', 'KEC. CIPAYUNG', 3),
('016403AA', '016403', 'PONDOK RANGGON', 4),
('016403AB', '016403', 'CILANGKAP', 4),
('016403AC', '016403', 'MUNJUL', 4),
('016403AD', '016403', 'CIPAYUNG', 4),
('016403AE', '016403', 'SETU', 4),
('016403AF', '016403', 'BAMBU APUS', 4),
('016403AG', '016403', 'CEGER', 4),
('016403AH', '016403', 'LUBANG BUAYA', 4),
('016404', '016400', 'KEC. MAKASAR', 3),
('016404AA', '016404', 'PINANG RANTI', 4),
('016404AB', '016404', 'MAKASAR', 4),
('016404AC', '016404', 'KEBON PALA', 4),
('016404AD', '016404', 'HALIM PERDANA KUSUMAH', 4),
('016404AE', '016404', 'CIPINANG MELAYU', 4),
('016405', '016400', 'KEC. KRAMAT JATI', 3),
('016405AA', '016405', 'BALE KAMBANG', 4),
('016405AB', '016405', 'BATU AMPAR', 4),
('016405AC', '016405', 'KAMPUNG TENGAH', 4),
('016405AD', '016405', 'DUKUH', 4),
('016405AE', '016405', 'KRAMAT JATI', 4),
('016405AF', '016405', 'CILILITAN', 4),
('016405AG', '016405', 'CAWANG', 4),
('016406', '016400', 'KEC. JATINEGARA', 3),
('016406AA', '016406', 'BIDARA CINA', 4),
('016406AB', '016406', 'CIPINANG CEMPEDAK', 4),
('016406AC', '016406', 'CIPINANG BESAR SELATAN', 4),
('016406AD', '016406', 'CIPINANG MUARA', 4),
('016406AE', '016406', 'CIPINANG BESAR UTARA', 4),
('016406AF', '016406', 'RAWA BUNGA', 4),
('016406AG', '016406', 'BALI MESTER', 4),
('016406AH', '016406', 'KAMPUNG MELAYU', 4),
('016407', '016400', 'KEC. DUREN SAWIT', 3),
('016407AA', '016407', 'PONDOK BAMBU', 4),
('016407AB', '016407', 'DUREN SAWIT', 4),
('016407AC', '016407', 'PONDOK KELAPA', 4),
('016407AD', '016407', 'PONDOK KOPI', 4),
('016407AE', '016407', 'MALAKA JAYA', 4),
('016407AF', '016407', 'MALAKA SARI', 4),
('016407AG', '016407', 'KLENDER', 4),
('016408', '016400', 'KEC. CAKUNG', 3),
('016408AA', '016408', 'JATINEGARA', 4),
('016408AB', '016408', 'PENGGILINGAN', 4),
('016408AC', '016408', 'PULO GEBANG', 4),
('016408AD', '016408', 'UJUNG MENTENG', 4),
('016408AE', '016408', 'CAKUNG TIMUR', 4),
('016408AF', '016408', 'CAKUNG BARAT', 4),
('016408AG', '016408', 'RAWA TERATE', 4),
('016409', '016400', 'KEC. PULO GADUNG', 3),
('016409AA', '016409', 'PISANGAN TIMUR', 4),
('016409AB', '016409', 'CIPINANG', 4),
('016409AC', '016409', 'JATINEGARA KAUM', 4),
('016409AD', '016409', 'JATI', 4),
('016409AE', '016409', 'RAWAMANGUN', 4),
('016409AF', '016409', 'KAYU PUTIH', 4),
('016409AG', '016409', 'PULO GADUNG', 4),
('016410', '016400', 'KEC. MATRAMAN', 3),
('016410AA', '016410', 'KEBON MANGGIS', 4),
('016410AB', '016410', 'PAL MERIEM', 4),
('016410AC', '016410', 'PISANGAN BARU', 4),
('016410AD', '016410', 'KAYU MANIS', 4),
('016410AE', '016410', 'UTAN KAYU SELATAN', 4),
('016410AF', '016410', 'UTAN KAYU UTARA', 4),
('020000', '000000', 'PROV. JAWA BARAT', 1),
('020500', '020000', 'KAB. BOGOR', 2),
('020501', '020500', 'KEC. NANGGUNG', 3),
('020501AA', '020501', 'MALASARI', 4),
('020501AB', '020501', 'BANTAR KARET', 4),
('020501AC', '020501', 'CISARUA', 4),
('020501AD', '020501', 'CURUG BITUNG', 4),
('020501AE', '020501', 'NANGGUNG', 4),
('020501AF', '020501', 'PANGKAL JAYA', 4),
('020501AG', '020501', 'SUKALUYU', 4),
('020501AH', '020501', 'HAMBARO', 4),
('020501AI', '020501', 'KALONG LIUD', 4),
('020501AJ', '020501', 'PARAKAN MUNCANG', 4),
('020501AK', '020501', 'BATU TULIS', 4),
('020502', '020500', 'KEC. LEUWILIANG', 3),
('020502AA', '020502', 'PURASARI', 4),
('020502AB', '020502', 'PURASEDA', 4),
('020502AC', '020502', 'KARYASARI', 4),
('020502AD', '020502', 'PABANGBON', 4),
('020502AE', '020502', 'KARACAK', 4),
('020502AF', '020502', 'BARENGKOK', 4),
('020502AG', '020502', 'CIBEBER II', 4),
('020502AH', '020502', 'CIBEBER I', 4),
('020502AI', '020502', 'LEUWIMEKAR', 4),
('020502AJ', '020502', 'LEUWILIANG', 4),
('020502AK', '020502', 'KAREHKEL', 4),
('020503', '020500', 'KEC. PAMIJAHAN', 3),
('020503AA', '020503', 'CIBUNIAN', 4),
('020503AB', '020503', 'PURWABAKTI', 4),
('020503AC', '020503', 'CIASMARA', 4),
('020503AD', '020503', 'CIASIHAN', 4),
('020503AE', '020503', 'GUNUNG SARI', 4),
('020503AF', '020503', 'GUNUNG BUNDER 2', 4),
('020503AG', '020503', 'GUNUNG BUNDER 1', 4),
('020503AH', '020503', 'CIBENING', 4),
('020503AI', '020503', 'GUNUNG PICUNG', 4),
('020503AJ', '020503', 'CIBITUNG KULON', 4),
('020503AK', '020503', 'CIBITUNG WETAN', 4),
('020503AL', '020503', 'PAMIJAHAN', 4),
('020503AM', '020503', 'PASAREAN', 4),
('020503AN', '020503', 'GUNUNG MENYAN', 4),
('020503AO', '020503', 'CIMAYANG', 4),
('020504', '020500', 'KEC. CIBUNGBULANG', 3),
('020504AA', '020504', 'SITU UDIK', 4),
('020504AB', '020504', 'SITU ILIR', 4),
('020504AC', '020504', 'CIBATOK 2', 4),
('020504AD', '020504', 'CIARUTEN UDIK', 4),
('020504AE', '020504', 'CIBATOK 1', 4),
('020504AF', '020504', 'SUKAMAJU', 4),
('020504AG', '020504', 'CEMPLANG', 4),
('020504AH', '020504', 'GALUGA', 4),
('020504AI', '020504', 'DUKUH', 4),
('020504AJ', '020504', 'CIMANGGU 2', 4),
('020504AK', '020504', 'CIMANGGU 1', 4),
('020504AL', '020504', 'GIRIMULYA', 4),
('020504AM', '020504', 'LEUWEUNG KOLOT', 4),
('020504AN', '020504', 'CIARUTEN ILIR', 4),
('020504AO', '020504', 'CIJUJUNG', 4),
('020505', '020500', 'KEC. CIAMPEA', 3),
('020505AA', '020505', 'CIAMPEA UDIK', 4),
('020505AB', '020505', 'CINANGKA', 4),
('020505AC', '020505', 'CIBUNTU', 4),
('020505AD', '020505', 'CICADAS', 4),
('020505AE', '020505', 'TEGAL WARU', 4),
('020505AF', '020505', 'BOJONG JENGKOL', 4),
('020505AG', '020505', 'CIHIDEUNG UDIK', 4),
('020505AH', '020505', 'CIHIDEUNG ILIR', 4),
('020505AI', '020505', 'CIBANTENG', 4),
('020505AJ', '020505', 'BOJONG RANGKAS', 4),
('020505AK', '020505', 'CIBADAK', 4),
('020505AL', '020505', 'BENTENG', 4),
('020505AM', '020505', 'CIAMPEA', 4),
('020506', '020500', 'KEC. DRAMAGA', 3),
('020506AA', '020506', 'PURWASARI', 4),
('020506AB', '020506', 'PETIR', 4),
('020506AC', '020506', 'SUKADAMAI', 4),
('020506AD', '020506', 'SUKAWENING', 4),
('020506AE', '020506', 'NEGLASARI', 4),
('020506AF', '020506', 'SINAR SARI', 4),
('020506AG', '020506', 'CIHERANG', 4),
('020506AH', '020506', 'DRAMAGA', 4),
('020506AI', '020506', 'BABAKAN', 4),
('020506AJ', '020506', 'CIKARAWANG', 4),
('020507', '020500', 'KEC. CIOMAS', 3),
('020507AA', '020507', 'KOTA BATU', 4),
('020507AB', '020507', 'MEKARJAYA', 4),
('020507AC', '020507', 'PARAKAN', 4),
('020507AD', '020507', 'CIOMAS', 4),
('020507AE', '020507', 'PAGELARAN', 4),
('020507AF', '020507', 'SUKAMAKMUR', 4),
('020507AG', '020507', 'CIAPUS', 4),
('020507AH', '020507', 'SUKAHARJA', 4),
('020507AI', '020507', 'PADASUKA', 4),
('020507AJ', '020507', 'CIOMAS RAHAYU', 4),
('020507AK', '020507', 'LALADON', 4),
('020508', '020500', 'KEC. CIJERUK', 3),
('020508AA', '020508', 'WARUNG MENTENG', 4),
('020508AB', '020508', 'CIJERUK', 4),
('020508AC', '020508', 'CIPELANG', 4),
('020508AD', '020508', 'CIBALUNG', 4),
('020508AE', '020508', 'CIPICUNG', 4),
('020508AF', '020508', 'TANJUNG SARI', 4),
('020508AG', '020508', 'TAJUR HALANG', 4),
('020508AH', '020508', 'PALASARI', 4),
('020508AI', '020508', 'SUKAHARJA', 4),
('020509', '020500', 'KEC. CARINGIN', 3),
('020509AA', '020509', 'PASIR BUNCIR', 4),
('020509AB', '020509', 'CINAGARA', 4),
('020509AC', '020509', 'TANGKIL', 4),
('020509AD', '020509', 'PASIR MUNCANG', 4),
('020509AE', '020509', 'MUARA JAYA', 4),
('020509AF', '020509', 'CARINGIN', 4),
('020509AG', '020509', 'LEMAH DUHUR', 4),
('020509AH', '020509', 'CIMANDE', 4),
('020509AI', '020509', 'PANCAWATI', 4),
('020509AJ', '020509', 'CIDERUM', 4),
('020509AK', '020509', 'CIHERANG PONDOK', 4),
('020509AL', '020509', 'CIMANDE HILIR', 4),
('020510', '020500', 'KEC. CIAWI', 3),
('020510AA', '020510', 'CILEUNGSI', 4),
('020510AB', '020510', 'CITAPEN', 4),
('020510AC', '020510', 'CIBEDUG', 4),
('020510AD', '020510', 'BOJONG MURNI', 4),
('020510AE', '020510', 'JAMBU LUWUK', 4),
('020510AF', '020510', 'BANJAR SARI', 4),
('020510AG', '020510', 'BANJAR WANGI', 4),
('020510AH', '020510', 'BITUNG SARI', 4),
('020510AI', '020510', 'TELUK PINANG', 4),
('020510AJ', '020510', 'BANJAR WARU', 4),
('020510AK', '020510', 'CIAWI', 4),
('020510AL', '020510', 'BENDUNGAN', 4),
('020510AM', '020510', 'PANDANSARI', 4),
('020511', '020500', 'KEC. CISARUA', 3),
('020511AA', '020511', 'CITEKO', 4),
('020511AB', '020511', 'CIBEUREUM', 4),
('020511AC', '020511', 'TUGU SELATAN', 4),
('020511AD', '020511', 'TUGU UTARA', 4),
('020511AE', '020511', 'BATU LAYANG', 4),
('020511AF', '020511', 'CISARUA', 4),
('020511AG', '020511', 'KOPO', 4),
('020511AH', '020511', 'LEUWIMALANG', 4),
('020511AI', '020511', 'JOGJOGAN', 4),
('020511AJ', '020511', 'CILEMBER', 4),
('020512', '020500', 'KEC. MEGAMENDUNG', 3),
('020512AA', '020512', 'SUKARESMI', 4),
('020512AB', '020512', 'SUKAGALIH', 4),
('020512AC', '020512', 'KUTA', 4),
('020512AD', '020512', 'SUKAKARYA', 4),
('020512AE', '020512', 'SUKAMANAH', 4),
('020512AF', '020512', 'SUKAMAJU', 4),
('020512AG', '020512', 'SUKAMAHI', 4),
('020512AH', '020512', 'GADOG', 4),
('020512AJ', '020512', 'CIPAYUNG GIRANG', 4),
('020512AK', '020512', 'MEGAMENDUNG', 4),
('020512AL', '020512', 'PASIR ANGIN', 4),
('020512AM', '020512', 'CIPAYUNG', 4),
('020513', '020500', 'KEC. SUKARAJA', 3),
('020513AA', '020513', 'CIBANON', 4),
('020513AB', '020513', 'GUNUNG GEULIS', 4),
('020513AC', '020513', 'NAGRAK', 4),
('020513AD', '020513', 'SUKATANI', 4),
('020513AE', '020513', 'SUKARAJA', 4),
('020513AF', '020513', 'CIKEAS', 4),
('020513AG', '020513', 'CADAS NGAMPAR', 4),
('020513AH', '020513', 'PASIRLAJA', 4),
('020513AI', '020513', 'CIJUJUNG', 4),
('020513AJ', '020513', 'CIMANDALA', 4),
('020513AK', '020513', 'PASIR JAMBU', 4),
('020513AL', '020513', 'CILEBUT TIMUR', 4),
('020513AM', '020513', 'CILEBUT BARAT', 4),
('020514', '020500', 'KEC. BABAKAN MADANG', 3),
('020514AA', '020514', 'CIJAYANTI', 4),
('020514AB', '020514', 'BOJONG KONENG', 4),
('020514AC', '020514', 'KARANG TENGAH', 4),
('020514AD', '020514', 'SUMUR BATU', 4),
('020514AE', '020514', 'BABAKAN MADANG', 4),
('020514AF', '020514', 'CITARINGGUL', 4),
('020514AG', '020514', 'CIPAMBUAN', 4),
('020514AH', '020514', 'KADUMANGU', 4),
('020514AI', '020514', 'SENTUL', 4),
('020515', '020500', 'KEC. SUKAMAKMUR', 3),
('020515AA', '020515', 'SUKAWANGI', 4),
('020515AB', '020515', 'SUKAHARJA', 4),
('020515AC', '020515', 'WARGAJAYA', 4),
('020515AD', '020515', 'SIRNAJAYA', 4),
('020515AE', '020515', 'SUKAMULYA', 4),
('020515AF', '020515', 'SUKAMAKMUR', 4),
('020515AG', '020515', 'CIBADAK', 4),
('020515AH', '020515', 'PABUARAN', 4),
('020515AI', '020515', 'SUKADAMAI', 4),
('020515AJ', '020515', 'SUKARESMI', 4),
('020516', '020500', 'KEC. CARIU', 3),
('020516AA', '020516', 'KARYA MEKAR', 4),
('020516AB', '020516', 'BANTAR KUNING', 4),
('020516AC', '020516', 'CIKUTAMAHI', 4),
('020516AD', '020516', 'CIBATU TIGA', 4),
('020516AE', '020516', 'MEKARWANGI', 4),
('020516AF', '020516', 'TEGAL PANJANG', 4),
('020516AG', '020516', 'CARIU', 4),
('020516AH', '020516', 'KUTA MEKAR', 4),
('020516AI', '020516', 'SUKAJADI', 4),
('020516AJ', '020516', 'BABAKAN RADEN', 4),
('020517', '020500', 'KEC. JONGGOL', 3),
('020517AA', '020517', 'SUKAJAYA', 4),
('020517AB', '020517', 'SUKANEGARA', 4),
('020517AC', '020517', 'CIBODAS', 4),
('020517AD', '020517', 'SINGASARI', 4),
('020517AE', '020517', 'SINGAJAYA', 4),
('020517AF', '020517', 'SUKASIRNA', 4),
('020517AG', '020517', 'BALEKAMBANG', 4),
('020517AH', '020517', 'BENDUNGAN', 4),
('020517AI', '020517', 'SIRNAGALIH', 4),
('020517AJ', '020517', 'JONGGOL', 4),
('020517AK', '020517', 'SUKAMAJU', 4),
('020517AL', '020517', 'SUKAMANAH', 4),
('020517AM', '020517', 'WENINGGALIH', 4),
('020517AN', '020517', 'SUKAGALIH', 4),
('020518', '020500', 'KEC. CILEUNGSI', 3),
('020518AA', '020518', 'DAYEUH', 4),
('020518AB', '020518', 'MAMPIR', 4),
('020518AC', '020518', 'SETU SARI', 4),
('020518AD', '020518', 'CIPEUCANG', 4),
('020518AE', '020518', 'JATISARI', 4),
('020518AF', '020518', 'GANDOANG', 4),
('020518AG', '020518', 'MEKARSARI', 4),
('020518AH', '020518', 'CILEUNGSI KIDUL', 4),
('020518AI', '020518', 'CILEUNGSI', 4),
('020518AJ', '020518', 'LIMUS NUNGGAL', 4),
('020518AK', '020518', 'PASIR ANGIN', 4),
('020518AL', '020518', 'CIPENJO', 4),
('020519', '020500', 'KEC. GUNUNGPUTRI', 3),
('020519AA', '020519', 'KARANGGAN', 4),
('020519AB', '020519', 'GUNUNG PUTRI', 4),
('020519AC', '020519', 'TLAJUNG UDIK', 4),
('020519AD', '020519', 'BOJONG NANGKA', 4),
('020519AE', '020519', 'CICADAS', 4),
('020519AF', '020519', 'WANAHERANG', 4),
('020519AG', '020519', 'CIKEAS UDIK', 4),
('020519AH', '020519', 'NAGRAK', 4),
('020519AI', '020519', 'CIANGSANA', 4),
('020519AJ', '020519', 'BOJONG KULUR', 4),
('020520', '020500', 'KEC. CITEUREUP', 3),
('020520AA', '020520', 'TANGKIL', 4),
('020520AB', '020520', 'HAMBALANG', 4),
('020520AC', '020520', 'TAJUR', 4),
('020520AD', '020520', 'PASIR MUKTI', 4),
('020520AE', '020520', 'SUKAHATI', 4),
('020520AF', '020520', 'LEUWINUTUG', 4),
('020520AG', '020520', 'SANJA', 4),
('020520AH', '020520', 'KARANG ASEM BARAT', 4),
('020520AI', '020520', 'KARANG ASEM TIMUR', 4),
('020520AJ', '020520', 'TARIKOLOT', 4),
('020520AK', '020520', 'GUNUNG SARI', 4),
('020520AL', '020520', 'CITEUREUP', 4),
('020520AM', '020520', 'PUSPANEGARA', 4),
('020520AN', '020520', 'PUSPASARI', 4),
('020521', '020500', 'KEC. CIBINONG', 3),
('020521AA', '020521', 'KARADENAN', 4),
('020521AB', '020521', 'NANGGEWER', 4),
('020521AC', '020521', 'NANGGEWER MEKAR', 4),
('020521AD', '020521', 'CIBINONG', 4),
('020521AE', '020521', 'PAKANSARI', 4),
('020521AF', '020521', 'SUKAHATI', 4),
('020521AG', '020521', 'TENGAH', 4),
('020521AH', '020521', 'PONDOK RAJEG', 4),
('020521AI', '020521', 'HARAPAN JAYA', 4),
('020521AJ', '020521', 'PABUARAN', 4),
('020521AK', '020521', 'CIRIMEKAR', 4),
('020521AL', '020521', 'CIRIUNG', 4),
('020522', '020500', 'KEC. BOJONG GEDE', 3),
('020522AA', '020522', 'CIMANGGIS', 4),
('020522AB', '020522', 'WARINGIN JAYA', 4),
('020522AC', '020522', 'KEDUNG WARINGIN', 4),
('020522AD', '020522', 'BOJONG GEDE', 4),
('020522AE', '020522', 'SUSUKAN', 4),
('020522AF', '020522', 'BOJONG BARU', 4),
('020522AG', '020522', 'RAWA PANJANG', 4),
('020522AH', '020522', 'PABUARAN', 4),
('020522AI', '020522', 'RAGAJAYA', 4),
('020523', '020500', 'KEC. KEMANG', 3),
('020523AA', '020523', 'SEMPLAK BARAT', 4),
('020523AB', '020523', 'ATANG SENJAYA', 4),
('020523AC', '020523', 'PARAKAN JAYA', 4),
('020523AD', '020523', 'BOJONG', 4),
('020523AE', '020523', 'KEMANG', 4),
('020523AF', '020523', 'PABUARAN', 4),
('020523AG', '020523', 'TEGAL', 4),
('020523AH', '020523', 'PONDOK UDIK', 4),
('020523AI', '020523', 'JAMPANG', 4),
('020524', '020500', 'KEC. PARUNG', 3),
('020524AA', '020524', 'IWUL', 4),
('020524AB', '020524', 'JABON MEKAR', 4),
('020524AC', '020524', 'PAMAGER SARI', 4),
('020524AD', '020524', 'PARUNG', 4),
('020524AE', '020524', 'WARU', 4),
('020524AF', '020524', 'WARUJAYA', 4),
('020524AG', '020524', 'BOJONG SEMPU', 4),
('020524AH', '020524', 'BOJONG INDAH', 4),
('020524AI', '020524', 'COGREG', 4),
('020525', '020500', 'KEC. GUNUNG SINDUR', 3),
('020525AA', '020525', 'JAMPANG', 4),
('020525AB', '020525', 'CIBADUNG', 4),
('020525AC', '020525', 'CIBINONG', 4),
('020525AD', '020525', 'CIDOKOM', 4),
('020525AE', '020525', 'PADURENAN', 4),
('020525AF', '020525', 'CURUG', 4),
('020525AG', '020525', 'RAWAKALONG', 4),
('020525AH', '020525', 'PENGASINAN', 4),
('020525AI', '020525', 'GUNUNG SINDUR', 4),
('020525AJ', '020525', 'PABUARAN', 4),
('020526', '020500', 'KEC. RUMPIN', 3),
('020526AA', '020526', 'LEUWIBATU', 4),
('020526AB', '020526', 'CIDOKOM', 4),
('020526AC', '020526', 'GOBANG', 4),
('020526AD', '020526', 'RABAK', 4),
('020526AE', '020526', 'CIBODAS', 4),
('020526AF', '020526', 'KAMPUNG SAWAH', 4),
('020526AG', '020526', 'RUMPIN', 4),
('020526AH', '020526', 'CIPINANG', 4),
('020526AI', '020526', 'SUKASARI', 4),
('020526AJ', '020526', 'KERTAJAYA', 4),
('020526AK', '020526', 'TAMAN SARI', 4),
('020526AL', '020526', 'SUKAMULYA', 4),
('020526AM', '020526', 'MEKAR SARI', 4),
('020526AN', '020526', 'MEKARJAYA', 4),
('020527', '020500', 'KEC. CIGUDEG', 3),
('020527AA', '020527', 'SUKARAKSA', 4),
('020527AB', '020527', 'SUKAMAJU', 4),
('020527AC', '020527', 'CIGUDEG', 4),
('020527AD', '020527', 'BANYU RESMI', 4),
('020527AE', '020527', 'WARGAJAYA', 4),
('020527AF', '020527', 'BUNAR', 4),
('020527AG', '020527', 'MEKARJAYA', 4),
('020527AH', '020527', 'CINTAMANIK', 4),
('020527AI', '020527', 'BANYU WANGI', 4),
('020527AJ', '020527', 'BANYU ASIH', 4),
('020527AK', '020527', 'TEGALEGA', 4),
('020527AL', '020527', 'BATU JAJAR', 4),
('020527AM', '020527', 'RENGASJAJAR', 4),
('020527AN', '020527', 'BANGUNJAYA', 4),
('020527AO', '020527', 'ARGAPURA', 4),
('020528', '020500', 'KEC. JASINGA', 3),
('020528AA', '020528', 'PANGRADIN', 4),
('020528AB', '020528', 'KALONGSAWAH', 4),
('020528AC', '020528', 'SIPAK', 4),
('020528AD', '020528', 'PAMAGERSARI', 4),
('020528AE', '020528', 'JUGALA JAYA', 4),
('020528AF', '020528', 'CURUG', 4),
('020528AG', '020528', 'TEGAL WANGI', 4),
('020528AH', '020528', 'KOLEANG', 4),
('020528AI', '020528', 'JASINGA', 4),
('020528AJ', '020528', 'SETU', 4),
('020528AK', '020528', 'CIKOPOMAYAK', 4),
('020528AL', '020528', 'NEGLASARI', 4),
('020528AM', '020528', 'BAGOANG', 4),
('020528AN', '020528', 'BARENGKOK', 4),
('020528AO', '020528', 'PANGAUR', 4),
('020528AP', '020528', 'WIRAJAYA', 4),
('020529', '020500', 'KEC. TENJO', 3),
('020529AA', '020529', 'CIOMAS', 4),
('020529AB', '020529', 'TAPOS', 4),
('020529AC', '020529', 'BATOK', 4),
('020529AD', '020529', 'BABAKAN', 4),
('020529AE', '020529', 'BOJONG', 4),
('020529AF', '020529', 'SINGABRAJA', 4),
('020529AG', '020529', 'TENJO', 4),
('020529AH', '020529', 'CILAKU', 4),
('020529AI', '020529', 'SINGABANGSA', 4),
('020530', '020500', 'KEC. PARUNGPANJANG', 3),
('020530AA', '020530', 'JAGABAYA', 4),
('020530AB', '020530', 'GOROWONG', 4),
('020530AC', '020530', 'DAGO', 4),
('020530AD', '020530', 'CIKUDA', 4),
('020530AE', '020530', 'PINGKU', 4),
('020530AF', '020530', 'LUMPANG', 4),
('020530AG', '020530', 'GINTUNG CILEJET', 4),
('020530AH', '020530', 'JAGABITA', 4),
('020530AI', '020530', 'CIBUNAR', 4),
('020530AJ', '020530', 'PARUNG PANJANG', 4),
('020530AK', '020530', 'KABASIRAN', 4),
('020531', '020500', 'KEC. TAMANSARI', 3),
('020531AA', '020531', 'SUKAJADI', 4),
('020531AB', '020531', 'SUKALUYU', 4),
('020531AC', '020531', 'SUKAJAYA', 4),
('020531AD', '020531', 'SUKARESMI', 4),
('020531AE', '020531', 'PASIR EURIH', 4),
('020531AF', '020531', 'TAMAN SARI', 4),
('020531AG', '020531', 'SUKAMANTRI', 4),
('020531AH', '020531', 'SIRNAGALIH', 4),
('020532', '020500', 'KEC. CISEENG', 3),
('020532AA', '020532', 'KARIHKIL', 4),
('020532AB', '020532', 'CIBEUTEUNG UDIK', 4),
('020532AC', '020532', 'BABAKAN', 4),
('020532AD', '020532', 'PUTAT NUTUG', 4),
('020532AE', '020532', 'CIBEUTEUNG MUARA', 4),
('020532AF', '020532', 'CIBENTANG', 4),
('020532AG', '020532', 'PARIGI MEKAR', 4),
('020532AH', '020532', 'CISEENG', 4),
('020532AI', '020532', 'CIHOWE', 4),
('020532AJ', '020532', 'KURIPAN', 4),
('020533', '020500', 'KEC. KLAPANUNGGAL', 3),
('020533AA', '020533', 'LEUWIKARET', 4),
('020533AB', '020533', 'LULUT', 4),
('020533AC', '020533', 'BANTAR JATI', 4),
('020533AD', '020533', 'NAMBO', 4),
('020533AE', '020533', 'KEMBANG KUNING', 4),
('020533AF', '020533', 'KELAPA NUNGGAL', 4),
('020533AG', '020533', 'LIGARMUKTI', 4),
('020533AH', '020533', 'BOJONG', 4),
('020533AI', '020533', 'CIKAHURIPAN', 4),
('020534', '020500', 'KEC. SUKAJAYA', 3),
('020534AA', '020534', 'CISARUA', 4),
('020534AB', '020534', 'KIARASARI', 4),
('020534AC', '020534', 'KIARAPANDAK', 4),
('020534AD', '020534', 'HARKATJAYA', 4),
('020534AE', '020534', 'SUKAJAYA', 4),
('020534AF', '020534', 'SIPAYUNG', 4),
('020534AG', '020534', 'SUKAMULIH', 4),
('020534AH', '020534', 'PASIR MADANG', 4),
('020534AI', '020534', 'CILEUKSA', 4),
('020534AJ', '020534', 'URUG', 4),
('020534AK', '020534', 'JAYARAHARJA', 4),
('020535', '020500', 'KEC. RANCA BUNGUR', 3),
('020535AA', '020535', 'MEKARSARI', 4),
('020535AB', '020535', 'RANCA BUNGUR', 4),
('020535AC', '020535', 'PASIR GAOK', 4),
('020535AD', '020535', 'BANTARJAYA', 4),
('020535AE', '020535', 'BANTAR SARI', 4),
('020535AF', '020535', 'CANDALI', 4),
('020535AG', '020535', 'CIMULANG', 4),
('020536', '020500', 'KEC. TANJUNG SARI', 3),
('020536AA', '020536', 'CIBADAK', 4),
('020536AB', '020536', 'TANJUNG SARI', 4),
('020536AE', '020536', 'BUANAJAYA', 4),
('020536AF', '020536', 'ANTAJAYA', 4),
('020536AG', '020536', 'PASIR TANJUNG', 4),
('020536AH', '020536', 'TANJUNG RASA', 4),
('020536AI', '020536', 'SUKARASA', 4),
('020536AJ', '020536', 'SELAWANGI', 4),
('020536AK', '020536', 'SIRNASARI', 4),
('020536AL', '020536', 'SIRNARASA', 4),
('020537', '020500', 'KEC. TAJURHALANG', 3),
('020537AA', '020537', 'TONJONG', 4),
('020537AB', '020537', 'TAJUR HALANG', 4),
('020537AC', '020537', 'SUKMAJAYA', 4),
('020537AD', '020537', 'NANGGERANG', 4),
('020537AE', '020537', 'SASAK PANJANG', 4),
('020537AF', '020537', 'KALISUREN', 4),
('020537AG', '020537', 'CITAYAM', 4),
('020538', '020500', 'KEC. CIGOMBONG', 3),
('020538AA', '020538', 'TUGU JAYA', 4),
('020538AB', '020538', 'CIGOMBONG', 4),
('020538AC', '020538', 'WATES JAYA', 4),
('020538AD', '020538', 'SROGOL', 4),
('020538AE', '020538', 'CIBURUY', 4),
('020538AF', '020538', 'CISALADA', 4),
('020538AG', '020538', 'PASIR JAYA', 4),
('020538AH', '020538', 'CIBURAYUT', 4),
('020538AI', '020538', 'CIADEG', 4),
('020539', '020500', 'KEC. LEUWISADENG', 3),
('020539AA', '020539', 'WANGUN JAYA', 4),
('020539AB', '020539', 'SADENGKOLOT', 4),
('020539AC', '020539', 'LEUWISADENG', 4),
('020539AD', '020539', 'SIBANTENG', 4),
('020539AE', '020539', 'BABAKAN SADENG', 4),
('020539AF', '020539', 'SADENG', 4),
('020539AG', '020539', 'KALONG II', 4),
('020539AH', '020539', 'KALONG I', 4),
('020540', '020500', 'KEC. TENJOLAYA', 3),
('020540AA', '020540', 'TAPOS 1', 4),
('020540AB', '020540', 'GUNUNG MALANG', 4),
('020540AC', '020540', 'TAPOS 2', 4),
('020540AD', '020540', 'SITU DAUN', 4),
('020540AE', '020540', 'CIBITUNG TENGAH', 4),
('020540AF', '020540', 'CINANGNENG', 4),
('020540AG', '020540', 'GUNUNG MULYA', 4),
('020600', '020000', 'KAB. SUKABUMI', 2),
('020601', '020600', 'KEC. CIEMAS', 3),
('020601AA', '020601', 'CIBENDA', 4),
('020601AB', '020601', 'CIWARU', 4),
('020601AC', '020601', 'TAMANJAYA', 4),
('020601AD', '020601', 'MEKARJAYA', 4),
('020601AE', '020601', 'CIEMAS', 4),
('020601AF', '020601', 'GIRIMUKTI', 4),
('020601AG', '020601', 'MANDRAJAYA', 4),
('020601AH', '020601', 'MEKARSAKTI', 4),
('020601AI', '020601', 'SIDAMULYA', 4),
('020602', '020600', 'KEC. CIRACAP', 3),
('020602AA', '020602', 'GUNUNGBATU', 4),
('020602AB', '020602', 'CIKANGKUNG', 4),
('020602AC', '020602', 'PURWASEDAR', 4),
('020602AD', '020602', 'CIRACAP', 4),
('020602AE', '020602', 'PASIRPANJANG', 4),
('020602AF', '020602', 'MEKARSARI', 4),
('020602AG', '020602', 'PANGUMBAHAN', 4),
('020602AH', '020602', 'UJUNG GENTENG', 4),
('020603', '020600', 'KEC. SURADE', 3),
('020603AA', '020603', 'PASIRIPIS', 4),
('020603AB', '020603', 'BUNIWANGI', 4),
('020603AC', '020603', 'CIPEUNDEUY', 4),
('020603AD', '020603', 'GUNUNG SUNGGING', 4),
('020603AE', '020603', 'CITANGLAR', 4),
('020603AF', '020603', 'JAGAMUKTI', 4),
('020603AH', '020603', 'KADALEMAN', 4),
('020603AI', '020603', 'WANASARI', 4),
('020603AJ', '020603', 'SIRNASARI', 4),
('020603AK', '020603', 'SUKATANI', 4),
('020603AL', '020603', 'KADEMANGAN', 4),
('020603AM', '020603', 'SURADE', 4),
('020604', '020600', 'KEC. JAMPANG KULON', 3),
('020604AA', '020604', 'CIPARAY', 4),
('020604AB', '020604', 'BOJONG GENTENG', 4),
('020604AC', '020604', 'BOJONGSARI', 4),
('020604AD', '020604', 'MEKARJAYA', 4),
('020604AE', '020604', 'NAGRAKSARI', 4),
('020604AF', '020604', 'JAMPANG KULON', 4),
('020604AG', '020604', 'TANJUNG', 4),
('020604AH', '020604', 'PADAJAYA', 4),
('020604AI', '020604', 'CIKARANG', 4),
('020604AJ', '020604', 'KARANGANYAR', 4),
('020604AK', '020604', 'CIKARANGGEUSAN', 4),
('020605', '020600', 'KEC. KALIBUNDER', 3),
('020605AA', '020605', 'CIMAHPAR', 4),
('020605AB', '020605', 'SEKARSARI', 4),
('020605AC', '020605', 'KALIBUNDER', 4),
('020605AD', '020605', 'SUKALUYU', 4),
('020605AE', '020605', 'BOJONG', 4),
('020605AF', '020605', 'BALEKAMBANG', 4),
('020605AG', '020605', 'MEKARWANGI', 4),
('020606', '020600', 'KEC. TEGALBULEUD', 3),
('020606AA', '020606', 'SUMBERJAYA', 4),
('020606AB', '020606', 'BUNIASIH', 4),
('020606AC', '020606', 'TEGALBULEUD', 4),
('020606AD', '020606', 'CALINGCING', 4),
('020606AE', '020606', 'RAMBAY', 4),
('020606AF', '020606', 'NANGELA', 4),
('020606AG', '020606', 'BANGBAYANG', 4),
('020606AH', '020606', 'SIRNAMEKAR', 4),
('020607', '020600', 'KEC. CIDOLOG', 3),
('020607AA', '020607', 'CIDOLOG', 4),
('020607AB', '020607', 'MEKARJAYA', 4),
('020607AC', '020607', 'CIKARANG', 4),
('020607AD', '020607', 'CIPAMINGKIS', 4),
('020607AE', '020607', 'TEGALLEGA', 4),
('020608', '020600', 'KEC. SAGARANTEN', 3),
('020608AA', '020608', 'SINAR BENTANG', 4),
('020608AB', '020608', 'GUNUNG BENTANG', 4),
('020608AC', '020608', 'PASANGGRAHAN', 4),
('020608AD', '020608', 'CURUGLUHUR', 4),
('020608AE', '020608', 'DATARNANGKA', 4),
('020608AF', '020608', 'SAGARANTEN', 4),
('020608AG', '020608', 'MARGALUYU', 4),
('020608AH', '020608', 'CIBITUNG', 4),
('020608AI', '020608', 'HEGARMANAH', 4),
('020608AJ', '020608', 'CIBAREGBEG', 4),
('020608AK', '020608', 'PUNCAKMANGGIS', 4),
('020608AL', '020608', 'MEKARSARI', 4),
('020609', '020600', 'KEC. PABUARAN', 3),
('020609AA', '020609', 'SUKAJAYA', 4),
('020609AB', '020609', 'CIWALAT', 4),
('020609AC', '020609', 'PABUARAN', 4),
('020609AD', '020609', 'CIBADAK', 4),
('020609AE', '020609', 'SIRNASARI', 4),
('020609AF', '020609', 'BANTARSARI', 4),
('020609AG', '020609', 'LEMBURSAWAH', 4),
('020610', '020600', 'KEC. LENGKONG', 3),
('020610AA', '020610', 'LANGKAPJAYA', 4),
('020610AB', '020610', 'CILANGKAP', 4),
('020610AC', '020610', 'LENGKONG', 4),
('020610AD', '020610', 'TEGALLEGA', 4),
('020610AE', '020610', 'NEGLASARI', 4),
('020611', '020600', 'KEC. PELABUHAN RATU', 3),
('020611AA', '020611', 'CITARIK', 4),
('020611AC', '020611', 'CITEPUS', 4),
('020611AD', '020611', 'CIBODAS', 4),
('020611AE', '020611', 'BUNIWANGI', 4),
('020611AF', '020611', 'CIKADU', 4),
('020611AG', '020611', 'PASIRSUREN', 4),
('020611AH', '020611', 'TONJONG', 4),
('020611AI', '020611', 'JAYANTI', 4),
('020611AJ', '020611', 'CIMANGGU', 4),
('020611AK', '020611', 'PALABUHANRATU', 4),
('020612', '020600', 'KEC. WARUNG KIARA', 3),
('020612AA', '020612', 'HEGARMANAH', 4),
('020612AB', '020612', 'BANTARKALONG', 4),
('020612AC', '020612', 'SIRNAJAYA', 4),
('020612AD', '020612', 'BOJONGKERTA', 4),
('020612AE', '020612', 'UBRUG', 4),
('020612AF', '020612', 'GIRIJAYA', 4),
('020612AG', '020612', 'WARUNGKIARA', 4),
('020612AH', '020612', 'SUKAHARJA', 4),
('020612AI', '020612', 'TARISI', 4),
('020612AJ', '020612', 'DAMARRAJA', 4),
('020612AK', '020612', 'MEKARJAYA', 4),
('020612AL', '020612', 'KERTAMUKTI', 4),
('020613', '020600', 'KEC. JAMPANG TENGAH', 3),
('020613AA', '020613', 'BANTARPANJANG', 4),
('020613AB', '020613', 'BOJONGTIPAR', 4),
('020613AC', '020613', 'CIJULANG', 4),
('020613AD', '020613', 'NANGERANG', 4),
('020613AE', '020613', 'BOJONG JENGKOL', 4),
('020613AF', '020613', 'BANTAR AGUNG', 4),
('020613AG', '020613', 'JAMPANG TENGAH', 4),
('020613AH', '020613', 'PANUMBANGAN', 4),
('020613AI', '020613', 'SINDANGRESMI', 4),
('020613AJ', '020613', 'TANJUNGSARI', 4),
('020613AK', '020613', 'PADABEUNGHAR', 4),
('020614', '020600', 'KEC. CIKEMBAR', 3),
('020614AA', '020614', 'SUKAMAJU', 4),
('020614AB', '020614', 'CIBATU', 4),
('020614AC', '020614', 'PARAKANLIMA', 4),
('020614AD', '020614', 'KERTARAHARJA', 4),
('020614AE', '020614', 'BOJONG', 4),
('020614AF', '020614', 'BOJONGKEMBAR', 4),
('020614AG', '020614', 'CIKEMBAR', 4),
('020614AH', '020614', 'CIMANGGU', 4),
('020614AI', '020614', 'SUKAMULYA', 4),
('020614AJ', '020614', 'BOJONGRAHARJA', 4),
('020615', '020600', 'KEC. NYALINDUNG', 3),
('020615AA', '020615', 'CISITU', 4),
('020615AB', '020615', 'NYALINDUNG', 4),
('020615AC', '020615', 'KERTAANGSANA', 4),
('020615AD', '020615', 'MEKARSARI', 4),
('020615AE', '020615', 'BOJONGKALONG', 4),
('020615AF', '020615', 'BOJONGSARI', 4),
('020615AG', '020615', 'SUKAMAJU', 4),
('020615AH', '020615', 'WANGUNREJA', 4),
('020615AI', '020615', 'NEGLASARI', 4),
('020615AJ', '020615', 'CIJANGKAR', 4),
('020616', '020600', 'KEC. GEGERBITUNG', 3),
('020616AA', '020616', 'CIENGANG', 4),
('020616AB', '020616', 'SUKAMANAH', 4),
('020616AC', '020616', 'GEGERBITUNG', 4),
('020616AD', '020616', 'CIJUREY', 4),
('020616AE', '020616', 'KARANGJAYA', 4),
('020616AF', '020616', 'BUNIWANGI', 4),
('020616AG', '020616', 'CARINGIN', 4),
('020617', '020600', 'KEC. SUKARAJA', 3),
('020617AA', '020617', 'SELAWANGI', 4),
('020617AB', '020617', 'PASIRHALANG', 4),
('020617AC', '020617', 'SUKARAJA', 4),
('020617AD', '020617', 'SUKAMEKAR', 4),
('020617AE', '020617', 'CISARUA', 4),
('020617AF', '020617', 'LIMBANGAN', 4),
('020617AG', '020617', 'LANGENSARI', 4),
('020617AH', '020617', 'SELAAWI', 4),
('020617AI', '020617', 'MARGALUYU', 4),
('020618', '020600', 'KEC. SUKABUMI', 3),
('020618AA', '020618', 'PARUNGSEAH', 4),
('020618AB', '020618', 'WARNASARI', 4),
('020618AC', '020618', 'SUKAJAYA', 4),
('020618AD', '020618', 'SUDAJAYA GIRANG', 4),
('020618AE', '020618', 'KARAWANG', 4),
('020618AF', '020618', 'PERBAWATI', 4),
('020619', '020600', 'KEC. KADUDAMPIT', 3),
('020619AA', '020619', 'MUARADUA', 4),
('020619AB', '020619', 'CITAMIANG', 4),
('020619AC', '020619', 'CIKAHURIPAN', 4),
('020619AD', '020619', 'SUKAMANIS', 4),
('020619AE', '020619', 'KADUDAMPIT', 4),
('020619AF', '020619', 'GEDE PANGRANGO', 4),
('020619AG', '020619', 'SUKAMAJU', 4),
('020619AH', '020619', 'CIPETIR', 4),
('020619AI', '020619', 'UNDRUS BINANGUN', 4),
('020620', '020600', 'KEC. CISAAT', 3),
('020620AA', '020620', 'PADAASIH', 4),
('020620AB', '020620', 'CISAAT', 4),
('020620AC', '020620', 'BABAKAN', 4),
('020620AD', '020620', 'SUKAMANTRI', 4),
('020620AE', '020620', 'SUKAMANAH', 4),
('020620AF', '020620', 'NAGRAK', 4),
('020620AG', '020620', 'CIBATU', 4),
('020620AH', '020620', 'CIBOLANG KALER', 4),
('020620AI', '020620', 'KUTASIRNA', 4),
('020620AJ', '020620', 'SELAJAMBE', 4),
('020620AK', '020620', 'SUKASARI', 4),
('020620AL', '020620', 'GUNUNGJAYA', 4),
('020620AM', '020620', 'SUKARESMI', 4),
('020620AN', '020620', 'KALAPAREA', 4),
('020621', '020600', 'KEC. CIBADAK', 3),
('020621AA', '020621', 'NEGLASARI', 4),
('020621AB', '020621', 'TENJOJAYA', 4),
('020621AC', '020621', 'SEKARWANGI', 4),
('020621AD', '020621', 'BATUNUNGGAL', 4),
('020621AE', '020621', 'KARANGTENGAH', 4),
('020621AF', '020621', 'CIBADAK', 4),
('020621AG', '020621', 'WARNAJATI', 4),
('020621AH', '020621', 'SUKASIRNA', 4),
('020621AI', '020621', 'PAMURUYAN', 4),
('020621AJ', '020621', 'CIHEULANG TONGGOH', 4),
('020622', '020600', 'KEC. NAGRAK', 3),
('020622AA', '020622', 'CISARUA', 4),
('020622AB', '020622', 'BALEKAMBANG', 4),
('020622AC', '020622', 'NAGRAK SELATAN', 4),
('020622AD', '020622', 'NAGRAK UTARA', 4),
('020622AE', '020622', 'KALAPAREA', 4),
('020622AF', '020622', 'DARMAREJA', 4),
('020622AG', '020622', 'GIRIJAYA', 4),
('020622AH', '020622', 'BABAKAN PANJANG', 4),
('020622AI', '020622', 'PAWENANG', 4),
('020622AJ', '020622', 'CIHANYAWAR', 4),
('020623', '020600', 'KEC. CICURUG', 3),
('020623AA', '020623', 'MEKARSARI', 4),
('020623AB', '020623', 'NYANGKOWEK', 4),
('020623AC', '020623', 'PURWASARI', 4),
('020623AD', '020623', 'CARINGIN', 4),
('020623AE', '020623', 'BANGBAYANG', 4),
('020623AF', '020623', 'CISAAT', 4),
('020623AG', '020623', 'TENJOLAYA', 4),
('020623AH', '020623', 'PASAWAHAN', 4),
('020623AI', '020623', 'CICURUG', 4),
('020623AJ', '020623', 'NANGGERANG', 4),
('020623AK', '020623', 'TENJOAYU', 4),
('020623AL', '020623', 'BENDA', 4),
('020623AM', '020623', 'KUTAJAYA', 4),
('020624', '020600', 'KEC. CIDAHU', 3),
('020624AA', '020624', 'PONDOK KASO TENGAH', 4),
('020624AB', '020624', 'PASIRDOTON', 4),
('020624AC', '020624', 'PONDOK KASO TONGGOH', 4),
('020624AD', '020624', 'BABAKAN PARI', 4),
('020624AE', '020624', 'TANGKIL', 4),
('020624AF', '020624', 'JAYABAKTI', 4),
('020624AG', '020624', 'CIDAHU', 4),
('020624AH', '020624', 'GIRIJAYA', 4),
('020625', '020600', 'KEC. PARAKANSALAK', 3),
('020625AA', '020625', 'SUKATANI', 4),
('020625AB', '020625', 'SUKAKERSA', 4),
('020625AC', '020625', 'BOJONGLONGOK', 4),
('020625AD', '020625', 'BOJONGASIH', 4),
('020625AE', '020625', 'LEBAKSARI', 4),
('020625AF', '020625', 'PARAKANSALAK', 4),
('020626', '020600', 'KEC. PARUNGKUDA', 3),
('020626AA', '020626', 'PARUNGKUDA', 4),
('020626AB', '020626', 'LANGENSARI', 4),
('020626AC', '020626', 'BOJONG KOKOSAN', 4),
('020626AD', '020626', 'KOMPA', 4),
('020626AE', '020626', 'PONDOK KASO LANDEUH', 4),
('020626AF', '020626', 'BABAKANJAYA', 4),
('020626AG', '020626', 'PALASARI HILIR', 4),
('020626AH', '020626', 'SUNDAWENANG', 4),
('020627', '020600', 'KEC. KALAPA NUNGGAL', 3),
('020627AA', '020627', 'WALANGSARI', 4),
('020627AB', '020627', 'PALASARI GIRANG', 4),
('020627AC', '020627', 'KALAPANUNGGAL', 4),
('020627AD', '020627', 'KADUNUNGGAL', 4),
('020627AE', '020627', 'MAKASARI', 4),
('020627AF', '020627', 'GUNUNG ENDUT', 4),
('020627AG', '020627', 'PULOSARI', 4),
('020628', '020600', 'KEC. CIKIDANG', 3),
('020628AA', '020628', 'SAMPORA', 4),
('020628AB', '020628', 'CIJAMBE', 4),
('020628AC', '020628', 'CIKIRAY', 4),
('020628AD', '020628', 'MEKARNANGKA', 4),
('020628AE', '020628', 'CIKIDANG', 4),
('020628AF', '020628', 'GUNUNG MALANG', 4),
('020628AG', '020628', 'NANGKAKONENG', 4),
('020628AH', '020628', 'PANGKALAN', 4),
('020628AI', '020628', 'BUMISARI', 4),
('020628AJ', '020628', 'CICAREUH', 4),
('020628AK', '020628', 'TAMANSARI', 4),
('020628AL', '020628', 'CIKARAE THOYIBAH', 4),
('020629', '020600', 'KEC. CISOLOK', 3),
('020629AA', '020629', 'PASIRBARU', 4),
('020629AB', '020629', 'CIKAHURIPAN', 4),
('020629AC', '020629', 'CISOLOK', 4),
('020629AD', '020629', 'KARANGPAPAK', 4),
('020629AE', '020629', 'SIRNARESMI', 4),
('020629AF', '020629', 'CICADAS', 4),
('020629AG', '020629', 'CIKELAT', 4),
('020629AH', '020629', 'GUNUNG KRAMAT', 4),
('020629AI', '020629', 'GUNUNG TANJUNG', 4),
('020629AJ', '020629', 'CARINGIN', 4),
('020629AK', '020629', 'SUKARAME', 4),
('020629AL', '020629', 'WANGUNSARI', 4),
('020629AM', '020629', 'WANAJAYA', 4),
('020630', '020600', 'KEC. KABANDUNGAN', 3),
('020630AA', '020630', 'MEKARJAYA', 4),
('020630AB', '020630', 'TUGUBANDUNG', 4),
('020630AC', '020630', 'KABANDUNGAN', 4),
('020630AD', '020630', 'CIPEUTEUY', 4),
('020630AE', '020630', 'CIHAMERANG', 4),
('020630AF', '020630', 'CIANAGA', 4),
('020631', '020600', 'KEC. GUNUNG GURUH', 3),
('020631AA', '020631', 'SIRNARESMI', 4),
('020631AB', '020631', 'KEBONMANGGU', 4),
('020631AC', '020631', 'GUNUNG GURUH', 4),
('020631AD', '020631', 'CIKUJANG', 4),
('020631AE', '020631', 'CIBENTANG', 4),
('020631AF', '020631', 'CIBOLANG', 4),
('020631AG', '020631', 'MANGKALAYA', 4),
('020632', '020600', 'KEC. CIKAKAK', 3),
('020632AA', '020632', 'CIMAJA', 4),
('020632AB', '020632', 'CIKAKAK', 4),
('020632AC', '020632', 'SUKAMAJU', 4),
('020632AD', '020632', 'CILEUNGSING', 4),
('020632AE', '020632', 'RIDOGALIH', 4),
('020632AF', '020632', 'MARGALAKSANA', 4),
('020632AG', '020632', 'SIRNARASA', 4),
('020632AH', '020632', 'GANDASOLI', 4),
('020632AI', '020632', 'CIRENDANG', 4),
('020633', '020600', 'KEC. BANTAR GADUNG', 3),
('020633AA', '020633', 'BANTARGEBANG', 4),
('020633AB', '020633', 'BOJONGGALING', 4),
('020633AC', '020633', 'BANTARGADUNG', 4),
('020633AD', '020633', 'MANGUNJAYA', 4),
('020633AE', '020633', 'LIMUSNUNGGAL', 4),
('020633AF', '020633', 'BUANAJAYA', 4),
('020633AG', '020633', 'BOYONGSARI', 4),
('020634', '020600', 'KEC. CICANTAYAN', 3),
('020634AA', '020634', 'HEGARMANAH', 4),
('020634AB', '020634', 'CICANTAYAN', 4),
('020634AC', '020634', 'CIMAHI', 4),
('020634AD', '020634', 'CISANDE', 4),
('020634AE', '020634', 'CIJALINGAN', 4),
('020634AF', '020634', 'LEMBURSAWAH', 4),
('020634AG', '020634', 'SUKADAMAI', 4),
('020634AH', '020634', 'CIMANGGIS', 4),
('020635', '020600', 'KEC. SIMPENAN', 3),
('020635AA', '020635', 'CIHAUR', 4),
('020635AB', '020635', 'KERTAJAYA', 4),
('020635AC', '020635', 'LOJI', 4),
('020635AD', '020635', 'CIDADAP', 4),
('020635AE', '020635', 'CIBUNTU', 4),
('020635AF', '020635', 'MEKARASIH', 4),
('020635AG', '020635', 'SANGRAWAYANG', 4),
('020636', '020600', 'KEC. KEBON PEDES', 3),
('020636AA', '020636', 'SASAGARAN', 4),
('020636AB', '020636', 'JAMBENENGGANG', 4),
('020636AC', '020636', 'CIKARET', 4),
('020636AD', '020636', 'KEBONPEDES', 4),
('020636AE', '020636', 'BOJONGSAWAH', 4),
('020637', '020600', 'KEC. CIDADAP', 3),
('020637AA', '020637', 'HEGARMULYA', 4),
('020637AB', '020637', 'CIDADAP', 4),
('020637AC', '020637', 'PADASENANG', 4),
('020637AD', '020637', 'BANJARSARI', 4),
('020637AE', '020637', 'TENJOLAUT', 4),
('020637AF', '020637', 'MEKARTANI', 4),
('020638', '020600', 'KEC. CIBITUNG', 3),
('020638AA', '020638', 'CIDAHU', 4),
('020638AB', '020638', 'CIBITUNG', 4),
('020638AC', '020638', 'BANYUWANGI', 4),
('020638AD', '020638', 'CIBODAS', 4),
('020638AE', '020638', 'BANYUMURNI', 4),
('020638AF', '020638', 'TALAGAMURNI', 4),
('020639', '020600', 'KEC. CURUGKEMBAR', 3),
('020639AA', '020639', 'CIMENTENG', 4),
('020639AB', '020639', 'CURUGKEMBAR', 4),
('020639AC', '020639', 'TANJUNGSARI', 4),
('020639AD', '020639', 'SINDANGRAJA', 4),
('020639AE', '020639', 'MEKARTANJUNG', 4),
('020639AF', '020639', 'BOJONG TUGU', 4),
('020639AG', '020639', 'NAGRAKJAYA', 4),
('020640', '020600', 'KEC. PURABAYA', 3),
('020640AA', '020640', 'NEGLASARI', 4),
('020640AB', '020640', 'CICUKANG', 4),
('020640AC', '020640', 'MARGALUYU', 4),
('020640AD', '020640', 'PURABAYA', 4),
('020640AE', '020640', 'PAGELARAN', 4),
('020640AF', '020640', 'CITAMIANG', 4),
('020640AG', '020640', 'CIMERANG', 4),
('020641', '020600', 'KEC. CIREUNGHAS', 3),
('020641AA', '020641', 'CIPURUT', 4),
('020641AB', '020641', 'CIREUNGHAS', 4),
('020641AC', '020641', 'BENCOY', 4),
('020641AD', '020641', 'CIKURUTUG', 4),
('020641AE', '020641', 'TEGALPANJANG', 4),
('020642', '020600', 'KEC. SUKALARANG', 3),
('020642AA', '020642', 'SEMPLAK', 4),
('020642AB', '020642', 'PRIANGANJAYA', 4),
('020642AC', '020642', 'TITISAN', 4),
('020642AD', '020642', 'CIMANGKOK', 4),
('020642AE', '020642', 'SUKALARANG', 4),
('020642AF', '020642', 'SUKAMAJU', 4),
('020643', '020600', 'KEC. CARINGIN', 3),
('020643AA', '020643', 'CIJENGKOL', 4),
('020643AB', '020643', 'MEKARJAYA', 4),
('020643AC', '020643', 'TALAGA', 4),
('020643AD', '020643', 'CARINGIN KULON', 4),
('020643AE', '020643', 'CARINGIN WETAN', 4),
('020643AF', '020643', 'SEUSEUPAN', 4),
('020643AG', '020643', 'SUKAMULYA', 4),
('020643AH', '020643', 'CIKEMBANG', 4),
('020643AI', '020643', 'PASIRDATAR INDAH', 4),
('020644', '020600', 'KEC. BOJONG GENTENG', 3),
('020644AA', '020644', 'BEREKAH', 4),
('020644AB', '020644', 'BOJONG GENTENG', 4),
('020644AC', '020644', 'BOJONG GALING', 4),
('020644AD', '020644', 'CIBODAS', 4),
('020644AE', '020644', 'CIPANENGAH', 4),
('020645', '020600', 'KEC. WALURAN', 3),
('020645AA', '020645', 'CARINGIN NUNGGAL', 4),
('020645AB', '020645', 'WALURAN', 4),
('020645AC', '020645', 'SUKAMUKTI', 4),
('020645AD', '020645', 'MEKAR MUKTI', 4),
('020645AE', '020645', 'WALURAN MANDIRI', 4),
('020645AF', '020645', 'MANGUNJAYA', 4),
('020646', '020600', 'KEC. CIMANGGU', 3),
('020646AA', '020646', 'BOREGAH INDAH', 4),
('020646AB', '020646', 'CIMANGGU', 4),
('020646AC', '020646', 'SUKAMAJU', 4),
('020646AD', '020646', 'SUKAJADI', 4),
('020646AE', '020646', 'KARANGMEKAR', 4),
('020646AF', '020646', 'SUKAMANAH', 4),
('020647', '020600', 'KEC. CIAMBAR', 3),
('020647AA', '020647', 'MUNJUL', 4),
('020647AB', '020647', 'CIAMBAR', 4),
('020647AC', '020647', 'GINANJAR', 4),
('020647AD', '020647', 'WANGUNJAYA', 4),
('020647AE', '020647', 'CIBUNARJAYA', 4),
('020647AF', '020647', 'AMBARJAYA', 4),
('020700', '020000', 'KAB. CIANJUR', 2),
('020701', '020700', 'KEC. AGRABINTA', 3),
('020701AA', '020701', 'SINARLAUT', 4),
('020701AB', '020701', 'BOJONGKASO', 4),
('020701AC', '020701', 'SUKAMANAH', 4),
('020701AD', '020701', 'WANASARI', 4),
('020701AE', '020701', 'KARANGSARI', 4),
('020701AF', '020701', 'NEGLASARI', 4),
('020701AG', '020701', 'MULYASARI', 4),
('020701AH', '020701', 'BUNISARI', 4),
('020701AI', '020701', 'MEKARSARI', 4),
('020701AJ', '020701', 'TANJUNGSARI', 4),
('020701AK', '020701', 'WANGUNJAYA', 4),
('020702', '020700', 'KEC. SINDANG BARANG', 3),
('020702AA', '020702', 'HEGARSARI', 4),
('020702AB', '020702', 'JATISARI', 4),
('020702AC', '020702', 'KERTASARI', 4),
('020702AD', '020702', 'TALAGASARI', 4),
('020702AE', '020702', 'SIRNAGALIH', 4),
('020702AF', '020702', 'SAGANTEN', 4),
('020702AG', '020702', 'JAYAGIRI', 4),
('020702AH', '020702', 'MUARACIKADU', 4),
('020702AI', '020702', 'GIRIMUKTI', 4),
('020702AJ', '020702', 'MEKARLAKSANA', 4),
('020702AK', '020702', 'KERTAMUKTI', 4),
('020703', '020700', 'KEC. CIDAUN', 3),
('020703AA', '020703', 'KARYABAKTI', 4),
('020703AB', '020703', 'SUKAPURA', 4),
('020703AC', '020703', 'CISALAK', 4),
('020703AD', '020703', 'JAYAPURA', 4),
('020703AE', '020703', 'KERTAJADI', 4),
('020703AF', '020703', 'CIDAMAR', 4),
('020703AG', '020703', 'KARANGWANGI', 4),
('020703AH', '020703', 'CIMARAGANG', 4),
('020703AI', '020703', 'GELARPAWITAN', 4),
('020703AJ', '020703', 'NEGLASARI', 4),
('020703AK', '020703', 'CIBULUH', 4),
('020703AL', '020703', 'PUNCAKBARU', 4),
('020703AM', '020703', 'MEKARJAYA', 4),
('020703AN', '020703', 'GELARWANGI', 4),
('020704', '020700', 'KEC. NARINGGUL', 3),
('020704AA', '020704', 'CINERANG', 4),
('020704AB', '020704', 'WANGUNJAYA', 4),
('020704AC', '020704', 'MEKARSARI', 4),
('020704AD', '020704', 'WANGUNSARI', 4),
('020704AE', '020704', 'MALATI', 4),
('020704AF', '020704', 'SUKAMULYA', 4),
('020704AG', '020704', 'NARINGGUL', 4);
INSERT INTO `wilayah` (`kode`, `mst_kode`, `nama`, `level`) VALUES
('020704AH', '020704', 'WANASARI', 4),
('020704AI', '020704', 'SUKABAKTI', 4),
('020704AJ', '020704', 'BALEGEDE', 4),
('020704AK', '020704', 'MARGASARI', 4),
('020705', '020700', 'KEC. CIBINONG', 3),
('020705AA', '020705', 'PANYINDANGAN', 4),
('020705AB', '020705', 'WARGALUYU', 4),
('020705AC', '020705', 'HAMERANG', 4),
('020705AD', '020705', 'PANANGGAPAN', 4),
('020705AE', '020705', 'GIRIJAYA', 4),
('020705AF', '020705', 'SUKAJADI', 4),
('020705AG', '020705', 'SUKAMEKAR', 4),
('020705AH', '020705', 'BATULAWANG', 4),
('020705AI', '020705', 'CIKANGKARENG', 4),
('020705AJ', '020705', 'PAMOYANAN', 4),
('020705AK', '020705', 'CIMASKARA', 4),
('020705AL', '020705', 'PADASUKA', 4),
('020705AM', '020705', 'MEKARMUKTI', 4),
('020705AN', '020705', 'CIBURIAL', 4),
('020706', '020700', 'KEC. TANGGEUNG', 3),
('020706AA', '020706', 'KARANGTENGAH', 4),
('020706AB', '020706', 'RAWAGEDE', 4),
('020706AC', '020706', 'SUKAJAYA', 4),
('020706AD', '020706', 'TANGGEUNG', 4),
('020706AE', '020706', 'KERTAJAYA', 4),
('020706AF', '020706', 'SIRNAJAYA', 4),
('020706AG', '020706', 'PASIR JAMBU', 4),
('020706AH', '020706', 'CILONGSONG', 4),
('020706AI', '020706', 'MARGALUYU', 4),
('020706AJ', '020706', 'PAGERMANEUH', 4),
('020706AK', '020706', 'BOJONGPETIR', 4),
('020706AL', '020706', 'PADALUYU', 4),
('020707', '020700', 'KEC. KADUPANDAK', 3),
('020707AA', '020707', 'PASIRDALEM', 4),
('020707AB', '020707', 'SUKARAJA', 4),
('020707AC', '020707', 'KADUPANDAK', 4),
('020707AD', '020707', 'TALAGASARI', 4),
('020707AE', '020707', 'NEGLASARI', 4),
('020707AF', '020707', 'SUKAKERTA', 4),
('020707AG', '020707', 'SUKARAHARJA', 4),
('020707AH', '020707', 'BOJONGKASIH', 4),
('020707AI', '020707', 'SUKASARI', 4),
('020707AJ', '020707', 'WARGASARI', 4),
('020707AK', '020707', 'WARGAASIH', 4),
('020707AL', '020707', 'SUKARESMI', 4),
('020707AM', '020707', 'GANDASARI', 4),
('020707AN', '020707', 'SINDANGSARI', 4),
('020708', '020700', 'KEC. TAKOKAK', 3),
('020708AA', '020708', 'WARINGINSARI', 4),
('020708AB', '020708', 'SUKAGALIH', 4),
('020708AC', '020708', 'SIMPANG', 4),
('020708AD', '020708', 'SINDANGHAYU', 4),
('020708AE', '020708', 'SINDANGRESMI', 4),
('020708AF', '020708', 'BUNGBANGSARI', 4),
('020708AG', '020708', 'CISUJEN', 4),
('020708AH', '020708', 'PASAWAHAN', 4),
('020708AI', '020708', 'HEGARMANAH', 4),
('020709', '020700', 'KEC. SUKANAGARA', 3),
('020709AA', '020709', 'JAYAGIRI', 4),
('020709AB', '020709', 'CIGUHA', 4),
('020709AC', '020709', 'SUKAKARYA', 4),
('020709AD', '020709', 'SUKARAME', 4),
('020709AE', '020709', 'SUKALAKSANA', 4),
('020709AF', '020709', 'SUKANAGARA', 4),
('020709AG', '020709', 'GUNUNGSARI', 4),
('020709AH', '020709', 'SINDANGSARI', 4),
('020709AI', '020709', 'SUKAJEMBAR', 4),
('020709AJ', '020709', 'SUKAMEKAR', 4),
('020710', '020700', 'KEC. PAGELARAN', 3),
('020710AA', '020710', 'KERTARAHARJA', 4),
('020710AB', '020710', 'PAGELARAN', 4),
('020710AC', '020710', 'PADAMAJU', 4),
('020710AD', '020710', 'BUNIWANGI', 4),
('020710AE', '020710', 'BUNIJAYA', 4),
('020710AF', '020710', 'PANGADEGAN', 4),
('020710AG', '020710', 'SITUHIANG', 4),
('020710AH', '020710', 'PASIRBARU', 4),
('020710AI', '020710', 'SINDANGKERTA', 4),
('020710AJ', '020710', 'KARANGHARJA', 4),
('020710AK', '020710', 'SELAGEDANG', 4),
('020710AL', '020710', 'GELAR ANYAR', 4),
('020710AM', '020710', 'MEKARSARI', 4),
('020710AN', '020710', 'SUKAMAJU', 4),
('020711', '020700', 'KEC. CAMPAKA', 3),
('020711AA', '020711', 'WANGUNJAYA', 4),
('020711AB', '020711', 'SUKADANA', 4),
('020711AC', '020711', 'KARYAMUKTI', 4),
('020711AD', '020711', 'CIMENTENG', 4),
('020711AE', '020711', 'GIRIMUKTI', 4),
('020711AF', '020711', 'SUSUKAN', 4),
('020711AG', '020711', 'SUKAJADI', 4),
('020711AH', '020711', 'MARGALUYU', 4),
('020711AI', '020711', 'MEKARJAYA', 4),
('020711AJ', '020711', 'CIDADAP', 4),
('020711AK', '020711', 'CAMPAKA', 4),
('020712', '020700', 'KEC. CIBEBER', 3),
('020712AA', '020712', 'CIBOKOR', 4),
('020712AB', '020712', 'KANOMAN', 4),
('020712AC', '020712', 'CIPETIR', 4),
('020712AD', '020712', 'CIKONDANG', 4),
('020712AE', '020712', 'CIHAUR', 4),
('020712AF', '020712', 'SUKAMANAH', 4),
('020712AG', '020712', 'SALAGEDANG', 4),
('020712AH', '020712', 'CIBADAK', 4),
('020712AI', '020712', 'GIRIMULYA', 4),
('020712AJ', '020712', 'CIMANGGU', 4),
('020712AK', '020712', 'CISALAK', 4),
('020712AL', '020712', 'MAYAK', 4),
('020712AM', '020712', 'PEUTEUYCONDONG', 4),
('020712AN', '020712', 'SUKARAHARJA', 4),
('020712AO', '020712', 'SUKAMAJU', 4),
('020712AP', '020712', 'CIBAREGBEG', 4),
('020712AQ', '020712', 'KARANGNUNGGAL', 4),
('020712AR', '020712', 'SALAMNUNGGAL', 4),
('020713', '020700', 'KEC. WARUNGKONDANG', 3),
('020713AA', '020713', 'CISARANDI', 4),
('020713AB', '020713', 'SUKAMULYA', 4),
('020713AC', '020713', 'CIKAROYA', 4),
('020713AD', '020713', 'JAMBUDIPA', 4),
('020713AE', '020713', 'MEKARWANGI', 4),
('020713AF', '020713', 'TEGALLEGA', 4),
('020713AG', '020713', 'BUNIKASIH', 4),
('020713AH', '020713', 'BUNISARI', 4),
('020713AI', '020713', 'CIEUNDEUR', 4),
('020713AJ', '020713', 'CIWALEN', 4),
('020713AK', '020713', 'SUKAWANGI', 4),
('020714', '020700', 'KEC. CILAKU', 3),
('020714AA', '020714', 'SUKASARI', 4),
('020714AB', '020714', 'SUKAKERTA', 4),
('020714AC', '020714', 'SINDANGSARI', 4),
('020714AD', '020714', 'MULYASARI', 4),
('020714AE', '020714', 'CIHARASHAS', 4),
('020714AF', '020714', 'CIBINONG HILIR', 4),
('020714AG', '020714', 'SIRNAGALIH', 4),
('020714AH', '020714', 'RAHONG', 4),
('020714AI', '020714', 'MUNJUL', 4),
('020714AJ', '020714', 'RANCAGOONG', 4),
('020715', '020700', 'KEC. SUKALUYU', 3),
('020715AA', '020715', 'MEKARJAYA', 4),
('020715AB', '020715', 'PANYUSUHAN', 4),
('020715AC', '020715', 'SUKALUYU', 4),
('020715AD', '020715', 'SUKAMULYA', 4),
('020715AE', '020715', 'BABAKANSARI', 4),
('020715AF', '020715', 'TANJUNGSARI', 4),
('020715AG', '020715', 'SELAJAMBE', 4),
('020715AH', '020715', 'HEGARMANAH', 4),
('020715AI', '020715', 'SUKASIRNA', 4),
('020715AJ', '020715', 'SINDANGRAJA', 4),
('020717', '020700', 'KEC. CIRANJANG', 3),
('020717AA', '020717', 'KARANGWANGI', 4),
('020717AB', '020717', 'GUNUNGSARI', 4),
('020717AC', '020717', 'KERTAJAYA', 4),
('020717AD', '020717', 'SINDANGJAYA', 4),
('020717AE', '020717', 'SINDANGSARI', 4),
('020717AF', '020717', 'CIBIUK', 4),
('020717AG', '020717', 'MEKARGALIH', 4),
('020717AH', '020717', 'CIRANJANG', 4),
('020717AI', '020717', 'NANGGALAMEKAR', 4),
('020718', '020700', 'KEC. MANDE', 3),
('020718AA', '020718', 'MEKARJAYA', 4),
('020718AB', '020718', 'LEUWIKOJA', 4),
('020718AC', '020718', 'KUTAWARINGIN', 4),
('020718AD', '020718', 'SUKAMANAH', 4),
('020718AE', '020718', 'CIANDAM', 4),
('020718AF', '020718', 'JAMALI', 4),
('020718AG', '020718', 'KADEMANGAN', 4),
('020718AH', '020718', 'MULYASARI', 4),
('020718AI', '020718', 'BOBOJONG', 4),
('020718AJ', '020718', 'CIKIDANGBAYABANG', 4),
('020718AK', '020718', 'MURNISARI', 4),
('020718AL', '020718', 'MANDE', 4),
('020719', '020700', 'KEC. KARANG TENGAH', 3),
('020719AA', '020719', 'SUKAMANAH', 4),
('020719AB', '020719', 'SINDANGASIH', 4),
('020719AC', '020719', 'LANGENSARI', 4),
('020719AD', '020719', 'SUKASARI', 4),
('020719AE', '020719', 'MALEBER', 4),
('020719AF', '020719', 'SABANDAR', 4),
('020719AG', '020719', 'BOJONG', 4),
('020719AH', '020719', 'HEGARMANAH', 4),
('020719AI', '020719', 'BABAKANCARINGIN', 4),
('020719AJ', '020719', 'CIHERANG', 4),
('020719AK', '020719', 'SUKAJADI', 4),
('020719AL', '020719', 'SUKASARANA', 4),
('020719AM', '020719', 'SUKAMANTRI', 4),
('020719AN', '020719', 'SUKAMULYA', 4),
('020719AO', '020719', 'SINDANGLAKA', 4),
('020719AP', '020719', 'SUKATARIS', 4),
('020720', '020700', 'KEC. CIANJUR', 3),
('020720AA', '020720', 'NAGRAK', 4),
('020720AB', '020720', 'SUKAMAJU', 4),
('020720AC', '020720', 'SAYANG', 4),
('020720AD', '020720', 'SOLOKPANDAN', 4),
('020720AE', '020720', 'MUKA', 4),
('020720AF', '020720', 'BOJONGHERANG', 4),
('020720AG', '020720', 'PAMOYANAN', 4),
('020720AH', '020720', 'SAWAH GEDE', 4),
('020720AI', '020720', 'LIMBANGAN SARI', 4),
('020720AJ', '020720', 'MEKARSARI', 4),
('020720AK', '020720', 'BABAKANKARET', 4),
('020721', '020700', 'KEC. CUGENANG', 3),
('020721AA', '020721', 'PADALUYU', 4),
('020721AB', '020721', 'SUKAJAYA', 4),
('020721AC', '020721', 'CIBULAKAN', 4),
('020721AD', '020721', 'CIRUMPUT', 4),
('020721AE', '020721', 'TALAGA', 4),
('020721AF', '020721', 'BENJOT', 4),
('020721AG', '020721', 'GASOL', 4),
('020721AH', '020721', 'SARAMPAD', 4),
('020721AI', '020721', 'MANGUNKERTA', 4),
('020721AJ', '020721', 'SUKAMULYA', 4),
('020721AK', '020721', 'GALUDRA', 4),
('020721AL', '020721', 'NYALINDUNG', 4),
('020721AM', '020721', 'CIBEUREUM', 4),
('020721AN', '020721', 'CIJEDIL', 4),
('020721AO', '020721', 'SUKAMANAH', 4),
('020721AP', '020721', 'WANGUNJAYA', 4),
('020722', '020700', 'KEC. PACET', 3),
('020722AA', '020722', 'CIPUTRI', 4),
('020722AB', '020722', 'CIHERANG', 4),
('020722AC', '020722', 'CIPENDAWA', 4),
('020722AD', '020722', 'CIBODAS', 4),
('020722AE', '020722', 'GADOG', 4),
('020722AF', '020722', 'SUKATANI', 4),
('020722AG', '020722', 'SUKANAGALIH', 4),
('020723', '020700', 'KEC. SUKARESMI', 3),
('020723AA', '020723', 'PAKUON', 4),
('020723AB', '020723', 'CIKANYERE', 4),
('020723AC', '020723', 'SUKARESMI', 4),
('020723AD', '020723', 'CIWALEN', 4),
('020723AE', '020723', 'KAWUNGLUWUK', 4),
('020723AF', '020723', 'CIBADAK', 4),
('020723AG', '020723', 'RAWABELUT', 4),
('020723AH', '020723', 'CIBANTENG', 4),
('020723AI', '020723', 'KUBANG', 4),
('020723AJ', '020723', 'SUKAMAHI', 4),
('020723AK', '020723', 'CIKANCANA', 4),
('020724', '020700', 'KEC. CIKALONG KULON', 3),
('020724AA', '020724', 'PADAJAYA', 4),
('020724AB', '020724', 'CINANGSI', 4),
('020724AC', '020724', 'MENTENGSARI', 4),
('020724AD', '020724', 'GUDANG', 4),
('020724AE', '020724', 'SUKAGALIH', 4),
('020724AF', '020724', 'MAJALAYA', 4),
('020724AG', '020724', 'CIJAGANG', 4),
('020724AH', '020724', 'MEKARJAYA', 4),
('020724AI', '020724', 'MEKAR SARI', 4),
('020724AJ', '020724', 'SUKAMULYA', 4),
('020724AK', '020724', 'MEKARGALIH', 4),
('020724AL', '020724', 'NEGLASARI', 4),
('020724AM', '020724', 'LEMBAHSARI', 4),
('020724AN', '020724', 'WARUDOYONG', 4),
('020724AO', '020724', 'KAMURANG', 4),
('020724AP', '020724', 'CIRAMA GIRANG', 4),
('020724AQ', '020724', 'MEKAR MULYA', 4),
('020724AR', '020724', 'CIGUNUNGHERANG', 4),
('020725', '020700', 'KEC. BOJONG PICUNG', 3),
('020725AA', '020725', 'SUKARAMA', 4),
('020725AB', '020725', 'SUKAJAYA', 4),
('020725AC', '020725', 'CIKONDANG', 4),
('020725AD', '020725', 'JATISARI', 4),
('020725AE', '020725', 'KEMANG', 4),
('020725AF', '020725', 'CIBARENGKOK', 4),
('020725AG', '020725', 'JATI', 4),
('020725AH', '020725', 'BOJONGPICUNG', 4),
('020725AI', '020725', 'SUKARATU', 4),
('020725AJ', '020725', 'NEGLASARI', 4),
('020725AK', '020725', 'HEGARMANAH', 4),
('020726', '020700', 'KEC. CAMPAKA MULYA', 3),
('020726AA', '020726', 'CAMPAKAWARNA', 4),
('020726AB', '020726', 'CAMPAKAMULYA', 4),
('020726AC', '020726', 'SUKABUNGAH', 4),
('020726AD', '020726', 'CIBANGGALA', 4),
('020726AE', '020726', 'SUKASIRNA', 4),
('020727', '020700', 'KEC. CIKADU', 3),
('020727AA', '020727', 'PADALUYU', 4),
('020727AB', '020727', 'SUKALUYU', 4),
('020727AC', '020727', 'MEKARLAKSANA', 4),
('020727AD', '020727', 'CIKADU', 4),
('020727AE', '020727', 'KALAPANUNGGAL', 4),
('020727AF', '020727', 'MEKARWANGI', 4),
('020727AG', '020727', 'CISARANTEN', 4),
('020727AH', '020727', 'SUKAMULYA', 4),
('020727AI', '020727', 'MEKARJAYA', 4),
('020727AJ', '020727', 'SUKAMANAH', 4),
('020728', '020700', 'KEC. LELES', 3),
('020728AA', '020728', 'PUSAKASARI', 4),
('020728AB', '020728', 'NAGASARI', 4),
('020728AC', '020728', 'SUKAJAYA', 4),
('020728AD', '020728', 'SUKAMULYA', 4),
('020728AE', '020728', 'PURABAYA', 4),
('020728AF', '020728', 'SUKASIRNA', 4),
('020728AG', '020728', 'WALAHIR', 4),
('020728AH', '020728', 'PUNCAKWANGI', 4),
('020728AI', '020728', 'SIRNASARI', 4),
('020728AJ', '020728', 'KARYAMUKTI', 4),
('020728AK', '020728', 'MANDALAWANGI', 4),
('020728AL', '020728', 'SINDANGSARI', 4),
('020729', '020700', 'KEC. CIJATI', 3),
('020729AA', '020729', 'PADAASIH', 4),
('020729AB', '020729', 'SUKALUYU', 4),
('020729AC', '020729', 'SINARBAKTI', 4),
('020729AD', '020729', 'BOJONGLARANG', 4),
('020729AE', '020729', 'SUKAMAHI', 4),
('020729AF', '020729', 'CIJATI', 4),
('020729AG', '020729', 'CIBODAS', 4),
('020729AH', '020729', 'CARINGIN', 4),
('020729AI', '020729', 'PARAKANTUGU', 4),
('020729AJ', '020729', 'SUKAMAJU', 4),
('020730', '020700', 'KEC. GEKBRONG', 3),
('020730AA', '020730', 'CINTAASIH', 4),
('020730AB', '020730', 'CIKANCANA', 4),
('020730AC', '020730', 'SUKARATU', 4),
('020730AD', '020730', 'BANGBAYANG', 4),
('020730AE', '020730', 'SONGGOM', 4),
('020730AF', '020730', 'CIKAHURIPAN', 4),
('020730AG', '020730', 'GEKBRONG', 4),
('020730AH', '020730', 'KEBONPEUTEUY', 4),
('020731', '020700', 'KEC. CIPANAS', 3),
('020731AA', '020731', 'SINDANGJAYA', 4),
('020731AB', '020731', 'CIPANAS', 4),
('020731AC', '020731', 'SINDANGLAYA', 4),
('020731AD', '020731', 'PALASARI', 4),
('020731AE', '020731', 'CIMACAN', 4),
('020731AF', '020731', 'CILOTO', 4),
('020731AG', '020731', 'BATULAWANG', 4),
('020732', '020700', 'KEC. HAURWANGI', 3),
('020732AA', '020732', 'CIHEA', 4),
('020732AB', '020732', 'SUKATANI', 4),
('020732AC', '020732', 'RAMASARI', 4),
('020732AD', '020732', 'HAURWANGI', 4),
('020732AE', '020732', 'KERTASARI', 4),
('020732AF', '020732', 'KERTAMUKTI', 4),
('020732AG', '020732', 'CIPEUYEUM', 4),
('020732AH', '020732', 'MEKARWANGI', 4),
('020733', '020700', 'KEC. PASIRKUDA', 3),
('020733AA', '020733', 'MEKARMULYA', 4),
('020733AB', '020733', 'KUBANG', 4),
('020733AC', '020733', 'GIRIJAYA', 4),
('020733AD', '020733', 'GIRIMUKTI', 4),
('020733AE', '020733', 'SIMPANG', 4),
('020733AF', '020733', 'KALIBARU', 4),
('020733AG', '020733', 'PUSAKAJAYA', 4),
('020733AH', '020733', 'KARANGJAYA', 4),
('020733AI', '020733', 'PADAMULYA', 4),
('020800', '020000', 'KAB. BANDUNG', 2),
('020801', '020800', 'KEC. CIWIDEY', 3),
('020801AA', '020801', 'PANUNDAAN', 4),
('020801AB', '020801', 'CIWIDEY', 4),
('020801AC', '020801', 'PANYOCOKAN', 4),
('020801AD', '020801', 'LEBAKMUNCANG', 4),
('020801AE', '020801', 'RAWABOGO', 4),
('020801AF', '020801', 'NENGKELAN', 4),
('020801AG', '020801', 'SUKAWENING', 4),
('020802', '020800', 'KEC. PASIRJAMBU', 3),
('020802AA', '020802', 'SUGIHMUKTI', 4),
('020802AB', '020802', 'MARGAMULYA', 4),
('020802AC', '020802', 'TENJOLAYA', 4),
('020802AD', '020802', 'CISONDARI', 4),
('020802AE', '020802', 'MEKARSARI', 4),
('020802AF', '020802', 'CIBODAS', 4),
('020802AG', '020802', 'CUKANGGENTENG', 4),
('020802AH', '020802', 'PASIRJAMBU', 4),
('020802AI', '020802', 'MEKARMAJU', 4),
('020802AJ', '020802', 'CIKONENG', 4),
('020803', '020800', 'KEC. CIMAUNG', 3),
('020803AA', '020803', 'CIKALONG', 4),
('020803AB', '020803', 'MEKARSARI', 4),
('020803AC', '020803', 'CIPINANG', 4),
('020803AD', '020803', 'CIMAUNG', 4),
('020803AE', '020803', 'CAMPAKAMULYA', 4),
('020803AF', '020803', 'PASIRHUNI', 4),
('020803AG', '020803', 'JAGABAYA', 4),
('020803AH', '020803', 'MALASARI', 4),
('020803AI', '020803', 'SUKAMAJU', 4),
('020803AJ', '020803', 'WARJABAKTI', 4),
('020804', '020800', 'KEC. PANGALENGAN', 3),
('020804AA', '020804', 'WANASUKA', 4),
('020804AB', '020804', 'BANJARSARI', 4),
('020804AC', '020804', 'MARGALUYU', 4),
('020804AD', '020804', 'SUKALUYU', 4),
('020804AE', '020804', 'WARNASARI', 4),
('020804AF', '020804', 'PULOSARI', 4),
('020804AG', '020804', 'MARGAMEKAR', 4),
('020804AH', '020804', 'SUKAMANAH', 4),
('020804AI', '020804', 'MARGAMUKTI', 4),
('020804AJ', '020804', 'PANGALENGAN', 4),
('020804AK', '020804', 'MARGAMULYA', 4),
('020804AL', '020804', 'TRIBAKTIMULYA', 4),
('020804AM', '020804', 'LAMAJANG', 4),
('020805', '020800', 'KEC. KERTASARI', 3),
('020805AA', '020805', 'NEGLAWANGI', 4),
('020805AB', '020805', 'SANTOSA', 4),
('020805AC', '020805', 'TARUMAJAYA', 4),
('020805AD', '020805', 'CIKEMBANG', 4),
('020805AE', '020805', 'CIBEUREUM', 4),
('020805AF', '020805', 'CIHAWUK', 4),
('020805AG', '020805', 'SUKAPURA', 4),
('020805AH', '020805', 'RESMI TINGGAL', 4),
('020806', '020800', 'KEC. PACET', 3),
('020806AA', '020806', 'CIKITU', 4),
('020806AB', '020806', 'GIRIMULYA', 4),
('020806AC', '020806', 'SUKARAME', 4),
('020806AD', '020806', 'CIKAWAO', 4),
('020806AE', '020806', 'NAGRAK', 4),
('020806AF', '020806', 'MANDALAHAJI', 4),
('020806AG', '020806', 'MARUYUNG', 4),
('020806AH', '020806', 'PANGAUBAN', 4),
('020806AI', '020806', 'CINANGGELA', 4),
('020806AJ', '020806', 'MEKARJAYA', 4),
('020806AK', '020806', 'MEKARSARI', 4),
('020806AL', '020806', 'CIPEUJEUH', 4),
('020806AM', '020806', 'TANJUNGWANGI', 4),
('020807', '020800', 'KEC. IBUN', 3),
('020807AA', '020807', 'NEGLASARI', 4),
('020807AB', '020807', 'DUKUH', 4),
('020807AC', '020807', 'IBUN', 4),
('020807AD', '020807', 'LAKSANA', 4),
('020807AE', '020807', 'MEKARWANGI', 4),
('020807AF', '020807', 'SUDI', 4),
('020807AG', '020807', 'CIBEET', 4),
('020807AH', '020807', 'PANGGUH', 4),
('020807AI', '020807', 'KARYALAKSANA', 4),
('020807AJ', '020807', 'LAMPEGAN', 4),
('020807AK', '020807', 'TALUN', 4),
('020807AL', '020807', 'TANGGULUN', 4),
('020808', '020800', 'KEC. PASEH', 3),
('020808AA', '020808', 'LOA', 4),
('020808AB', '020808', 'DRAWATI', 4),
('020808AC', '020808', 'CIPAKU', 4),
('020808AD', '020808', 'SINDANGSARI', 4),
('020808AE', '020808', 'SUKAMANTRI', 4),
('020808AF', '020808', 'SUKAMANAH', 4),
('020808AG', '020808', 'MEKARPAWITAN', 4),
('020808AH', '020808', 'CIJAGRA', 4),
('020808AI', '020808', 'TANGSIMEKAR', 4),
('020808AJ', '020808', 'CIPEDES', 4),
('020808AK', '020808', 'KARANGTUNGGAL', 4),
('020808AL', '020808', 'CIGENTUR', 4),
('020809', '020800', 'KEC. CIKANCUNG', 3),
('020809AA', '020809', 'SRIRAHAYU', 4),
('020809AB', '020809', 'CILULUK', 4),
('020809AC', '020809', 'MEKARLAKSANA', 4),
('020809AD', '020809', 'CIHANYIR', 4),
('020809AE', '020809', 'CIKANCUNG', 4),
('020809AF', '020809', 'MANDALASARI', 4),
('020809AG', '020809', 'HEGARMANAH', 4),
('020809AH', '020809', 'CIKASUNGKA', 4),
('020809AI', '020809', 'TANJUNGLAYA', 4),
('020810', '020800', 'KEC. CICALENGKA', 3),
('020810AA', '020810', 'NAGROG', 4),
('020810AB', '020810', 'NARAWITA', 4),
('020810AC', '020810', 'MARGAASIH', 4),
('020810AD', '020810', 'CICALENGKA WETAN', 4),
('020810AE', '020810', 'CIKUYA', 4),
('020810AF', '020810', 'WALUYA', 4),
('020810AG', '020810', 'PANENJOAN', 4),
('020810AH', '020810', 'TENJOLAYA', 4),
('020810AI', '020810', 'CICALENGKA KULON', 4),
('020810AJ', '020810', 'BABAKANPEUTEUY', 4),
('020810AK', '020810', 'DAMPIT', 4),
('020810AL', '020810', 'TANJUNGWANGI', 4),
('020811', '020800', 'KEC. RANCAEKEK', 3),
('020811AA', '020811', 'SUKAMANAH', 4),
('020811AB', '020811', 'TEGALSUMEDANG', 4),
('020811AC', '020811', 'RANCAEKEK KULON', 4),
('020811AD', '020811', 'RANCAEKEK WETAN', 4),
('020811AE', '020811', 'BOJONGLOA', 4),
('020811AF', '020811', 'JELEGONG', 4),
('020811AG', '020811', 'LINGGAR', 4),
('020811AH', '020811', 'SUKAMULYA', 4),
('020811AI', '020811', 'HAURPUGUR', 4),
('020811AJ', '020811', 'SANGIANG', 4),
('020811AK', '020811', 'BOJONGSALAM', 4),
('020811AL', '020811', 'CANGKUANG', 4),
('020811AM', '020811', 'NANJUNGMEKAR', 4),
('020811AN', '020811', 'RANCAEKEK KENCANA', 4),
('020812', '020800', 'KEC. MAJALAYA', 3),
('020812AA', '020812', 'NEGLASARI', 4),
('020812AB', '020812', 'WANGISAGARA', 4),
('020812AC', '020812', 'PADAMULYA', 4),
('020812AD', '020812', 'SUKAMUKTI', 4),
('020812AE', '020812', 'PADAULUN', 4),
('020812AF', '020812', 'BIRU', 4),
('020812AG', '020812', 'SUKAMAJU', 4),
('020812AH', '020812', 'MAJASETRA', 4),
('020812AI', '020812', 'MAJALAYA', 4),
('020812AJ', '020812', 'MAJAKERTA', 4),
('020812AK', '020812', 'BOJONG', 4),
('020813', '020800', 'KEC. CIPARAY', 3),
('020813AA', '020813', 'BABAKAN', 4),
('020813AB', '020813', 'CIKONENG', 4),
('020813AC', '020813', 'SIGARACIPTA', 4),
('020813AD', '020813', 'PAKUTANDANG', 4),
('020813AE', '020813', 'MANGGUNGHARJA', 4),
('020813AF', '020813', 'MEKARSARI', 4),
('020813AG', '020813', 'CIPARAY', 4),
('020813AH', '020813', 'SUMBERSARI', 4),
('020813AI', '020813', 'SARIMAHI', 4),
('020813AJ', '020813', 'SERANGMEKAR', 4),
('020813AK', '020813', 'GUNUNGLEUTIK', 4),
('020813AL', '020813', 'CIHEULANG', 4),
('020813AM', '020813', 'MEKARLAKSANA', 4),
('020813AN', '020813', 'BUMIWANGI', 4),
('020814', '020800', 'KEC. BALEENDAH', 3),
('020814AA', '020814', 'JELEKONG', 4),
('020814AB', '020814', 'MANGGAHANG', 4),
('020814AC', '020814', 'BALEENDAH', 4),
('020814AD', '020814', 'ANDIR', 4),
('020814AE', '020814', 'MALAKASARI', 4),
('020814AF', '020814', 'BOJONGMALAKA', 4),
('020814AG', '020814', 'RANCAMANYAR', 4),
('020814AH', '020814', 'WARGAMEKAR', 4),
('020815', '020800', 'KEC. ARJASARI', 3),
('020815AA', '020815', 'BATUKARUT', 4),
('020815AB', '020815', 'MANGUNJAYA', 4),
('020815AC', '020815', 'MEKARJAYA', 4),
('020815AD', '020815', 'BAROS', 4),
('020815AE', '020815', 'LEBAKWANGI', 4),
('020815AF', '020815', 'WARGALUYU', 4),
('020815AG', '020815', 'ARJASARI', 4),
('020815AH', '020815', 'PINGGIRSARI', 4),
('020815AI', '020815', 'PATROLSARI', 4),
('020815AJ', '020815', 'RANCAKOLE', 4),
('020815AK', '020815', 'ANCOLMEKAR', 4),
('020816', '020800', 'KEC. BANJARAN', 3),
('020816AA', '020816', 'MEKARJAYA', 4),
('020816AB', '020816', 'BANJARAN WETAN', 4),
('020816AC', '020816', 'CIAPUS', 4),
('020816AD', '020816', 'SINDANGPANON', 4),
('020816AE', '020816', 'NEGLASARI', 4),
('020816AF', '020816', 'MARGAHURIP', 4),
('020816AG', '020816', 'KIANGROKE', 4),
('020816AH', '020816', 'KAMASAN', 4),
('020816AI', '020816', 'BANJARAN', 4),
('020816AJ', '020816', 'TARAJUSARI', 4),
('020816AK', '020816', 'PASIRMULYA', 4),
('020817', '020800', 'KEC. PAMEUNGPEUK', 3),
('020817AA', '020817', 'BOJONGMANGGU', 4),
('020817AB', '020817', 'LANGONSARI', 4),
('020817AC', '020817', 'SUKASARI', 4),
('020817AD', '020817', 'RANCAMULYA', 4),
('020817AE', '020817', 'RANCATUNGKU', 4),
('020817AF', '020817', 'BOJONGKUNCI', 4),
('020818', '020800', 'KEC. KATAPANG', 3),
('020818AA', '020818', 'KATAPANG', 4),
('020818AB', '020818', 'CILAMPENI', 4),
('020818AC', '020818', 'PANGAUBAN', 4),
('020818AD', '020818', 'BANYUSARI', 4),
('020818AE', '020818', 'SANGKANHURIP', 4),
('020818AF', '020818', 'SUKAMUKTI', 4),
('020818AG', '020818', 'GANDASARI', 4),
('020819', '020800', 'KEC. SOREANG', 3),
('020819AA', '020819', 'SADU', 4),
('020819AB', '020819', 'SUKAJADI', 4),
('020819AC', '020819', 'SUKANAGARA', 4),
('020819AD', '020819', 'PANYIRAPAN', 4),
('020819AE', '020819', 'KARAMATMULYA', 4),
('020819AF', '020819', 'SOREANG', 4),
('020819AG', '020819', 'PAMEKARAN', 4),
('020819AH', '020819', 'PARUNGSERAB', 4),
('020819AI', '020819', 'SEKARWANGI', 4),
('020819AJ', '020819', 'CINGCIN', 4),
('020820', '020800', 'KEC. MARGAASIH', 3),
('020820AA', '020820', 'NANJUNG', 4),
('020820AB', '020820', 'MEKAR RAHAYU', 4),
('020820AC', '020820', 'RAHAYU', 4),
('020820AD', '020820', 'CIGONDEWAH HILIR', 4),
('020820AE', '020820', 'MARGAASIH', 4),
('020820AF', '020820', 'LAGADAR', 4),
('020821', '020800', 'KEC. MARGAHAYU', 3),
('020821AA', '020821', 'SULAEMAN', 4),
('020821AB', '020821', 'SUKAMENAK', 4),
('020821AC', '020821', 'SAYATI', 4),
('020821AD', '020821', 'MARGAHAYU SELATAN', 4),
('020821AE', '020821', 'MARGAHAYU TENGAH', 4),
('020822', '020800', 'KEC. DAYEUHKOLOT', 3),
('020822AA', '020822', 'CANGKUANG KULON', 4),
('020822AB', '020822', 'CANGKUANG WETAN', 4),
('020822AC', '020822', 'PASAWAHAN', 4),
('020822AD', '020822', 'DAYEUHKOLOT', 4),
('020822AE', '020822', 'CITEUREUP', 4),
('020822AF', '020822', 'SUKAPURA', 4),
('020823', '020800', 'KEC. BOJONGSOANG', 3),
('020823AA', '020823', 'BOJONGSARI', 4),
('020823AB', '020823', 'BOJONGSOANG', 4),
('020823AC', '020823', 'LENGKONG', 4),
('020823AD', '020823', 'CIPAGALO', 4),
('020823AE', '020823', 'BUAHBATU', 4),
('020823AF', '020823', 'TEGALLUAR', 4),
('020824', '020800', 'KEC. CILEUNYI', 3),
('020824AA', '020824', 'CIBIRU HILIR', 4),
('020824AB', '020824', 'CINUNUK', 4),
('020824AC', '020824', 'CIMEKAR', 4),
('020824AD', '020824', 'CILEUNYI KULON', 4),
('020824AE', '020824', 'CILEUNYI WETAN', 4),
('020824AF', '020824', 'CIBIRU WETAN', 4),
('020825', '020800', 'KEC. CILENGKRANG', 3),
('020825AA', '020825', 'GIRIMEKAR', 4),
('020825AB', '020825', 'JATIENDAH', 4),
('020825AC', '020825', 'MELATIWANGI', 4),
('020825AD', '020825', 'CIPANJALU', 4),
('020825AE', '020825', 'CIPOREAT', 4),
('020825AF', '020825', 'CILENGKRANG', 4),
('020826', '020800', 'KEC. CIMENYAN', 3),
('020826AA', '020826', 'CIBEUNYING', 4),
('020826AB', '020826', 'PADASUKA', 4),
('020826AC', '020826', 'MANDALAMEKAR', 4),
('020826AD', '020826', 'CIKADUT', 4),
('020826AE', '020826', 'SINDANGLAYA', 4),
('020826AF', '020826', 'MEKARMANIK', 4),
('020826AG', '020826', 'CIMENYAN', 4),
('020826AH', '020826', 'MEKARSALUYU', 4),
('020826AI', '020826', 'CIBURIAL', 4),
('020829', '020800', 'KEC. RANCABALI', 3),
('020829AA', '020829', 'CIPELAH', 4),
('020829AB', '020829', 'SUKARESMI', 4),
('020829AC', '020829', 'INDRAGIRI', 4),
('020829AD', '020829', 'PATENGAN', 4),
('020829AE', '020829', 'ALAMENDAH', 4),
('020830', '020800', 'KEC. NAGREG', 3),
('020830AA', '020830', 'MANDALAWANGI', 4),
('020830AB', '020830', 'BOJONG', 4),
('020830AC', '020830', 'CIHERANG', 4),
('020830AD', '020830', 'CIARO', 4),
('020830AE', '020830', 'NAGREG', 4),
('020830AF', '020830', 'CITAMAN', 4),
('020830AG', '020830', 'NAGREG KENDAN', 4),
('020830AH', '020830', 'GANJAR SABAR', 4),
('020831', '020800', 'KEC. SOLOKANJERUK', 3),
('020831AA', '020831', 'PANYADAP', 4),
('020831AB', '020831', 'PADAMUKTI', 4),
('020831AC', '020831', 'CIBODAS', 4),
('020831AD', '020831', 'LANGENSARI', 4),
('020831AE', '020831', 'SOLOKANJERUK', 4),
('020831AF', '020831', 'RANCAKASUMBA', 4),
('020831AG', '020831', 'BOJONGEMAS', 4),
('020832', '020800', 'KEC. CANGKUANG', 3),
('020832AA', '020832', 'JATISARI', 4),
('020832AB', '020832', 'NAGRAK', 4),
('020832AC', '020832', 'BANDASARI', 4),
('020832AD', '020832', 'PANANJUNG', 4),
('020832AE', '020832', 'CILUNCAT', 4),
('020832AF', '020832', 'CANGKUANG', 4),
('020832AG', '020832', 'TANJUNGSARI', 4),
('020833', '020800', 'KEC. KUTAWARINGIN', 3),
('020833AA', '020833', 'CILAME', 4),
('020833AB', '020833', 'BUNINAGARA', 4),
('020833AC', '020833', 'PADASUKA', 4),
('020833AD', '020833', 'SUKAMULYA', 4),
('020833AE', '020833', 'KUTAWARINGIN', 4),
('020833AF', '020833', 'KOPO', 4),
('020833AG', '020833', 'CIBODAS', 4),
('020833AH', '020833', 'JATISARI', 4),
('020833AI', '020833', 'JELEGONG', 4),
('020833AJ', '020833', 'GAJAHMEKAR', 4),
('020833AK', '020833', 'PAMEUNTASAN', 4),
('021000', '020000', 'KAB. SUMEDANG', 2),
('021001', '021000', 'KEC. JATINANGOR', 3),
('021001AA', '021001', 'CIPACING', 4),
('021001AB', '021001', 'SAYANG', 4),
('021001AC', '021001', 'MEKARGALIH', 4),
('021001AD', '021001', 'CINTA MULYA', 4),
('021001AE', '021001', 'CISEMPUR', 4),
('021001AF', '021001', 'JATIMUKTI', 4),
('021001AG', '021001', 'JATIROKE', 4),
('021001AH', '021001', 'HEGARMANAH', 4),
('021001AI', '021001', 'CIKERUH', 4),
('021001AJ', '021001', 'CIBEUSI', 4),
('021001AK', '021001', 'CILELES', 4),
('021001AL', '021001', 'CILAYUNG', 4),
('021002', '021000', 'KEC. CIMANGGUNG', 3),
('021002AA', '021002', 'MANGUNARGA', 4),
('021002AB', '021002', 'SAWAHDADAP', 4),
('021002AC', '021002', 'SUKADANA', 4),
('021002AD', '021002', 'CIHANJUANG', 4),
('021002AE', '021002', 'CIKAHURIPAN', 4),
('021002AF', '021002', 'SINDANGGALIH', 4),
('021002AG', '021002', 'SINDANGPAKUON', 4),
('021002AH', '021002', 'CIMANGGUNG', 4),
('021002AI', '021002', 'TEGALMANGGUNG', 4),
('021002AJ', '021002', 'SINDULANG', 4),
('021002AK', '021002', 'PASIRNANJUNG', 4),
('021003', '021000', 'KEC. TANJUNGSARI', 3),
('021003AA', '021003', 'CINANJUNG', 4),
('021003AB', '021003', 'RAHARJA', 4),
('021003AC', '021003', 'GUNUNGMANIK', 4),
('021003AD', '021003', 'MARGA JAYA', 4),
('021003AE', '021003', 'TANJUNGSARI', 4),
('021003AF', '021003', 'JATISARI', 4),
('021003AG', '021003', 'KUTAMANDIRI', 4),
('021003AH', '021003', 'MARGALUYU', 4),
('021003AI', '021003', 'GUDANG', 4),
('021003AJ', '021003', 'PASIGARAN', 4),
('021003AK', '021003', 'KADAKAJAYA', 4),
('021003AL', '021003', 'CIJAMBU', 4),
('021004', '021000', 'KEC. RANCAKALONG', 3),
('021004AA', '021004', 'SUKASIRNARASA', 4),
('021004AB', '021004', 'PASIR BIRU', 4),
('021004AC', '021004', 'RANCAKALONG', 4),
('021004AD', '021004', 'PAMEKARAN', 4),
('021004AE', '021004', 'SUKAMAJU', 4),
('021004AF', '021004', 'SUKAHAYU', 4),
('021004AG', '021004', 'NAGARAWANGI', 4),
('021004AH', '021004', 'CIBUNAR', 4),
('021004AI', '021004', 'PANGADEGAN', 4),
('021004AJ', '021004', 'CIBUNGUR', 4),
('021005', '021000', 'KEC. SUMEDANG SELATAN', 3),
('021005AA', '021005', 'SUKAJAYA', 4),
('021005AB', '021005', 'MARGAMEKAR', 4),
('021005AC', '021005', 'CIPANCAR', 4),
('021005AD', '021005', 'CITENGAH', 4),
('021005AE', '021005', 'GUNASARI', 4),
('021005AF', '021005', 'BAGINDA', 4),
('021005AG', '021005', 'SUKAGALIH', 4),
('021005AH', '021005', 'CIPAMEUNGPEUK', 4),
('021005AI', '021005', 'REGOL WETAN', 4),
('021005AJ', '021005', 'KOTAKULON', 4),
('021005AL', '021005', 'CIHERANG', 4),
('021005AM', '021005', 'MEKARRAHAYU', 4),
('021005AN', '021005', 'MARGALAKSANA', 4),
('021005AO', '021005', 'PASANGGRAHAN BARU', 4),
('021006', '021000', 'KEC. SUMEDANG UTARA', 3),
('021006AA', '021006', 'SIRNAMULYA', 4),
('021006AB', '021006', 'GIRIMUKTI', 4),
('021006AC', '021006', 'MULYASARI', 4),
('021006AD', '021006', 'PADASUKA', 4),
('021006AE', '021006', 'MARGAMUKTI', 4),
('021006AF', '021006', 'MEKARJAYA', 4),
('021006AG', '021006', 'JATIMULYA', 4),
('021006AH', '021006', 'JATIHURIP', 4),
('021006AI', '021006', 'KEBONJATI', 4),
('021006AJ', '021006', 'SITU', 4),
('021006AK', '021006', 'KOTAKALER', 4),
('021006AL', '021006', 'TALUN', 4),
('021006AM', '021006', 'RANCAMULYA', 4),
('021007', '021000', 'KEC. SITURAJA', 3),
('021007AA', '021007', 'CIJELER', 4),
('021007AB', '021007', 'AMBIT', 4),
('021007AC', '021007', 'SUKATALI', 4),
('021007AD', '021007', 'SITURAJA', 4),
('021007AE', '021007', 'JATIMEKAR', 4),
('021007AF', '021007', 'SITURAJA UTARA', 4),
('021007AG', '021007', 'MALAKA', 4),
('021007AH', '021007', 'WANAKERTA', 4),
('021007AI', '021007', 'BANGBAYANG', 4),
('021007AJ', '021007', 'KADUWULUNG', 4),
('021007AK', '021007', 'CIJATI', 4),
('021007AL', '021007', 'MEKARMULYA', 4),
('021007AM', '021007', 'CIKADU', 4),
('021007AN', '021007', 'KARANGHEULEUT', 4),
('021007AP', '021007', 'PAMULIHAN', 4),
('021007AQ', '021007', 'CICARIMANAH', 4),
('021008', '021000', 'KEC. DARMARAJA', 3),
('021008AA', '021008', 'NEGLASARI', 4),
('021008AB', '021008', 'SUKAMENAK', 4),
('021008AC', '021008', 'JATIBUNGUR', 4),
('021008AD', '021008', 'DARMAJAYA', 4),
('021008AE', '021008', 'DARMARAJA', 4),
('021008AF', '021008', 'CIPEUTEUY', 4),
('021008AG', '021008', 'CIKEUSI', 4),
('021008AH', '021008', 'CIEUNTEUNG', 4),
('021008AI', '021008', 'TARUNAJAYA', 4),
('021008AJ', '021008', 'SUKARATU', 4),
('021008AK', '021008', 'LEUWIHIDEUNG', 4),
('021008AL', '021008', 'CIBOGO', 4),
('021008AM', '021008', 'CIPAKU', 4),
('021008AN', '021008', 'KARANGPAKUAN', 4),
('021008AO', '021008', 'PAKU ALAM', 4),
('021008AP', '021008', 'RANGGON', 4),
('021009', '021000', 'KEC. CIBUGEL', 3),
('021009AA', '021009', 'BUANA MEKAR', 4),
('021009AB', '021009', 'JAYA MEKAR', 4),
('021009AC', '021009', 'CIBUGEL', 4),
('021009AD', '021009', 'TAMANSARI', 4),
('021009AE', '021009', 'SUKARAJA', 4),
('021009AF', '021009', 'CIPASANG', 4),
('021009AG', '021009', 'JAYAMANDIRI', 4),
('021010', '021000', 'KEC. WADO', 3),
('021010AA', '021010', 'CILENGKRANG', 4),
('021010AB', '021010', 'SUKAJADI', 4),
('021010AC', '021010', 'GANJARESIK', 4),
('021010AD', '021010', 'CIMUNGKAL', 4),
('021010AE', '021010', 'MULYAJAYA', 4),
('021010AF', '021010', 'CIKAREO SELATAN', 4),
('021010AG', '021010', 'CIKAREO UTARA', 4),
('021010AH', '021010', 'WADO', 4),
('021010AI', '021010', 'PADAJAYA', 4),
('021010AJ', '021010', 'SUKAPURA', 4),
('021010AK', '021010', 'CISURAT', 4),
('021012', '021000', 'KEC. TOMO', 3),
('021012AA', '021012', 'CICARIMANAH', 4),
('021012AB', '021012', 'CIPELES', 4),
('021012AC', '021012', 'DARMAWANGI', 4),
('021012AD', '021012', 'JEMBARWANGI', 4),
('021012AE', '021012', 'MARONGGE', 4),
('021012AF', '021012', 'TOLENGAS', 4),
('021012AG', '021012', 'TOMO', 4),
('021012AH', '021012', 'KARYAMUKTI', 4),
('021012AI', '021012', 'BUGEL', 4),
('021012AJ', '021012', 'MEKARWANGI', 4),
('021013', '021000', 'KEC. UJUNGJAYA', 3),
('021013AA', '021013', 'CIPELANG', 4),
('021013AB', '021013', 'PALABUAN', 4),
('021013AC', '021013', 'KEBON CAU', 4),
('021013AD', '021013', 'KUDANGWANGI', 4),
('021013AE', '021013', 'SUKAMULYA', 4),
('021013AF', '021013', 'PALASARI', 4),
('021013AG', '021013', 'UJUNGJAYA', 4),
('021013AH', '021013', 'SAKURJAYA', 4),
('021013AI', '021013', 'CIBULUH', 4),
('021014', '021000', 'KEC. CONGGEANG', 3),
('021014AA', '021014', 'NARIMBANG', 4),
('021014AB', '021014', 'JAMBU', 4),
('021014AC', '021014', 'CIPAMEKAR', 4),
('021014AD', '021014', 'CONGGEANG KULON', 4),
('021014AE', '021014', 'CONGGEANG WETAN', 4),
('021014AF', '021014', 'CIBEUREUYEUH', 4),
('021014AG', '021014', 'PADAASIH', 4),
('021014AH', '021014', 'BABAKAN ASEM', 4),
('021014AI', '021014', 'UNGKAL', 4),
('021014AJ', '021014', 'CACABAN', 4),
('021014AK', '021014', 'KARANGLAYUNG', 4),
('021014AL', '021014', 'CIBUBUAN', 4),
('021015', '021000', 'KEC. PASEH', 3),
('021015AA', '021015', 'LEGOK KALER', 4),
('021015AB', '021015', 'LEGOK KIDUL', 4),
('021015AC', '021015', 'PASEH KIDUL', 4),
('021015AD', '021015', 'CIJAMBE', 4),
('021015AE', '021015', 'PASIREUNGIT', 4),
('021015AF', '021015', 'PADANAAN', 4),
('021015AG', '021015', 'BONGKOK', 4),
('021015AH', '021015', 'PASEH KALER', 4),
('021015AI', '021015', 'HAURKUNING', 4),
('021015AJ', '021015', 'CITEPOK', 4),
('021016', '021000', 'KEC. CIMALAKA', 3),
('021016AA', '021016', 'CIMUJA', 4),
('021016AB', '021016', 'CIBEUREUM WETAN', 4),
('021016AC', '021016', 'CIBEUREUM KULON', 4),
('021016AD', '021016', 'MANDALAHERANG', 4),
('021016AE', '021016', 'CIMALAKA', 4),
('021016AF', '021016', 'SERANG', 4),
('021016AG', '021016', 'GALUDRA', 4),
('021016AH', '021016', 'CIKOLE', 4),
('021016AI', '021016', 'TRUNAMANGGALA', 4),
('021016AJ', '021016', 'NYALINDUNG', 4),
('021016AK', '021016', 'NALUK', 4),
('021016AL', '021016', 'CITIMUN', 4),
('021016AM', '021016', 'LICIN', 4),
('021016AN', '021016', 'PADASARI', 4),
('021017', '021000', 'KEC. TANJUNGKERTA', 3),
('021017AA', '021017', 'TANJUNGMEKAR', 4),
('021017AB', '021017', 'CIGENTUR', 4),
('021017AC', '021017', 'GUNTURMEKAR', 4),
('021017AD', '021017', 'CIPANAS', 4),
('021017AE', '021017', 'BANYUASIH', 4),
('021017AF', '021017', 'MULYAMEKAR', 4),
('021017AG', '021017', 'SUKAMANTRI', 4),
('021017AH', '021017', 'KERTAHARJA', 4),
('021017AI', '021017', 'KERTAMEKAR', 4),
('021017AJ', '021017', 'TANJUNGMULYA', 4),
('021017AK', '021017', 'BOROS', 4),
('021017AL', '021017', 'AWILEGA', 4),
('021018', '021000', 'KEC. BUAHDUA', 3),
('021018AA', '021018', 'SEKARWANGI', 4),
('021018AB', '021018', 'CILANGKAP', 4),
('021018AC', '021018', 'CIBITUNG', 4),
('021018AD', '021018', 'CIKURUBUK', 4),
('021018AE', '021018', 'BOJONGLOA', 4),
('021018AF', '021018', 'NAGRAK', 4),
('021018AG', '021018', 'PANYINDANGAN', 4),
('021018AH', '021018', 'BUAHDUA', 4),
('021018AI', '021018', 'GENDEREH', 4),
('021018AJ', '021018', 'CITALEUS', 4),
('021018AK', '021018', 'MEKARMUKTI', 4),
('021018AL', '021018', 'HARIANG', 4),
('021018AM', '021018', 'KARANGBUNGUR', 4),
('021018AN', '021018', 'CIAWITALI', 4),
('021019', '021000', 'KEC. GANEAS', 3),
('021019AA', '021019', 'CIKONDANG', 4),
('021019AB', '021019', 'TANJUNGHURIP', 4),
('021019AC', '021019', 'DAYEUH LUHUR', 4),
('021019AD', '021019', 'CIKONENG', 4),
('021019AE', '021019', 'SUKAWENING', 4),
('021019AF', '021019', 'GANEAS', 4),
('021019AG', '021019', 'SUKALUYU', 4),
('021019AH', '021019', 'CIKONENG KULON', 4),
('021020', '021000', 'KEC. JATIGEDE', 3),
('021020AA', '021020', 'SUKAKERSA', 4),
('021020AB', '021020', 'MEKARASIH', 4),
('021020AC', '021020', 'CIRANGGEM', 4),
('021020AD', '021020', 'CISAMPIH', 4),
('021020AE', '021020', 'KADU', 4),
('021020AF', '021020', 'LEBAKSIUH', 4),
('021020AG', '021020', 'CINTAJAYA', 4),
('021020AH', '021020', 'CIPICUNG', 4),
('021020AI', '021020', 'JEMAH', 4),
('021020AJ', '021020', 'CIJEUNGJING', 4),
('021020AK', '021020', 'KADUJAYA', 4),
('021020AL', '021020', 'KAREDOK', 4),
('021023', '021000', 'KEC. PAMULIHAN', 3),
('021023AA', '021023', 'MEKARBAKTI', 4),
('021023AB', '021023', 'CILEMBU', 4),
('021023AC', '021023', 'CIMARIAS', 4),
('021023AD', '021023', 'CINANGGERANG', 4),
('021023AE', '021023', 'CIJERUK', 4),
('021023AF', '021023', 'CIGENDEL', 4),
('021023AG', '021023', 'HAURNGOMBONG', 4),
('021023AH', '021023', 'CIPTASARI', 4),
('021023AI', '021023', 'CITALI', 4),
('021023AJ', '021023', 'PAMULIHAN', 4),
('021023AK', '021023', 'SUKAWANGI', 4),
('021024', '021000', 'KEC. CISITU', 3),
('021024AA', '021024', 'SUNDAMEKAR', 4),
('021024AB', '021024', 'CIMARGA', 4),
('021024AC', '021024', 'CINANGSI', 4),
('021024AD', '021024', 'LINGGAJAYA', 4),
('021024AE', '021024', 'SITUMEKAR', 4),
('021024AF', '021024', 'CISITU', 4),
('021024AG', '021024', 'CIGINTUNG', 4),
('021024AH', '021024', 'RANJENG', 4),
('021024AI', '021024', 'CILOPANG', 4),
('021024AJ', '021024', 'PAJAGAN', 4),
('021025', '021000', 'KEC. JATINUNGGAL', 3),
('021025AA', '021025', 'KIRISIK', 4),
('021025AB', '021025', 'CIPEUNDEUY', 4),
('021025AC', '021025', 'CIMANINTIN', 4),
('021025AD', '021025', 'SUKAMANAH', 4),
('021025AE', '021025', 'BANJARSARI', 4),
('021025AF', '021025', 'SARIMEKAR', 4),
('021025AG', '021025', 'TARIKOLOT', 4),
('021025AH', '021025', 'SIRNASARI', 4),
('021025AI', '021025', 'PAWENANG', 4),
('021026', '021000', 'KEC. CISARUA', 3),
('021026AA', '021026', 'CISALAK', 4),
('021026AB', '021026', 'KEBONKALAPA', 4),
('021026AC', '021026', 'CISARUA', 4),
('021026AD', '021026', 'BANTARMARA', 4),
('021026AE', '021026', 'CIUYAH', 4),
('021026AF', '021026', 'CIMARA', 4),
('021026AG', '021026', 'CIPANDANWANGI', 4),
('021027', '021000', 'KEC. TANJUNGMEDAR', 3),
('021027AA', '021027', 'WARGALUYU', 4),
('021027AB', '021027', 'TANJUNGWANGI', 4),
('021027AC', '021027', 'SUKAMUKTI', 4),
('021027AD', '021027', 'CIKARAMAS', 4),
('021027AE', '021027', 'KERTAMUKTI', 4),
('021027AF', '021027', 'SUKATANI', 4),
('021027AG', '021027', 'KAMAL', 4),
('021027AH', '021027', 'JINGKANG', 4),
('021027AI', '021027', 'TANJUNGMEDAR', 4),
('021028', '021000', 'KEC. SURIAN', 3),
('021028AA', '021028', 'WANAJAYA', 4),
('021028AB', '021028', 'WANASARI', 4),
('021028AC', '021028', 'PAMEKARSARI', 4),
('021028AD', '021028', 'SURIAN', 4),
('021028AE', '021028', 'TANJUNG', 4),
('021028AF', '021028', 'RANGGASARI', 4),
('021028AG', '021028', 'SURIA MEDAL', 4),
('021028AH', '021028', 'SURIA MUKTI', 4),
('021028AI', '021028', 'NANJUNGWANGI', 4),
('021029', '021000', 'KEC. SUKASARI', 3),
('021029AA', '021029', 'SUKARAPIH', 4),
('021029AB', '021029', 'SUKASARI', 4),
('021029AC', '021029', 'MEKARSARI', 4),
('021029AD', '021029', 'SINDANGSARI', 4),
('021029AE', '021029', 'NANGGERANG', 4),
('021029AF', '021029', 'BANYURESMI', 4),
('021029AG', '021029', 'GENTENG', 4),
('021100', '020000', 'KAB. GARUT', 2),
('021101', '021100', 'KEC. TALEGONG', 3),
('021101AA', '021101', 'SELAAWI', 4),
('021101AB', '021101', 'MEKARMUKTI', 4),
('021101AC', '021101', 'MEKARMULYA', 4),
('021101AD', '021101', 'SUKAMULYA', 4),
('021101AE', '021101', 'SUKAMAJU', 4),
('021101AF', '021101', 'SUKALAKSANA', 4),
('021101AG', '021101', 'MEKARWANGI', 4),
('021102', '021100', 'KEC. CISEWU', 3),
('021102AA', '021102', 'SUKAJAYA', 4),
('021102AB', '021102', 'CIKARANG', 4),
('021102AC', '021102', 'PAMALAYAN', 4),
('021102AD', '021102', 'CISEWU', 4),
('021102AE', '021102', 'GIRIMUKTI', 4),
('021102AF', '021102', 'NYALINDUNG', 4),
('021102AG', '021102', 'KARANGSEWU', 4),
('021102AH', '021102', 'MEKARSEWU', 4),
('021102AI', '021102', 'PANGGALIH', 4),
('021103', '021100', 'KEC. BUNGBULANG', 3),
('021103AA', '021103', 'SINARJAYA', 4),
('021103AB', '021103', 'TEGALLEGA', 4),
('021103AC', '021103', 'WANGUNJAYA', 4),
('021103AD', '021103', 'MEKARJAYA', 4),
('021103AE', '021103', 'HANJUANG', 4),
('021103AF', '021103', 'MARGALAKSANA', 4),
('021103AG', '021103', 'GUNAMEKAR', 4),
('021103AH', '021103', 'BUNGBULANG', 4),
('021103AI', '021103', 'CIHIKEU', 4),
('021103AJ', '021103', 'BOJONG', 4),
('021103AK', '021103', 'MEKARBAKTI', 4),
('021103AL', '021103', 'GUNUNG JAMPANG', 4),
('021103AM', '021103', 'HEGARMANAH', 4),
('021104', '021100', 'KEC. PAMULIHAN', 3),
('021104AA', '021104', 'LINGGARJATI', 4),
('021104AB', '021104', 'GARUMUKTI', 4),
('021104AC', '021104', 'PANAWA', 4),
('021104AD', '021104', 'PAKENJENG', 4),
('021104AE', '021104', 'PANANJUNG', 4),
('021105', '021100', 'KEC. PAKENJENG', 3),
('021105AA', '021105', 'KARANGSARI', 4),
('021105AB', '021105', 'TANJUNGMULYA', 4),
('021105AC', '021105', 'TANJUNGJAYA', 4),
('021105AD', '021105', 'TEGALGEDE', 4),
('021105AE', '021105', 'NEGLASARI', 4),
('021105AF', '021105', 'SUKAMULYA', 4),
('021105AG', '021105', 'DEPOK', 4),
('021105AH', '021105', 'PASIRLANGU', 4),
('021105AI', '021105', 'PANYINDANGAN', 4),
('021105AJ', '021105', 'WANGUNJAYA', 4),
('021105AK', '021105', 'JATIWANGI', 4),
('021105AL', '021105', 'TALAGAWANGI', 4),
('021105AM', '021105', 'JAYAMEKAR', 4),
('021106', '021100', 'KEC. CIKELET', 3),
('021106AA', '021106', 'CIGADOG', 4),
('021106AB', '021106', 'CIJAMBE', 4),
('021106AC', '021106', 'CIKELET', 4),
('021106AD', '021106', 'PAMALAYAN', 4),
('021106AE', '021106', 'LINGGAMANIK', 4),
('021106AF', '021106', 'KARANGSARI', 4),
('021106AG', '021106', 'KERTAMUKTI', 4),
('021106AH', '021106', 'CIROYOM', 4),
('021106AI', '021106', 'GIRIMUKTI', 4),
('021106AJ', '021106', 'TIPAR', 4),
('021106AK', '021106', 'AWASSAGARA', 4),
('021107', '021100', 'KEC. PAMEUNGPEUK', 3),
('021107AA', '021107', 'MANCAGAHAR', 4),
('021107AB', '021107', 'PAMEUNGPEUK', 4),
('021107AC', '021107', 'MANDALAKASIH', 4),
('021107AD', '021107', 'SIRNABAKTI', 4),
('021107AE', '021107', 'PAAS', 4),
('021107AF', '021107', 'BOJONG', 4),
('021107AG', '021107', 'JATIMULYA', 4),
('021107AH', '021107', 'BOJONGKIDUL', 4),
('021108', '021100', 'KEC. CIBALONG', 3),
('021108AA', '021108', 'MEKARSARI', 4),
('021108AB', '021108', 'KARYASARI', 4),
('021108AC', '021108', 'KARYA MUKTI', 4),
('021108AD', '021108', 'SAGARA', 4),
('021108AE', '021108', 'MAROKO', 4),
('021108AF', '021108', 'SANCANG', 4),
('021108AG', '021108', 'SIMPANG', 4),
('021108AH', '021108', 'CIGARONGGONG', 4),
('021108AI', '021108', 'MEKARMUKTI', 4),
('021108AJ', '021108', 'MEKARWANGI', 4),
('021108AK', '021108', 'NAJATEN', 4),
('021109', '021100', 'KEC. CISOMPET', 3),
('021109AA', '021109', 'DEPOK', 4),
('021109AB', '021109', 'SUKANAGARA', 4),
('021109AC', '021109', 'CIHAURKUNING', 4),
('021109AD', '021109', 'CIKONDANG', 4),
('021109AE', '021109', 'JATISARI', 4),
('021109AF', '021109', 'CISOMPET', 4),
('021109AG', '021109', 'SUKAMUKTI', 4),
('021109AH', '021109', 'PANYINDANGAN', 4),
('021109AI', '021109', 'MARGAMULYA', 4),
('021109AJ', '021109', 'SINDANGSARI', 4),
('021109AK', '021109', 'NEGLASARI', 4),
('021110', '021100', 'KEC. PEUNDEUY', 3),
('021110AA', '021110', 'PANGRUMASAN', 4),
('021110AB', '021110', 'TOBLONG', 4),
('021110AC', '021110', 'SUKANAGARA', 4),
('021110AD', '021110', 'SARIBAKTI', 4),
('021110AE', '021110', 'PEUNDEUY', 4),
('021110AF', '021110', 'PURWAJAYA', 4),
('021111', '021100', 'KEC. SINGAJAYA', 3),
('021111AA', '021111', 'SINGAJAYA', 4),
('021111AB', '021111', 'KARANGAGUNG', 4),
('021111AC', '021111', 'MEKARTANI', 4),
('021111AD', '021111', 'CIGINTUNG', 4),
('021111AE', '021111', 'SUKAWANGI', 4),
('021111AF', '021111', 'PANCASURA', 4),
('021111AG', '021111', 'SUKAMULYA', 4),
('021111AH', '021111', 'GIRIMUKTI', 4),
('021111AI', '021111', 'CIUDIAN', 4),
('021112', '021100', 'KEC. CIKAJANG', 3),
('021112AA', '021112', 'CIPANGRAMATAN', 4),
('021112AB', '021112', 'MEKARJAYA', 4),
('021112AC', '021112', 'GIRIJAYA', 4),
('021112AD', '021112', 'GIRIAWAS', 4),
('021112AE', '021112', 'CIBODAS', 4),
('021112AF', '021112', 'CIKAJANG', 4),
('021112AG', '021112', 'PADASUKA', 4),
('021112AH', '021112', 'MEKARSARI', 4),
('021112AI', '021112', 'SIMPANG', 4),
('021112AJ', '021112', 'CIKANDANG', 4),
('021112AK', '021112', 'MARGAMULYA', 4),
('021112AL', '021112', 'KARAMATWANGI', 4),
('021113', '021100', 'KEC. BANJARWANGI', 3),
('021113AA', '021113', 'DANGIANG', 4),
('021113AB', '021113', 'JAYABAKTI', 4),
('021113AC', '021113', 'BOJONG', 4),
('021113AD', '021113', 'BANJARWANGI', 4),
('021113AE', '021113', 'TALAGASARI', 4),
('021113AF', '021113', 'PADAHURIP', 4),
('021113AG', '021113', 'KADONGDONG', 4),
('021113AH', '021113', 'WANGUNJAYA', 4),
('021113AI', '021113', 'TALAGAJAYA', 4),
('021113AJ', '021113', 'TANJUNGJAYA', 4),
('021113AK', '021113', 'MULYAJAYA', 4),
('021114', '021100', 'KEC. CILAWU', 3),
('021114AA', '021114', 'SUKAMURNI', 4),
('021114AB', '021114', 'SUKAMAJU', 4),
('021114AC', '021114', 'SUKATANI', 4),
('021114AD', '021114', 'MEKARSARI', 4),
('021114AE', '021114', 'DAYEUHMANGGUNG', 4),
('021114AF', '021114', 'KARYAMEKAR', 4),
('021114AG', '021114', 'CILAWU', 4),
('021114AH', '021114', 'PASANGGRAHAN', 4),
('021114AI', '021114', 'MARGALAKSANA', 4),
('021114AJ', '021114', 'DAWUNGSARI', 4),
('021114AK', '021114', 'DANGIANG', 4),
('021114AL', '021114', 'SUKAMUKTI', 4),
('021114AM', '021114', 'MEKARMUKTI', 4),
('021114AN', '021114', 'SUKAHATI', 4),
('021114AO', '021114', 'MANGKURAYAT', 4),
('021114AP', '021114', 'DESAKOLOT', 4),
('021114AQ', '021114', 'NGAMPLANG', 4),
('021114AR', '021114', 'NGAMPLANGSARI', 4),
('021115', '021100', 'KEC. BAYONGBONG', 3),
('021115AA', '021115', 'PAMALAYAN', 4),
('021115AB', '021115', 'CIBURUY', 4),
('021115AC', '021115', 'MULYASARI', 4),
('021115AD', '021115', 'BAYONGBONG', 4),
('021115AE', '021115', 'CINISTI', 4),
('021115AF', '021115', 'CIELA', 4),
('021115AG', '021115', 'KARYAJAYA', 4),
('021115AH', '021115', 'PANEMBONG', 4),
('021115AI', '021115', 'SUKARAME', 4),
('021115AJ', '021115', 'HEGARMANAH', 4),
('021115AK', '021115', 'SIRNAGALIH', 4),
('021115AL', '021115', 'SALAKURAY', 4),
('021115AM', '021115', 'SUKASENANG', 4),
('021115AN', '021115', 'CIKEDOKAN', 4),
('021115AO', '021115', 'MEKARSARI', 4),
('021115AP', '021115', 'BANJARSARI', 4),
('021115AQ', '021115', 'MEKARJAYA', 4),
('021115AR', '021115', 'SUKAMANAH', 4),
('021116', '021100', 'KEC. CISURUPAN', 3),
('021116AA', '021116', 'SUKAWARGI', 4),
('021116AB', '021116', 'SUKATANI', 4),
('021116AC', '021116', 'CIDATAR', 4),
('021116AD', '021116', 'CISERO', 4),
('021116AE', '021116', 'CISURUPAN', 4),
('021116AF', '021116', 'KARAMATWANGI', 4),
('021116AG', '021116', 'BALEWANGI', 4),
('021116AH', '021116', 'TAMBAKBAYA', 4),
('021116AI', '021116', 'SIRNAJAYA', 4),
('021116AJ', '021116', 'SIRNAGALIH', 4),
('021116AK', '021116', 'PAKUWON', 4),
('021116AL', '021116', 'SIMPANGSARI', 4),
('021116AM', '021116', 'PANGAUBAN', 4),
('021116AN', '021116', 'CIPAGANTI', 4),
('021116AO', '021116', 'PAMULIHAN', 4),
('021116AP', '021116', 'SITUSARI', 4),
('021116AQ', '021116', 'CINTAASIH', 4),
('021117', '021100', 'KEC. SAMARANG', 3),
('021117AA', '021117', 'CISARUA', 4),
('021117AB', '021117', 'PARAKAN', 4),
('021117AC', '021117', 'SUKALAKSANA', 4),
('021117AD', '021117', 'SIRNASARI', 4),
('021117AE', '021117', 'CINTAKARYA', 4),
('021117AF', '021117', 'CINTARASA', 4),
('021117AG', '021117', 'CINTARAKYAT', 4),
('021117AH', '021117', 'CINTAASIH', 4),
('021117AI', '021117', 'SAMARANG', 4),
('021117AJ', '021117', 'SUKARASA', 4),
('021117AK', '021117', 'SUKAKARYA', 4),
('021117AL', '021117', 'TANJUNG KARYA', 4),
('021117AM', '021117', 'TANJUNGANOM', 4),
('021119', '021100', 'KEC. GARUT KOTA', 3),
('021119AA', '021119', 'MARGAWATI', 4),
('021119AB', '021119', 'SUKANEGLA', 4),
('021119AC', '021119', 'CIMUNCANG', 4),
('021119AD', '021119', 'KOTAWETAN', 4),
('021119AE', '021119', 'KOTAKULON', 4),
('021119AF', '021119', 'MUARA SANDING', 4),
('021119AG', '021119', 'PAMINGGIR', 4),
('021119AH', '021119', 'REGOL', 4),
('021119AI', '021119', 'CIWALEN', 4),
('021119AJ', '021119', 'PAKUWON', 4),
('021119AK', '021119', 'SUKAMENTRI', 4),
('021120', '021100', 'KEC. KARANGPAWITAN', 3),
('021120AA', '021120', 'LEBAKAGUNG', 4),
('021120AB', '021120', 'SUCI', 4),
('021120AC', '021120', 'LEBAKJAYA', 4),
('021120AD', '021120', 'TANJUNGSARI', 4),
('021120AE', '021120', 'GODOG', 4),
('021120AF', '021120', 'SINDANGGALIH', 4),
('021120AG', '021120', 'SINDANGPALAY', 4),
('021120AH', '021120', 'KARANGPAWITAN', 4),
('021120AI', '021120', 'SITUGEDE', 4),
('021120AJ', '021120', 'SITUSARI', 4),
('021120AK', '021120', 'SITUJAYA', 4),
('021120AL', '021120', 'SITUSAEUR', 4),
('021120AM', '021120', 'KARANGSARI', 4),
('021120AN', '021120', 'CIMURAH', 4),
('021120AO', '021120', 'SINDANGLAYA', 4),
('021120AP', '021120', 'MEKARSARI', 4),
('021120AQ', '021120', 'JATISARI', 4),
('021120AR', '021120', 'KARANGMULYA', 4),
('021120AS', '021120', 'SUCIKALER', 4),
('021120AT', '021120', 'LENGKONGJAYA', 4),
('021121', '021100', 'KEC. WANARAJA', 3),
('021121AA', '021121', 'SUKAMENAK', 4),
('021121AB', '021121', 'SINDANGMEKAR', 4),
('021121AC', '021121', 'SINDANGRATU', 4),
('021121AD', '021121', 'CINUNUK', 4),
('021121AE', '021121', 'WANAMEKAR', 4),
('021121AF', '021121', 'WANARAJA', 4),
('021121AG', '021121', 'WANASARI', 4),
('021121AH', '021121', 'WANAJAYA', 4),
('021121AI', '021121', 'SINDANGPRABU', 4),
('021122', '021100', 'KEC. SUKAWENING', 3),
('021122AA', '021122', 'PASANGGRAHAN', 4),
('021122AB', '021122', 'SUKAMUKTI', 4),
('021122AC', '021122', 'MEKARLUYU', 4),
('021122AD', '021122', 'SUKAWENING', 4),
('021122AE', '021122', 'SUDALARANG', 4),
('021122AF', '021122', 'MARIPARI', 4),
('021122AG', '021122', 'SUKAHAJI', 4),
('021122AH', '021122', 'SUKASONO', 4),
('021122AI', '021122', 'SUKALUYU', 4),
('021122AJ', '021122', 'MEKARWANGI', 4),
('021122AK', '021122', 'MEKARHURIP', 4),
('021123', '021100', 'KEC. BANYURESMI', 3),
('021123AA', '021123', 'SUKARAJA', 4),
('021123AB', '021123', 'SUKAKARYA', 4),
('021123AC', '021123', 'PAMEKARSARI', 4),
('021123AD', '021123', 'SUKASENANG', 4),
('021123AE', '021123', 'SUKARATU', 4),
('021123AF', '021123', 'CIPICUNG', 4),
('021123AG', '021123', 'BAGENDIT', 4),
('021123AH', '021123', 'SUKAMUKTI', 4),
('021123AI', '021123', 'BANYURESMI', 4),
('021123AJ', '021123', 'BINAKARYA', 4),
('021123AK', '021123', 'DANGDEUR', 4),
('021123AL', '021123', 'KARYASARI', 4),
('021123AM', '021123', 'KARYAMUKTI', 4),
('021123AN', '021123', 'CIMAREME', 4),
('021123AO', '021123', 'SUKALAKSANA', 4),
('021124', '021100', 'KEC. LELES', 3),
('021124AA', '021124', 'DANO', 4),
('021124AB', '021124', 'JANGKURANG', 4),
('021124AC', '021124', 'LEMBANG', 4),
('021124AD', '021124', 'CIPANCAR', 4),
('021124AE', '021124', 'KANDANGMUKTI', 4),
('021124AF', '021124', 'CIBURIAL', 4),
('021124AG', '021124', 'SALAMNUNGGAL', 4),
('021124AH', '021124', 'LELES', 4),
('021124AI', '021124', 'HARUMAN', 4),
('021124AJ', '021124', 'MARGALUYU', 4),
('021124AK', '021124', 'CANGKUANG', 4),
('021124AL', '021124', 'SUKARAME', 4),
('021125', '021100', 'KEC. LEUWIGOONG', 3),
('021125AA', '021125', 'MARGAHAYU', 4),
('021125AB', '021125', 'MARGACINTA', 4),
('021125AC', '021125', 'DUNGUSIKU', 4),
('021125AD', '021125', 'TAMBAKSARI', 4),
('021125AE', '021125', 'KARANGSARI', 4),
('021125AF', '021125', 'KARANGANYAR', 4),
('021125AG', '021125', 'SINDANGSARI', 4),
('021125AH', '021125', 'LEUWIGOONG', 4),
('021126', '021100', 'KEC. CIBATU', 3),
('021126AA', '021126', 'CIBATU', 4),
('021126AB', '021126', 'KERTAJAYA', 4),
('021126AC', '021126', 'WANAKERTA', 4),
('021126AD', '021126', 'KARYAMUKTI', 4),
('021126AE', '021126', 'PADASUKA', 4),
('021126AF', '021126', 'KERESEK', 4),
('021126AG', '021126', 'CIBUNAR', 4),
('021126AH', '021126', 'SUKALILAH', 4),
('021126AI', '021126', 'GIRIMUKTI', 4),
('021126AJ', '021126', 'MEKARSARI', 4),
('021126AK', '021126', 'SINDANGSUKA', 4),
('021127', '021100', 'KEC. CIBIUK', 3),
('021127AA', '021127', 'CIPAREUAN', 4),
('021127AB', '021127', 'CIBIUK KIDUL', 4),
('021127AC', '021127', 'CIBIUK KALER', 4),
('021127AD', '021127', 'MAJASARI', 4),
('021127AE', '021127', 'LINGKUNGPASIR', 4),
('021128', '021100', 'KEC. KADUNGORA', 3),
('021128AA', '021128', 'RANCASALAK', 4),
('021128AB', '021128', 'MANDALASARI', 4),
('021128AC', '021128', 'HEGARSARI', 4),
('021128AD', '021128', 'TALAGASARI', 4),
('021128AE', '021128', 'KARANGMULYA', 4),
('021128AF', '021128', 'KARANGTENGAH', 4),
('021128AG', '021128', 'GANDAMEKAR', 4),
('021128AH', '021128', 'KADUNGORA', 4),
('021128AI', '021128', 'NEGLASARI', 4),
('021128AJ', '021128', 'CIKEMBULAN', 4),
('021128AK', '021128', 'CISAAT', 4);
INSERT INTO `wilayah` (`kode`, `mst_kode`, `nama`, `level`) VALUES
('021128AL', '021128', 'MEKARBAKTI', 4),
('021128AM', '021128', 'TANGGULUN', 4),
('021128AN', '021128', 'HARUMANSARI', 4),
('021129', '021100', 'KEC. BLUBUR LIMBANGAN', 3),
('021129AA', '021129', 'CIJOLANG', 4),
('021129AB', '021129', 'CIGAGADE', 4),
('021129AC', '021129', 'PASIRWARU', 4),
('021129AD', '021129', 'LIMBANGANBARAT', 4),
('021129AE', '021129', 'LIMBANGANTENGAH', 4),
('021129AF', '021129', 'LIMBANGANTIMUR', 4),
('021129AG', '021129', 'DUNGUSWIRU', 4),
('021129AH', '021129', 'GALIHPAKUWON', 4),
('021129AI', '021129', 'NEGLASARI', 4),
('021129AJ', '021129', 'SURABAYA', 4),
('021129AK', '021129', 'CIWANGI', 4),
('021129AL', '021129', 'PANGEUREUNAN', 4),
('021129AM', '021129', 'SIMPEN KIDUL', 4),
('021129AN', '021129', 'SIMPEN KALER', 4),
('021130', '021100', 'KEC. SELAAWI', 3),
('021130AA', '021130', 'CIGAWIR', 4),
('021130AB', '021130', 'PUTRAJAWA', 4),
('021130AC', '021130', 'MEKARSARI', 4),
('021130AD', '021130', 'SELAAWI', 4),
('021130AE', '021130', 'CIRAPUHAN', 4),
('021130AF', '021130', 'SAMIDA', 4),
('021130AG', '021130', 'PELITAASIH', 4),
('021131', '021100', 'KEC. MALANGBONG', 3),
('021131AA', '021131', 'KUTANAGARA', 4),
('021131AB', '021131', 'SANDING', 4),
('021131AC', '021131', 'KARANGMULYA', 4),
('021131AD', '021131', 'CINAGARA', 4),
('021131AE', '021131', 'CIKARAG', 4),
('021131AF', '021131', 'CAMPAKA', 4),
('021131AG', '021131', 'SUKAMANAH', 4),
('021131AH', '021131', 'CIHAURKUNING', 4),
('021131AI', '021131', 'CITERAS', 4),
('021131AJ', '021131', 'LEWOBARU', 4),
('021131AK', '021131', 'SUKARATU', 4),
('021131AL', '021131', 'SUKARASA', 4),
('021131AM', '021131', 'CIBUNAR', 4),
('021131AN', '021131', 'MALANGBONG', 4),
('021131AO', '021131', 'CISITU', 4),
('021131AP', '021131', 'SAKAWAYANA', 4),
('021131AQ', '021131', 'SEKARWANGI', 4),
('021131AR', '021131', 'MEKARASIH', 4),
('021131AS', '021131', 'CILAMPUYANG', 4),
('021131AT', '021131', 'MEKAR MULYA', 4),
('021131AU', '021131', 'BARUDUA', 4),
('021131AV', '021131', 'BUNISARI', 4),
('021131AW', '021131', 'SUKAJAYA', 4),
('021131AX', '021131', 'GIRIMAKMUR', 4),
('021132', '021100', 'KEC. MEKARMUKTI', 3),
('021132AA', '021132', 'KARANGWANGI', 4),
('021132AB', '021132', 'CIJAYANA', 4),
('021132AC', '021132', 'MEKARMUKTI', 4),
('021132AD', '021132', 'JAGABAYA', 4),
('021132AE', '021132', 'MEKARSARI', 4),
('021133', '021100', 'KEC. CARINGIN', 3),
('021133AA', '021133', 'CIMAHI', 4),
('021133AB', '021133', 'INDRALAYANG', 4),
('021133AC', '021133', 'PURBAYANI', 4),
('021133AD', '021133', 'CARINGIN', 4),
('021133AE', '021133', 'SUKARAME', 4),
('021133AF', '021133', 'SAMUDERAJAYA', 4),
('021134', '021100', 'KEC. CIHURIP', 3),
('021134AA', '021134', 'CISANGKAL', 4),
('021134AB', '021134', 'JAYAMUKTI', 4),
('021134AC', '021134', 'CIHURIP', 4),
('021134AD', '021134', 'MEKARWANGI', 4),
('021135', '021100', 'KEC. SUKARESMI', 3),
('021135AA', '021135', 'SUKAMULYA', 4),
('021135AB', '021135', 'SUKARESMI', 4),
('021135AC', '021135', 'PADAMUKTI', 4),
('021135AD', '021135', 'CINTADAMAI', 4),
('021135AE', '021135', 'SUKAJAYA', 4),
('021135AF', '021135', 'MEKARJAYA', 4),
('021135AG', '021135', 'SUKALILAH', 4),
('021136', '021100', 'KEC. PASIRWANGI', 3),
('021136AA', '021136', 'KARYAMEKAR', 4),
('021136AB', '021136', 'SARIMUKTI', 4),
('021136AC', '021136', 'TALAGA', 4),
('021136AD', '021136', 'PASIRKIAMIS', 4),
('021136AE', '021136', 'PADAMUKTI', 4),
('021136AF', '021136', 'PADAASIH', 4),
('021136AG', '021136', 'PADASUKA', 4),
('021136AH', '021136', 'SIRNAJAYA', 4),
('021136AI', '021136', 'PADAMULYA', 4),
('021136AJ', '021136', 'PASIRWANGI', 4),
('021136AK', '021136', 'PADAAWAS', 4),
('021136AL', '021136', 'BARUSARI', 4),
('021137', '021100', 'KEC. KARANGTENGAH', 3),
('021137AA', '021137', 'SINDANGGALIH', 4),
('021137AB', '021137', 'CINTA', 4),
('021137AC', '021137', 'CINTAMANIK', 4),
('021137AD', '021137', 'CARINGIN', 4),
('021138', '021100', 'KEC. KERSAMANAH', 3),
('021138AA', '021138', 'SUKAMAJU', 4),
('021138AB', '021138', 'GIRIJAYA', 4),
('021138AC', '021138', 'KERSAMANAH', 4),
('021138AD', '021138', 'NANJUNGJAYA', 4),
('021138AE', '021138', 'SUKAMERANG', 4),
('021138AF', '021138', 'MEKARRAYA', 4),
('021139', '021100', 'KEC. TAROGONG KALER', 3),
('021139AA', '021139', 'SIRNAJAYA', 4),
('021139AB', '021139', 'MEKARWANGI', 4),
('021139AC', '021139', 'SUKAJADI', 4),
('021139AD', '021139', 'SUKAWANGI', 4),
('021139AE', '021139', 'PANJIWANGI', 4),
('021139AF', '021139', 'MEKARJAYA', 4),
('021139AG', '021139', 'RANCABANGO', 4),
('021139AH', '021139', 'LANGENSARI', 4),
('021139AI', '021139', 'CIMANGANTEN', 4),
('021139AJ', '021139', 'JATI', 4),
('021139AK', '021139', 'TANJUNGKAMUNING', 4),
('021139AL', '021139', 'PANANJUNG', 4),
('021139AM', '021139', 'PASAWAHAN', 4),
('021140', '021100', 'KEC. TAROGONG KIDUL', 3),
('021140AA', '021140', 'KERSAMENAK', 4),
('021140AB', '021140', 'CIBUNAR', 4),
('021140AC', '021140', 'SUKABAKTI', 4),
('021140AD', '021140', 'SUKAKARYA', 4),
('021140AE', '021140', 'SUKAJAYA', 4),
('021140AF', '021140', 'JAYAWARAS', 4),
('021140AG', '021140', 'HAURPANGGUNG', 4),
('021140AH', '021140', 'JAYARAGA', 4),
('021140AI', '021140', 'PATARUMAN', 4),
('021140AJ', '021140', 'SUKAGALIH', 4),
('021140AK', '021140', 'MEKARGALIH', 4),
('021140AL', '021140', 'TAROGONG', 4),
('021141', '021100', 'KEC. CIGEDUG', 3),
('021141AA', '021141', 'BARUSUDA', 4),
('021141AB', '021141', 'CIGEDUG', 4),
('021141AC', '021141', 'SUKAHURIP', 4),
('021141AD', '021141', 'SINDANGSARI', 4),
('021141AE', '021141', 'CINTANAGARA', 4),
('021142', '021100', 'KEC. SUCINARAJA', 3),
('021142AA', '021142', 'LINGGAMUKTI', 4),
('021142AB', '021142', 'SUKALAKSANA', 4),
('021142AC', '021142', 'CIGADOG', 4),
('021142AD', '021142', 'TENJONAGARA', 4),
('021142AE', '021142', 'SUKARATU', 4),
('021142AF', '021142', 'TEGALPANJANG', 4),
('021142AG', '021142', 'SADANG', 4),
('021143', '021100', 'KEC. PANGATIKAN', 3),
('021143AA', '021143', 'SUKAHURIP', 4),
('021143AB', '021143', 'BABAKANLOA', 4),
('021143AC', '021143', 'SUKARASA', 4),
('021143AD', '021143', 'CIMARAGAS', 4),
('021143AE', '021143', 'CIHUNI', 4),
('021143AF', '021143', 'CITANGTU', 4),
('021143AG', '021143', 'KARANGSARI', 4),
('021143AH', '021143', 'SUKAMULYA', 4),
('021200', '020000', 'KAB. TASIKMALAYA', 2),
('021201', '021200', 'KEC. CIPATUJAH', 3),
('021201AA', '021201', 'CIHERAS', 4),
('021201AB', '021201', 'CIPANAS', 4),
('021201AC', '021201', 'CIANDUM', 4),
('021201AD', '021201', 'CIPATUJAH', 4),
('021201AE', '021201', 'SINDANGKERTA', 4),
('021201AF', '021201', 'CIKAWUNGADING', 4),
('021201AG', '021201', 'KERTASARI', 4),
('021201AH', '021201', 'PADAWARAS', 4),
('021201AI', '021201', 'DARAWATI', 4),
('021201AJ', '021201', 'BANTARKALONG', 4),
('021201AK', '021201', 'TOBONGJAYA', 4),
('021201AL', '021201', 'NANGELASARI', 4),
('021201AM', '021201', 'NAGROG', 4),
('021201AN', '021201', 'PAMEUTINGAN', 4),
('021201AO', '021201', 'SUKAHURIP', 4),
('021202', '021200', 'KEC. KARANGNUNGGAL', 3),
('021202AA', '021202', 'CIDADAP', 4),
('021202AB', '021202', 'KUJANG', 4),
('021202AC', '021202', 'SARIMUKTI', 4),
('021202AD', '021202', 'CIAWI', 4),
('021202AE', '021202', 'CIKAPINIS', 4),
('021202AF', '021202', 'CIKUPA', 4),
('021202AG', '021202', 'KARANGNUNGGAL', 4),
('021202AH', '021202', 'KARANGMEKAR', 4),
('021202AI', '021202', 'CIBATUIRENG', 4),
('021202AJ', '021202', 'CIBATU', 4),
('021202AK', '021202', 'SUKAWANGUN', 4),
('021202AL', '021202', 'CINTAWANGI', 4),
('021202AM', '021202', 'CIKUKULU', 4),
('021202AN', '021202', 'SARIMANGGU', 4),
('021203', '021200', 'KEC. CIKALONG', 3),
('021203AA', '021203', 'MANDALAJAYA', 4),
('021203AB', '021203', 'CIKALONG', 4),
('021203AC', '021203', 'CIKANCRA', 4),
('021203AD', '021203', 'TONJONGSARI', 4),
('021203AE', '021203', 'SINGKIR', 4),
('021203AF', '021203', 'PANYIARAN', 4),
('021203AG', '021203', 'CIBEBER', 4),
('021203AH', '021203', 'CIDADALI', 4),
('021203AI', '021203', 'KUBANGSARI', 4),
('021203AJ', '021203', 'CIKADU', 4),
('021203AK', '021203', 'SINDANGJAYA', 4),
('021203AL', '021203', 'KALAPAGENEP', 4),
('021203AM', '021203', 'CIMANUK', 4),
('021204', '021200', 'KEC. PANCATENGAH', 3),
('021204AA', '021204', 'MARGALUYU', 4),
('021204AB', '021204', 'CIBUNIASIH', 4),
('021204AC', '021204', 'PANGLIARAN', 4),
('021204AD', '021204', 'PANCAWANGI', 4),
('021204AE', '021204', 'JAYAMUKTI', 4),
('021204AF', '021204', 'TONJONG', 4),
('021204AG', '021204', 'CIBONGAS', 4),
('021204AH', '021204', 'CIKAWUNG', 4),
('021204AI', '021204', 'TAWANG', 4),
('021204AJ', '021204', 'MEKARSARI', 4),
('021204AK', '021204', 'NEGLASARI', 4),
('021205', '021200', 'KEC. CIKATOMAS', 3),
('021205AA', '021205', 'GUNUNGSARI', 4),
('021205AB', '021205', 'CILUMBA', 4),
('021205AC', '021205', 'LINGGALAKSANA', 4),
('021205AD', '021205', 'PAKEMITAN', 4),
('021205AE', '021205', 'COGREG', 4),
('021205AF', '021205', 'LENGKONGBARANG', 4),
('021205AG', '021205', 'TANJUNGBARANG', 4),
('021205AH', '021205', 'CAYUR', 4),
('021205AI', '021205', 'SINDANGASIH', 4),
('021206', '021200', 'KEC. CIBALONG', 3),
('021206AA', '021206', 'EUREUNPALAY', 4),
('021206AB', '021206', 'SETIAWARAS', 4),
('021206AC', '021206', 'CISEMPUR', 4),
('021206AD', '021206', 'PARUNG', 4),
('021206AE', '021206', 'CIBALONG', 4),
('021206AF', '021206', 'SINGAJAYA', 4),
('021207', '021200', 'KEC. BANTARKALONG', 3),
('021207AA', '021207', 'SIRNAGALIH', 4),
('021207AB', '021207', 'SIMPANG', 4),
('021207AC', '021207', 'HEGARWANGI', 4),
('021207AD', '021207', 'WANGUNSARI', 4),
('021207AE', '021207', 'PAMIJAHAN', 4),
('021207AF', '021207', 'PARAKANHONJE', 4),
('021207AG', '021207', 'SUKAMAJU', 4),
('021207AH', '021207', 'WAKAP', 4),
('021208', '021200', 'KEC. BOJONGGAMBIR', 3),
('021208AA', '021208', 'CAMPAKASARI', 4),
('021208AB', '021208', 'BOJONGKAPOL', 4),
('021208AC', '021208', 'WANDASARI', 4),
('021208AD', '021208', 'PEDANGKAMULYAN', 4),
('021208AE', '021208', 'KERTANEGLA', 4),
('021208AF', '021208', 'BOJONGGAMBIR', 4),
('021208AG', '021208', 'MANGKONJAYA', 4),
('021208AH', '021208', 'CIROYOM', 4),
('021208AI', '021208', 'PURWARAHARJA', 4),
('021208AJ', '021208', 'GIRIMUKTI', 4),
('021209', '021200', 'KEC. SODONGHILIR', 3),
('021209AA', '021209', 'CIKALONG', 4),
('021209AB', '021209', 'CIPAINGEUN', 4),
('021209AC', '021209', 'PAKALONGAN', 4),
('021209AD', '021209', 'LEUWIDULANG', 4),
('021209AE', '021209', 'MUNCANG', 4),
('021209AF', '021209', 'CUKANGJAYAGUNA', 4),
('021209AG', '021209', 'SUKABAKTI', 4),
('021209AH', '021209', 'PARUMASAN', 4),
('021209AI', '021209', 'SEPATNUNGGAL', 4),
('021209AJ', '021209', 'RAKSAJAYA', 4),
('021209AK', '021209', 'SODONGHILIR', 4),
('021209AL', '021209', 'CUKANGKAWUNG', 4),
('021210', '021200', 'KEC. TARAJU', 3),
('021210AA', '021210', 'BANYUASIH', 4),
('021210AB', '021210', 'TARAJU', 4),
('021210AC', '021210', 'RAKSASARI', 4),
('021210AD', '021210', 'SINGASARI', 4),
('021210AE', '021210', 'CIKUBANG', 4),
('021210AF', '021210', 'DEUDEUL', 4),
('021210AG', '021210', 'KERTARAHARJA', 4),
('021210AH', '021210', 'PURWARAHAYU', 4),
('021210AI', '021210', 'PAGERALAM', 4),
('021211', '021200', 'KEC. SALAWU', 3),
('021211AA', '021211', 'SUKARASA', 4),
('021211AB', '021211', 'JAHIANG', 4),
('021211AC', '021211', 'SUNDAWENANG', 4),
('021211AD', '021211', 'KAWUNGSARI', 4),
('021211AE', '021211', 'TENJOWARINGIN', 4),
('021211AF', '021211', 'KUTAWARINGIN', 4),
('021211AG', '021211', 'TANJUNGSARI', 4),
('021211AH', '021211', 'NEGLASARI', 4),
('021211AI', '021211', 'KARANGMUKTI', 4),
('021211AJ', '021211', 'SALAWU', 4),
('021211AK', '021211', 'MARGALAKSANA', 4),
('021211AL', '021211', 'SERANG', 4),
('021212', '021200', 'KEC. TANJUNGJAYA', 3),
('021212AA', '021212', 'CIKEUSAL', 4),
('021212AB', '021212', 'SUKANAGARA', 4),
('021212AC', '021212', 'SUKASENANG', 4),
('021212AD', '021212', 'TANJUNGJAYA', 4),
('021212AE', '021212', 'CINTAJAYA', 4),
('021212AF', '021212', 'CIBALANARIK', 4),
('021212AG', '021212', 'CILOLOHAN', 4),
('021213', '021200', 'KEC. SUKARAJA', 3),
('021213AA', '021213', 'MEKARJAYA', 4),
('021213AB', '021213', 'SIRNAJAYA', 4),
('021213AC', '021213', 'JANGGALA', 4),
('021213AD', '021213', 'SUKAPURA', 4),
('021213AE', '021213', 'TARUNAJAYA', 4),
('021213AF', '021213', 'LEUWIBUDAH', 4),
('021213AG', '021213', 'LINGGARAJA', 4),
('021213AH', '021213', 'MARGALAKSANA', 4),
('021214', '021200', 'KEC. SALOPA', 3),
('021214AA', '021214', 'MANDALAHAYU', 4),
('021214AB', '021214', 'KARYAMANDALA', 4),
('021214AC', '021214', 'MULYASARI', 4),
('021214AD', '021214', 'TANJUNGSARI', 4),
('021214AE', '021214', 'MANDALAGUNA', 4),
('021214AF', '021214', 'KAWITAN', 4),
('021214AG', '021214', 'MANDALAWANGI', 4),
('021214AH', '021214', 'BANJARWARINGIN', 4),
('021214AI', '021214', 'KARYAWANGI', 4),
('021215', '021200', 'KEC. CINEAM', 3),
('021215AA', '021215', 'CISARUA', 4),
('021215AB', '021215', 'PASIRMUKTI', 4),
('021215AC', '021215', 'CIKONDANG', 4),
('021215AD', '021215', 'CIJULANG', 4),
('021215AE', '021215', 'NAGARATENGAH', 4),
('021215AF', '021215', 'CIAMPANAN', 4),
('021215AG', '021215', 'CINEAM', 4),
('021215AH', '021215', 'MADIASARI', 4),
('021215AI', '021215', 'RAJADATU', 4),
('021215AJ', '021215', 'ANCOL', 4),
('021216', '021200', 'KEC. MANONJAYA', 3),
('021216AA', '021216', 'BATUSUMUR', 4),
('021216AB', '021216', 'CIHAUR', 4),
('021216AC', '021216', 'PASIRPANJANG', 4),
('021216AD', '021216', 'KALIMANGGIS', 4),
('021216AE', '021216', 'CIBEBER', 4),
('021216AF', '021216', 'GUNAJAYA', 4),
('021216AG', '021216', 'MARGAHAYU', 4),
('021216AH', '021216', 'KAMULYAN', 4),
('021216AI', '021216', 'MANONJAYA', 4),
('021216AJ', '021216', 'MARGALUYU', 4),
('021216AK', '021216', 'CILANGKAP', 4),
('021216AL', '021216', 'PASIRBATANG', 4),
('021219', '021200', 'KEC. SINGAPARNA', 3),
('021219AA', '021219', 'SUKAASIH', 4),
('021219AB', '021219', 'CIKUNTEN', 4),
('021219AC', '021219', 'SUKAHERANG', 4),
('021219AD', '021219', 'SINGASARI', 4),
('021219AE', '021219', 'SINGAPARNA', 4),
('021219AF', '021219', 'SUKAMULYA', 4),
('021219AG', '021219', 'CIPAKAT', 4),
('021219AH', '021219', 'CINTARAJA', 4),
('021219AI', '021219', 'CIKUNIR', 4),
('021219AJ', '021219', 'CIKADONGDONG', 4),
('021220', '021200', 'KEC. CIGALONTANG', 3),
('021220AA', '021220', 'SIRNAGALIH', 4),
('021220AB', '021220', 'KERSAMAJU', 4),
('021220AC', '021220', 'TANJUNGKARANG', 4),
('021220AD', '021220', 'NANGTANG', 4),
('021220AE', '021220', 'PUSPARAJA', 4),
('021220AF', '021220', 'JAYAPURA', 4),
('021220AG', '021220', 'LENGKONGJAYA', 4),
('021220AH', '021220', 'TENJONAGARA', 4),
('021220AI', '021220', 'NANGGERANG', 4),
('021220AJ', '021220', 'SUKAMANAH', 4),
('021220AK', '021220', 'SIRNAPUTRA', 4),
('021220AL', '021220', 'SIRNARAJA', 4),
('021220AM', '021220', 'CIGALONTANG', 4),
('021220AN', '021220', 'PUSPAMUKTI', 4),
('021220AO', '021220', 'CIDUGALEUN', 4),
('021220AP', '021220', 'PARENTAS', 4),
('021221', '021200', 'KEC. LEUWISARI', 3),
('021221AA', '021221', 'ARJASARI', 4),
('021221AB', '021221', 'CIAWANG', 4),
('021221AC', '021221', 'JAYAMUKTI', 4),
('021221AD', '021221', 'LINGGAWANGI', 4),
('021221AE', '021221', 'LINGGAMULYA', 4),
('021221AF', '021221', 'CIGADOG', 4),
('021221AG', '021221', 'MANDALAGIRI', 4),
('021223', '021200', 'KEC. CISAYONG', 3),
('021223AA', '021223', 'SANTANAMEKAR', 4),
('021223AB', '021223', 'CISAYONG', 4),
('021223AC', '021223', 'SUKAJADI', 4),
('021223AD', '021223', 'SUKASUKUR', 4),
('021223AE', '021223', 'JATIHURIP', 4),
('021223AF', '021223', 'SUKARAHARJA', 4),
('021223AG', '021223', 'MEKARWANGI', 4),
('021223AH', '021223', 'NUSAWANGI', 4),
('021223AI', '021223', 'CIKADU', 4),
('021223AJ', '021223', 'PURWASARI', 4),
('021223AK', '021223', 'CILEULEUS', 4),
('021223AL', '021223', 'SUKASETIA', 4),
('021223AM', '021223', 'SUKAMUKTI', 4),
('021224', '021200', 'KEC. RAJAPOLAH', 3),
('021224AA', '021224', 'RAJAMANDALA', 4),
('021224AB', '021224', 'DAWAGUNG', 4),
('021224AC', '021224', 'RAJAPOLAH', 4),
('021224AD', '021224', 'MANGGUNGJAYA', 4),
('021224AE', '021224', 'SUKANAGALIH', 4),
('021224AF', '021224', 'SUKARAJA', 4),
('021224AG', '021224', 'MANGGUNGSARI', 4),
('021224AH', '021224', 'TANJUNGPURA', 4),
('021225', '021200', 'KEC. JAMANIS', 3),
('021225AA', '021225', 'KARANGSEMBUNG', 4),
('021225AB', '021225', 'CONDONG', 4),
('021225AC', '021225', 'BOJONGGAOK', 4),
('021225AD', '021225', 'SINDANGRAJA', 4),
('021225AE', '021225', 'TANJUNGMEKAR', 4),
('021225AF', '021225', 'KARANGMULYA', 4),
('021225AG', '021225', 'KARANGRESIK', 4),
('021225AH', '021225', 'GERESIK', 4),
('021226', '021200', 'KEC. CIAWI', 3),
('021226AA', '021226', 'KERTAMUKTI', 4),
('021226AB', '021226', 'GOMBONG', 4),
('021226AC', '021226', 'BUGEL', 4),
('021226AD', '021226', 'MARGASARI', 4),
('021226AE', '021226', 'PAKEMITANKIDUL', 4),
('021226AF', '021226', 'CIAWI', 4),
('021226AG', '021226', 'CITAMBA', 4),
('021226AH', '021226', 'KURNIABAKTI', 4),
('021226AI', '021226', 'PAKEMITAN', 4),
('021226AJ', '021226', 'SUKAMANTRI', 4),
('021226AK', '021226', 'PASIRHUNI', 4),
('021227', '021200', 'KEC. PAGERAGEUNG', 3),
('021227AA', '021227', 'CIPACING', 4),
('021227AB', '021227', 'SUKAMAJU', 4),
('021227AC', '021227', 'PAGERSARI', 4),
('021227AD', '021227', 'PAGERAGEUNG', 4),
('021227AE', '021227', 'SUKADANA', 4),
('021227AF', '021227', 'PUTERAN', 4),
('021227AG', '021227', 'TANJUNGKERTA', 4),
('021227AH', '021227', 'GURANTENG', 4),
('021227AI', '021227', 'NANGGEWER', 4),
('021227AJ', '021227', 'SUKAPADA', 4),
('021228', '021200', 'KEC. PARUNGPONTENG', 3),
('021228AA', '021228', 'KARYABAKTI', 4),
('021228AB', '021228', 'CIGUNUNG', 4),
('021228AC', '021228', 'CIBUNGUR', 4),
('021228AD', '021228', 'PARUNGPONTENG', 4),
('021228AE', '021228', 'GIRIKENCANA', 4),
('021228AF', '021228', 'BARUMEKAR', 4),
('021228AG', '021228', 'CIBANTENG', 4),
('021228AH', '021228', 'BURUJULJAYA', 4),
('021229', '021200', 'KEC. SARIWANGI', 3),
('021229AA', '021229', 'SIRNASARI', 4),
('021229AB', '021229', 'LINGGASIRNA', 4),
('021229AC', '021229', 'SELAWANGI', 4),
('021229AD', '021229', 'SARIWANGI', 4),
('021229AE', '021229', 'JAYAPUTRA', 4),
('021229AF', '021229', 'JAYARATU', 4),
('021229AG', '021229', 'SUKAMULIH', 4),
('021229AH', '021229', 'SUKAHARJA', 4),
('021230', '021200', 'KEC. SUKARATU', 3),
('021230AA', '021230', 'TAWANGBANTENG', 4),
('021230AB', '021230', 'GUNUNGSARI', 4),
('021230AC', '021230', 'SUKAMAHI', 4),
('021230AD', '021230', 'SUKAGALIH', 4),
('021230AE', '021230', 'INDRAJAYA', 4),
('021230AF', '021230', 'SUKARATU', 4),
('021230AG', '021230', 'SINAGAR', 4),
('021230AH', '021230', 'LINGGAJATI', 4),
('021231', '021200', 'KEC. SUKARAME', 3),
('021231AA', '021231', 'SUKARAPIH', 4),
('021231AB', '021231', 'WARGAKERTA', 4),
('021231AC', '021231', 'SUKA MENAK', 4),
('021231AD', '021231', 'PADASUKA', 4),
('021231AE', '021231', 'SUKAKARSA', 4),
('021231AF', '021231', 'SUKARAME', 4),
('021232', '021200', 'KEC. BOJONGASIH', 3),
('021232AA', '021232', 'GIRIJAYA', 4),
('021232AB', '021232', 'BOJONGASIH', 4),
('021232AC', '021232', 'SINDANGSARI', 4),
('021232AD', '021232', 'CIKADONGDONG', 4),
('021232AE', '021232', 'MERTAJAYA', 4),
('021232AF', '021232', 'TOBLONGAN', 4),
('021233', '021200', 'KEC. CULAMEGA', 3),
('021233AA', '021233', 'BOJONGSARI', 4),
('021233AB', '021233', 'CINTABODAS', 4),
('021233AC', '021233', 'CIKUYA', 4),
('021233AD', '021233', 'CIPICUNG', 4),
('021233AE', '021233', 'MEKARLAKSANA', 4),
('021234', '021200', 'KEC. PUSPAHIANG', 3),
('021234AA', '021234', 'MANDALASARI', 4),
('021234AB', '021234', 'SUKASARI', 4),
('021234AC', '021234', 'PUSPASARI', 4),
('021234AD', '021234', 'PUSPAHIANG', 4),
('021234AE', '021234', 'PUSPARAHAYU', 4),
('021234AF', '021234', 'LUYUBAKTI', 4),
('021234AG', '021234', 'CIMANGGU', 4),
('021234AH', '021234', 'PUSPAJAYA', 4),
('021235', '021200', 'KEC. JATIWARAS', 3),
('021235AA', '021235', 'MANDALAMEKAR', 4),
('021235AB', '021235', 'KERSAGALIH', 4),
('021235AC', '021235', 'CIWARAK', 4),
('021235AD', '021235', 'JATIWARAS', 4),
('021235AE', '021235', 'PAPAYAN', 4),
('021235AF', '021235', 'NEGLASARI', 4),
('021235AG', '021235', 'KAPUTIHAN', 4),
('021235AH', '021235', 'SETIAWANGI', 4),
('021235AI', '021235', 'SUKAKERTA', 4),
('021235AJ', '021235', 'KERTARAHAYU', 4),
('021235AK', '021235', 'MANDALA HURIP', 4),
('021236', '021200', 'KEC. MANGUNREJA', 3),
('021236AA', '021236', 'PASIRSALAM', 4),
('021236AB', '021236', 'SUKALUYU', 4),
('021236AC', '021236', 'SUKASUKUR', 4),
('021236AD', '021236', 'SALEBU', 4),
('021236AE', '021236', 'MANGUNREJA', 4),
('021236AF', '021236', 'MARGAJAYA', 4),
('021237', '021200', 'KEC. GUNUNGTANJUNG', 3),
('021237AA', '021237', 'CINUNJANG', 4),
('021237AB', '021237', 'MALATISUKA', 4),
('021237AC', '021237', 'GIRIWANGI', 4),
('021237AD', '021237', 'JATIJAYA', 4),
('021237AE', '021237', 'GUNUNGTANJUNG', 4),
('021237AF', '021237', 'TANJUNGSARI', 4),
('021237AG', '021237', 'BOJONGSARI', 4),
('021238', '021200', 'KEC. KARANGJAYA', 3),
('021238AA', '021238', 'CITALAHAB', 4),
('021238AB', '021238', 'SIRNAJAYA', 4),
('021238AC', '021238', 'KARANGJAYA', 4),
('021238AD', '021238', 'KARANGLAYUNG', 4),
('021239', '021200', 'KEC. PADAKEMBANG', 3),
('021239AA', '021239', 'CILAMPUNGHILIR', 4),
('021239AB', '021239', 'RANCAPAKU', 4),
('021239AC', '021239', 'CISARUNI', 4),
('021239AD', '021239', 'PADAKEMBANG', 4),
('021239AE', '021239', 'MEKARJAYA', 4),
('021240', '021200', 'KEC. SUKAHENING', 3),
('021240AA', '021240', 'BANYURASA', 4),
('021240AB', '021240', 'BANYURESMI', 4),
('021240AC', '021240', 'CALINGCING', 4),
('021240AD', '021240', 'KUDADEPA', 4),
('021240AE', '021240', 'SUNDAKERTA', 4),
('021240AF', '021240', 'SUKAHENING', 4),
('021240AG', '021240', 'KIARAJANGKUNG', 4),
('021241', '021200', 'KEC. KADIPATEN', 3),
('021241AA', '021241', 'PAMOYANAN', 4),
('021241AB', '021241', 'BUNIASIH', 4),
('021241AC', '021241', 'MEKARSARI', 4),
('021241AD', '021241', 'DIRGAHAYU', 4),
('021241AE', '021241', 'CIBAHAYU', 4),
('021241AF', '021241', 'KADIPATEN', 4),
('021242', '021200', 'KEC. SUKARESIK', 3),
('021242AA', '021242', 'MARGAMULYA', 4),
('021242AB', '021242', 'CIPONDOK', 4),
('021242AC', '021242', 'SUKAMENAK', 4),
('021242AD', '021242', 'SUKARESIK', 4),
('021242AE', '021242', 'SUKARATU', 4),
('021242AF', '021242', 'BANJARSARI', 4),
('021242AG', '021242', 'SUKAPANCAR', 4),
('021242AH', '021242', 'TANJUNGSARI', 4),
('021400', '020000', 'KAB. CIAMIS', 2),
('021410', '021400', 'KEC. BANJARSARI', 3),
('021410AA', '021410', 'CIKUPA', 4),
('021410AB', '021410', 'KARYAMUKTI', 4),
('021410AC', '021410', 'CIGAYAM', 4),
('021410AD', '021410', 'BANJARANYAR', 4),
('021410AE', '021410', 'KALIJAYA', 4),
('021410AF', '021410', 'PASAWAHAN', 4),
('021410AG', '021410', 'CIKASO', 4),
('021410AH', '021410', 'SINDANGRASA', 4),
('021410AI', '021410', 'SUKASARI', 4),
('021410AJ', '021410', 'LANGKAPSARI', 4),
('021410AK', '021410', 'KAWASEN', 4),
('021410AL', '021410', 'CIBADAK', 4),
('021410AM', '021410', 'BANJARSARI', 4),
('021410AN', '021410', 'SINDANGSARI', 4),
('021410AO', '021410', 'SINDANGHAYU', 4),
('021410AP', '021410', 'SINDANGASIH', 4),
('021410AQ', '021410', 'PURWASARI', 4),
('021410AR', '021410', 'CIHERANG', 4),
('021410AS', '021410', 'RATAWANGI', 4),
('021410AT', '021410', 'CICAPAR', 4),
('021410AU', '021410', 'CIULU', 4),
('021410AV', '021410', 'TANJUNGSARI', 4),
('021411', '021400', 'KEC. LAKBOK', 3),
('021411AA', '021411', 'SINDANGANGIN', 4),
('021411AB', '021411', 'PULOERANG', 4),
('021411AC', '021411', 'KALAPASAWIT', 4),
('021411AD', '021411', 'SUKANAGARA', 4),
('021411AE', '021411', 'KERTAJAYA', 4),
('021411AF', '021411', 'SIDAHARJA', 4),
('021411AG', '021411', 'BAREGBEG', 4),
('021411AH', '021411', 'CINTAJAYA', 4),
('021411AI', '021411', 'TAMBAKREJA', 4),
('021411AJ', '021411', 'CINTARATU', 4),
('021412', '021400', 'KEC. PAMARICAN', 3),
('021412AA', '021412', 'SIDAMULIH', 4),
('021412AB', '021412', 'MARGAJAYA', 4),
('021412AC', '021412', 'NEGLASARI', 4),
('021412AD', '021412', 'PAMARICAN', 4),
('021412AE', '021412', 'SUKAHURIP', 4),
('021412AF', '021412', 'KERTAHAYU', 4),
('021412AG', '021412', 'SUKAJADI', 4),
('021412AH', '021412', 'SUKAMUKTI', 4),
('021412AI', '021412', 'SIDAHARJA', 4),
('021412AJ', '021412', 'BANGUNSARI', 4),
('021412AK', '021412', 'SUKAJAYA', 4),
('021412AL', '021412', 'BANTARSARI', 4),
('021412AM', '021412', 'PASIRNAGARA', 4),
('021412AN', '021412', 'MEKARMULYA', 4),
('021413', '021400', 'KEC. CIDOLOG', 3),
('021413AA', '021413', 'JELEGONG', 4),
('021413AB', '021413', 'CIPARAY', 4),
('021413AC', '021413', 'CIDOLOG', 4),
('021413AD', '021413', 'JANGGALA', 4),
('021413AE', '021413', 'HEGARMANAH', 4),
('021413AF', '021413', 'SUKASARI', 4),
('021414', '021400', 'KEC. CIMARAGAS', 3),
('021414AA', '021414', 'BOJONGMALANG', 4),
('021414AB', '021414', 'RAKSABAYA', 4),
('021414AC', '021414', 'BEBER', 4),
('021414AD', '021414', 'CIMARAGAS', 4),
('021414AE', '021414', 'JAYARAKSA', 4),
('021415', '021400', 'KEC. CIJEUNGJING', 3),
('021415AA', '021415', 'HANDAPHERANG', 4),
('021415AB', '021415', 'CIHARALANG', 4),
('021415AC', '021415', 'BOJONGMENGGER', 4),
('021415AD', '021415', 'KARANGKAMULYAN', 4),
('021415AE', '021415', 'KERTABUMI', 4),
('021415AF', '021415', 'CIJEUNGJING', 4),
('021415AG', '021415', 'PAMALAYAN', 4),
('021415AH', '021415', 'DEWASARI', 4),
('021415AI', '021415', 'UTAMA', 4),
('021415AJ', '021415', 'KERTAHARJA', 4),
('021415AK', '021415', 'KARANGANYAR', 4),
('021416', '021400', 'KEC. CISAGA', 3),
('021416AA', '021416', 'DANASARI', 4),
('021416AB', '021416', 'SIDAMULYA', 4),
('021416AC', '021416', 'KEPEL', 4),
('021416AD', '021416', 'MEKARMUKTI', 4),
('021416AE', '021416', 'CISAGA', 4),
('021416AF', '021416', 'WANGUNJAYA', 4),
('021416AG', '021416', 'TANJUNGJAYA', 4),
('021416AH', '021416', 'SUKAHURIP', 4),
('021416AI', '021416', 'BANGUNHARJA', 4),
('021416AJ', '021416', 'GIRIMUKTI', 4),
('021416AK', '021416', 'KARYAMULYA', 4),
('021417', '021400', 'KEC. TAMBAKSARI', 3),
('021417AA', '021417', 'TAMBAKSARI', 4),
('021417AB', '021417', 'KARANGPANINGAL', 4),
('021417AC', '021417', 'KASO', 4),
('021417AD', '021417', 'MEKARSARI', 4),
('021417AE', '021417', 'SUKASARI', 4),
('021417AF', '021417', 'KADUPANDAK', 4),
('021418', '021400', 'KEC. RANCAH', 3),
('021418AA', '021418', 'KARANGPARI', 4),
('021418AB', '021418', 'BOJONGGEDANG', 4),
('021418AC', '021418', 'CISONTROL', 4),
('021418AD', '021418', 'CILEUNGSIR', 4),
('021418AE', '021418', 'KIARAPAYUNG', 4),
('021418AF', '021418', 'KAWUNGLARANG', 4),
('021418AG', '021418', 'RANCAH', 4),
('021418AH', '021418', 'SITUMANDALA', 4),
('021418AI', '021418', 'PATAKAHARJA', 4),
('021418AJ', '021418', 'DADIHARJA', 4),
('021418AK', '021418', 'JANGALAHARJA', 4),
('021418AL', '021418', 'GIRIHARJA', 4),
('021418AM', '021418', 'WANGUNSARI', 4),
('021419', '021400', 'KEC. RAJADESA', 3),
('021419AA', '021419', 'TANJUNGSUKUR', 4),
('021419AB', '021419', 'TANJUNGSARI', 4),
('021419AC', '021419', 'TANJUNGJAYA', 4),
('021419AD', '021419', 'RAJADESA', 4),
('021419AE', '021419', 'SIRNABAYA', 4),
('021419AF', '021419', 'SIRNAJAYA', 4),
('021419AG', '021419', 'PURWARAJA', 4),
('021419AH', '021419', 'ANDAPRAJA', 4),
('021419AI', '021419', 'SUKAHARJA', 4),
('021419AJ', '021419', 'TIGAHERANG', 4),
('021419AK', '021419', 'SUKAJAYA', 4),
('021420', '021400', 'KEC. SUKADANA', 3),
('021420AA', '021420', 'CIPARIGI', 4),
('021420AB', '021420', 'BUNTER', 4),
('021420AC', '021420', 'MARGAHARJA', 4),
('021420AD', '021420', 'MARGAJAYA', 4),
('021420AE', '021420', 'SUKADANA', 4),
('021420AF', '021420', 'SALAKARIA', 4),
('021421', '021400', 'KEC. CIAMIS', 3),
('021421AA', '021421', 'IMBANAGARA RAYA', 4),
('021421AB', '021421', 'CISADAP', 4),
('021421AC', '021421', 'IMBANAGARA', 4),
('021421AD', '021421', 'SINDANGRASA', 4),
('021421AE', '021421', 'PANYINGKIRAN', 4),
('021421AF', '021421', 'PAWINDAN', 4),
('021421AG', '021421', 'LINGGASARI', 4),
('021421AH', '021421', 'CIAMIS', 4),
('021421AI', '021421', 'BENTENG', 4),
('021421AJ', '021421', 'CIGEMBOR', 4),
('021421AK', '021421', 'KERTASARI', 4),
('021421AL', '021421', 'MALEBER', 4),
('021422', '021400', 'KEC. CIKONENG', 3),
('021422AA', '021422', 'PANARAGAN', 4),
('021422AB', '021422', 'MARGALUYU', 4),
('021422AC', '021422', 'CIKONENG', 4),
('021422AD', '021422', 'KUJANG', 4),
('021422AE', '021422', 'DARMACAANG', 4),
('021422AF', '021422', 'NASOL', 4),
('021422AG', '021422', 'SINDANGSARI', 4),
('021422AH', '021422', 'CIMARI', 4),
('021422AI', '021422', 'GEGEMPALAN', 4),
('021423', '021400', 'KEC. CIHAURBEUTI', 3),
('021423AA', '021423', 'SUKAMULYA', 4),
('021423AB', '021423', 'SUKAHAJI', 4),
('021423AC', '021423', 'SUKAHURIP', 4),
('021423AD', '021423', 'SUKAMAJU', 4),
('021423AE', '021423', 'CIJULANG', 4),
('021423AF', '021423', 'SUKASETIA', 4),
('021423AG', '021423', 'SUMBERJAYA', 4),
('021423AH', '021423', 'CIHAURBEUTI', 4),
('021423AI', '021423', 'PASIRTAMIANG', 4),
('021423AJ', '021423', 'PADAMULYA', 4),
('021423AK', '021423', 'PAMOKOLAN', 4),
('021424', '021400', 'KEC. SADANANYA', 3),
('021424AA', '021424', 'MEKARJADI', 4),
('021424AB', '021424', 'SUKAJADI', 4),
('021424AC', '021424', 'WERASARI', 4),
('021424AD', '021424', 'MANGKUBUMI', 4),
('021424AE', '021424', 'BENDASARI', 4),
('021424AF', '021424', 'SADANANYA', 4),
('021424AG', '021424', 'TANJUNGSARI', 4),
('021424AH', '021424', 'GUNUNGSARI', 4),
('021425', '021400', 'KEC. CIPAKU', 3),
('021425AA', '021425', 'MUKTISARI', 4),
('021425AB', '021425', 'MEKARSARI', 4),
('021425AC', '021425', 'BUNISEURI', 4),
('021425AD', '021425', 'PUSAKASARI', 4),
('021425AE', '021425', 'JALATRANG', 4),
('021425AF', '021425', 'SUKAWENING', 4),
('021425AG', '021425', 'CIPAKU', 4),
('021425AH', '021425', 'BANGBAYANG', 4),
('021425AI', '021425', 'CIEURIH', 4),
('021425AJ', '021425', 'SELAMANIK', 4),
('021425AK', '021425', 'SELACAI', 4),
('021425AL', '021425', 'GEREBA', 4),
('021425AM', '021425', 'CIAKAR', 4),
('021426', '021400', 'KEC. JATINAGARA', 3),
('021426AA', '021426', 'CINTANAGARA', 4),
('021426AB', '021426', 'BAYASARI', 4),
('021426AC', '021426', 'JATINAGARA', 4),
('021426AD', '021426', 'DAYEUHLUHUR', 4),
('021426AE', '021426', 'SUKANAGARA', 4),
('021426AF', '021426', 'MULYASARI', 4),
('021427', '021400', 'KEC. PANAWANGAN', 3),
('021427AA', '021427', 'KERTAYASA', 4),
('021427AB', '021427', 'KARANGPANINGAL', 4),
('021427AC', '021427', 'INDRAGIRI', 4),
('021427AD', '021427', 'PANAWANGAN', 4),
('021427AE', '021427', 'SAGALAHERANG', 4),
('021427AF', '021427', 'NAGARAPAGEUH', 4),
('021427AG', '021427', 'NAGARAJAYA', 4),
('021427AH', '021427', 'NAGARAJATI', 4),
('021427AI', '021427', 'JAGABAYA', 4),
('021427AJ', '021427', 'CINYASAG', 4),
('021427AK', '021427', 'GARDUJAYA', 4),
('021427AL', '021427', 'SADAPAINGAN', 4),
('021427AM', '021427', 'BANGUNJAYA', 4),
('021427AN', '021427', 'GIRILAYA', 4),
('021427AO', '021427', 'KERTAJAYA', 4),
('021427AP', '021427', 'NAGARAWANGI', 4),
('021427AQ', '021427', 'NATANEGARA', 4),
('021427AR', '021427', 'MEKARBUANA', 4),
('021428', '021400', 'KEC. KAWALI', 3),
('021428AA', '021428', 'SINDANGSARI', 4),
('021428AB', '021428', 'KAWALI', 4),
('021428AC', '021428', 'KARANGPAWITAN', 4),
('021428AD', '021428', 'KAWALIMUKTI', 4),
('021428AE', '021428', 'TALAGASARI', 4),
('021428AF', '021428', 'SELASARI', 4),
('021428AG', '021428', 'MARGAMULYA', 4),
('021428AH', '021428', 'WINDURAJA', 4),
('021428AI', '021428', 'PURWASARI', 4),
('021428AJ', '021428', 'CITEUREUP', 4),
('021428AK', '021428', 'LINGGAPURA', 4),
('021429', '021400', 'KEC. PANJALU', 3),
('021429AA', '021429', 'MANDALARE', 4),
('021429AB', '021429', 'KERTAMANDALA', 4),
('021429AC', '021429', 'CIOMAS', 4),
('021429AD', '021429', 'SANDINGTAMAN', 4),
('021429AE', '021429', 'MAPARAH', 4),
('021429AF', '021429', 'PANJALU', 4),
('021429AG', '021429', 'BAHARA', 4),
('021429AH', '021429', 'HUJUNGTIWU', 4),
('021430', '021400', 'KEC. PANUMBANGAN', 3),
('021430AA', '021430', 'MEDANGLAYANG', 4),
('021430AB', '021430', 'PANUMBANGAN', 4),
('021430AC', '021430', 'TANJUNGMULYA', 4),
('021430AD', '021430', 'KERTARAHARJA', 4),
('021430AE', '021430', 'SUKAKERTA', 4),
('021430AF', '021430', 'GOLAT', 4),
('021430AG', '021430', 'SINDANGHERANG', 4),
('021430AH', '021430', 'SINDANGMUKTI', 4),
('021430AI', '021430', 'JAYAGIRI', 4),
('021430AJ', '021430', 'BANJARANGSANA', 4),
('021430AK', '021430', 'PAYUNGSARI', 4),
('021430AL', '021430', 'PAYUNGAGUNG', 4),
('021430AM', '021430', 'SINDANGBARANG', 4),
('021430AN', '021430', 'BUANAMEKAR', 4),
('021431', '021400', 'KEC.SUKAMANTRI', 3),
('021431AA', '021431', 'SUKAMANTRI', 4),
('021431AB', '021431', 'TENGGERRAHARJA', 4),
('021431AC', '021431', 'CIBEUREUM', 4),
('021431AD', '021431', 'SINDANGLAYA', 4),
('021431AE', '021431', 'MEKARWANGI', 4),
('021432', '021400', 'KEC. SINDANGKASIH', 3),
('021432AA', '021432', 'SUKAMANAH', 4),
('021432AB', '021432', 'SUKARAJA', 4),
('021432AC', '021432', 'BUDIHARJA', 4),
('021432AD', '021432', 'BUDIASIH', 4),
('021432AE', '021432', 'GUNUNGCUPU', 4),
('021432AF', '021432', 'SINDANGKASIH', 4),
('021432AG', '021432', 'SUKASENANG', 4),
('021432AH', '021432', 'SUKARESIK', 4),
('021432AI', '021432', 'WANASIGRA', 4),
('021433', '021400', 'KEC. PURWADADI', 3),
('021433AA', '021433', 'KUTAWARINGIN', 4),
('021433AB', '021433', 'BANTARDAWA', 4),
('021433AC', '021433', 'PASIRLAWANG', 4),
('021433AD', '021433', 'PURWADADI', 4),
('021433AE', '021433', 'PURWAJAYA', 4),
('021433AF', '021433', 'SIDARAHAYU', 4),
('021433AG', '021433', 'KARANGPANINGAL', 4),
('021433AH', '021433', 'SUKAMULYA', 4),
('021433AI', '021433', 'PADARINGAN', 4),
('021434', '021400', 'KEC. BAREGBEG', 3),
('021434AA', '021434', 'SUKAMAJU', 4),
('021434AB', '021434', 'MEKARJAYA', 4),
('021434AC', '021434', 'SAGULING', 4),
('021434AD', '021434', 'BAREGBEG', 4),
('021434AE', '021434', 'PETIRHILIR', 4),
('021434AF', '021434', 'PUSAKANAGARA', 4),
('021434AG', '021434', 'KARANGAMPEL', 4),
('021434AH', '021434', 'JELAT', 4),
('021434AI', '021434', 'SUKAMULYA', 4),
('021435', '021400', 'KEC. LUMBUNG', 3),
('021435AA', '021435', 'CIKUPA', 4),
('021435AB', '021435', 'SUKARAHARJA', 4),
('021435AC', '021435', 'AWILUAR', 4),
('021435AD', '021435', 'LUMBUNG', 4),
('021435AE', '021435', 'DARMARAJA', 4),
('021435AF', '021435', 'LUMBUNGSARI', 4),
('021435AG', '021435', 'RAWA', 4),
('021435AH', '021435', 'SADEWATA', 4),
('021438', '021400', 'KEC. BANJARANYAR', 3),
('021438AA', '021438', 'BANJARANYAR', 4),
('021438AB', '021438', 'CIGAYAM', 4),
('021438AC', '021438', 'CIKASO', 4),
('021438AD', '021438', 'CIKUPA', 4),
('021438AE', '021438', 'KALIJAYA', 4),
('021438AF', '021438', 'KARYAMUKTI', 4),
('021438AG', '021438', 'LANGKAPSARI', 4),
('021438AH', '021438', 'PASAWAHAN', 4),
('021438AI', '021438', 'SINDANGRASA', 4),
('021438AJ', '021438', 'TANJUNGSARI', 4),
('021500', '020000', 'KAB. KUNINGAN', 2),
('021501', '021500', 'KEC. DARMA', 3),
('021501AA', '021501', 'CIMENGA', 4),
('021501AB', '021501', 'TUGUMULYA', 4),
('021501AC', '021501', 'CAGEUR', 4),
('021501AD', '021501', 'SAKERTA TIMUR', 4),
('021501AE', '021501', 'SAKERTA BARAT', 4),
('021501AF', '021501', 'SUKARASA', 4),
('021501AG', '021501', 'PANINGGARAN', 4),
('021501AH', '021501', 'CIPASUNG', 4),
('021501AI', '021501', 'KAWAHMANUK', 4),
('021501AJ', '021501', 'CIKUPA', 4),
('021501AK', '021501', 'PARUNG', 4),
('021501AL', '021501', 'DARMA', 4),
('021501AM', '021501', 'JAGARA', 4),
('021501AN', '021501', 'BAKOM', 4),
('021501AO', '021501', 'KARANGANYAR', 4),
('021501AP', '021501', 'GUNUNGSIRAH', 4),
('021501AQ', '021501', 'SITUSARI', 4),
('021501AR', '021501', 'KARANGSARI', 4),
('021501AS', '021501', 'SAGARAHIANG', 4),
('021502', '021500', 'KEC. KADUGEDE', 3),
('021502AA', '021502', 'KADUGEDE', 4),
('021502AB', '021502', 'CIKETAK', 4),
('021502AC', '021502', 'NANGKA', 4),
('021502AD', '021502', 'WINDUJANTEN', 4),
('021502AE', '021502', 'CIPONDOK', 4),
('021502AF', '021502', 'BABATAN', 4),
('021502AG', '021502', 'BAYUNING', 4),
('021502AH', '021502', 'CIHERANG', 4),
('021502AI', '021502', 'TINGGAR', 4),
('021502AJ', '021502', 'CISUKADANA', 4),
('021502AK', '021502', 'MARGABAKTI', 4),
('021502AL', '021502', 'SINDANGJAWA', 4),
('021503', '021500', 'KEC. CINIRU', 3),
('021503AA', '021503', 'GUNUNGMANIK', 4),
('021503AB', '021503', 'PINARA', 4),
('021503AC', '021503', 'CIPEDES', 4),
('021503AD', '021503', 'PAMUPUKAN', 4),
('021503AE', '021503', 'CIJEMIT', 4),
('021503AF', '021503', 'CINIRU', 4),
('021503AG', '021503', 'RAMBATAN', 4),
('021503AH', '021503', 'LONGKEWANG', 4),
('021503AI', '021503', 'MUNGKALDATAR', 4),
('021504', '021500', 'KEC. SELAJAMBE', 3),
('021504AA', '021504', 'CANTILAN', 4),
('021504AB', '021504', 'SELAJAMBE', 4),
('021504AC', '021504', 'CIBERUNG', 4),
('021504AD', '021504', 'KUTAWARINGIN', 4),
('021504AE', '021504', 'BAGAWAT', 4),
('021504AF', '021504', 'JAMBERAMA', 4),
('021504AG', '021504', 'PADAHURIP', 4),
('021505', '021500', 'KEC. SUBANG', 3),
('021505AA', '021505', 'TANGKOLO', 4),
('021505AB', '021505', 'PAMULIHAN', 4),
('021505AC', '021505', 'JATISARI', 4),
('021505AD', '021505', 'SUBANG', 4),
('021505AE', '021505', 'BANGUNJAYA', 4),
('021505AF', '021505', 'GUNUNGACI', 4),
('021505AG', '021505', 'SITUGEDE', 4),
('021506', '021500', 'KEC. CIWARU', 3),
('021506AA', '021506', 'CITUNDUN', 4),
('021506AB', '021506', 'SAGARANTEN', 4),
('021506AC', '021506', 'SUMBERJAYA', 4),
('021506AD', '021506', 'LEBAKHERANG', 4),
('021506AE', '021506', 'CILAYUNG', 4),
('021506AF', '021506', 'CIWARU', 4),
('021506AG', '021506', 'LINGGA JAYA', 4),
('021506AH', '021506', 'KARANGBARU', 4),
('021506AI', '021506', 'GARAJATI', 4),
('021506AJ', '021506', 'BAOK', 4),
('021506AK', '021506', 'ANDAMUI', 4),
('021506AL', '021506', 'CITIKUR', 4),
('021507', '021500', 'KEC. CIBINGBIN', 3),
('021507AA', '021507', 'CIANGIR', 4),
('021507AB', '021507', 'CIPONDOK', 4),
('021507AC', '021507', 'SUKAHARJA', 4),
('021507AD', '021507', 'SINDANGJAWA', 4),
('021507AE', '021507', 'SUKAMAJU', 4),
('021507AF', '021507', 'CIBINGBIN', 4),
('021507AG', '021507', 'CITENJO', 4),
('021507AH', '021507', 'DUKUHBADAG', 4),
('021507AI', '021507', 'CISAAT', 4),
('021507AJ', '021507', 'BANTARPANJANG', 4),
('021508', '021500', 'KEC. LURAGUNG', 3),
('021508AA', '021508', 'WALAHARCAGEUR', 4),
('021508AB', '021508', 'DUKUHPICUNG', 4),
('021508AC', '021508', 'WILANAGARA', 4),
('021508AD', '021508', 'SINDANGSARI', 4),
('021508AE', '021508', 'CIGEDANG', 4),
('021508AF', '021508', 'LURAGUNGTONGGOH', 4),
('021508AG', '021508', 'MARGASARI', 4),
('021508AH', '021508', 'CIRAHAYU', 4),
('021508AI', '021508', 'SINDANGSUKA', 4),
('021508AJ', '021508', 'CIKANDANG', 4),
('021508AK', '021508', 'PANYOSOGAN', 4),
('021508AL', '021508', 'GUNUNGKARUNG', 4),
('021508AM', '021508', 'DUKUHMAJA', 4),
('021508AN', '021508', 'LURAGUNGLANDEUH', 4),
('021508AO', '021508', 'CIKADUWETAN', 4),
('021508AP', '021508', 'BENDA', 4),
('021509', '021500', 'KEC. CIDAHU', 3),
('021509AA', '021509', 'CIHIDEUNGGIRANG', 4),
('021509AB', '021509', 'CIHIDEUNGHILIR', 4),
('021509AC', '021509', 'CIDAHU', 4),
('021509AD', '021509', 'KERTAWINANGUN', 4),
('021509AE', '021509', 'DATAR', 4),
('021509AF', '021509', 'BUNDER', 4),
('021509AG', '021509', 'LEGOK', 4),
('021509AH', '021509', 'CIEURIH', 4),
('021509AI', '021509', 'NANGGELA', 4),
('021509AJ', '021509', 'CIBULAN', 4),
('021509AK', '021509', 'CIKEUSIK', 4),
('021509AL', '021509', 'JATIMULYA', 4),
('021510', '021500', 'KEC. CIAWIGEBANG', 3),
('021510AA', '021510', 'CIJAGAMULYA', 4),
('021510AB', '021510', 'CIOMAS', 4),
('021510AC', '021510', 'SIDARAJA', 4),
('021510AD', '021510', 'PAJAWANLOR', 4),
('021510AE', '021510', 'LEBAKSIUH', 4),
('021510AF', '021510', 'KERAMATMULYA', 4),
('021510AG', '021510', 'GERESIK', 4),
('021510AH', '021510', 'CIPUTAT', 4),
('021510AI', '021510', 'KAPANDAYAN', 4),
('021510AJ', '021510', 'DUKUHDALEM', 4),
('021510AK', '021510', 'PANGKALAN', 4),
('021510AL', '021510', 'CIAWIGEBANG', 4),
('021510AM', '021510', 'KADURAMA', 4),
('021510AN', '021510', 'PAMIJAHAN', 4),
('021510AO', '021510', 'KARANGKAMULYAN', 4),
('021510AP', '021510', 'CIAWILOR', 4),
('021510AQ', '021510', 'CIHAUR', 4),
('021510AR', '021510', 'CIGARUKGAK', 4),
('021510AS', '021510', 'MEKARJAYA', 4),
('021510AT', '021510', 'SUKARAJA', 4),
('021510AU', '021510', 'PADARAMA', 4),
('021510AV', '021510', 'SUKADANA', 4),
('021510AW', '021510', 'CIKUBANGMULYA', 4),
('021510AX', '021510', 'CIHIRUP', 4),
('021511', '021500', 'KEC. LEBAKWANGI', 3),
('021511AA', '021511', 'CINAGARA', 4),
('021511AB', '021511', 'CINEUMBEUY', 4),
('021511AC', '021511', 'CIPETIR', 4),
('021511AD', '021511', 'LEBAKWANGI', 4),
('021511AE', '021511', 'MANCAGAR', 4),
('021511AF', '021511', 'LANGSEB', 4),
('021511AG', '021511', 'PAJAWANKIDUL', 4),
('021511AH', '021511', 'PAGUNDAN', 4),
('021511AI', '021511', 'MANGGARI', 4),
('021511AJ', '021511', 'PASAYANGAN', 4),
('021511AK', '021511', 'SINDANG', 4),
('021511AL', '021511', 'BENDUNGAN', 4),
('021511AM', '021511', 'MEKARWANGI', 4),
('021512', '021500', 'KEC. GARAWANGI', 3),
('021512AA', '021512', 'CIRUKEM', 4),
('021512AB', '021512', 'GEWOK', 4),
('021512AC', '021512', 'KUTAKEMBARAN', 4),
('021512AD', '021512', 'PAKEMBANGAN', 4),
('021512AE', '021512', 'KADATUAN', 4),
('021512AF', '021512', 'TEMBONG', 4),
('021512AG', '021512', 'LENGKONG', 4),
('021512AH', '021512', 'PURWASARI', 4),
('021512AI', '021512', 'GARAWANGI', 4),
('021512AJ', '021512', 'KARAMATWANGI', 4),
('021512AK', '021512', 'SUKAIMUT', 4),
('021512AL', '021512', 'CIKANANGA', 4),
('021512AM', '021512', 'TAMBAKBAYA', 4),
('021512AN', '021512', 'MEKARMULYA', 4),
('021512AO', '021512', 'SUKAMULYA', 4),
('021512AP', '021512', 'MANCAGAR', 4),
('021512AQ', '021512', 'CITIUSARI', 4),
('021513', '021500', 'KEC. KUNINGAN', 3),
('021513AA', '021513', 'CIBINUANG', 4),
('021513AB', '021513', 'CITANGTU', 4),
('021513AC', '021513', 'KARANGTAWANG', 4),
('021513AD', '021513', 'WINDUHAJI', 4),
('021513AE', '021513', 'KUNINGAN', 4),
('021513AF', '021513', 'PURWAWINANGUN', 4),
('021513AG', '021513', 'CIGINTUNG', 4),
('021513AH', '021513', 'CIJOHO', 4),
('021513AI', '021513', 'WINDUSENGKAHAN', 4),
('021513AJ', '021513', 'CIPORANG', 4),
('021513AK', '021513', 'ANCARAN', 4),
('021513AL', '021513', 'KEDUNGARUM', 4),
('021513AM', '021513', 'CIRENDANG', 4),
('021513AN', '021513', 'AWIRARANGAN', 4),
('021513AO', '021513', 'KASTURI', 4),
('021513AP', '021513', 'PADAREK', 4),
('021514', '021500', 'KEC. CIGUGUR', 3),
('021514AA', '021514', 'CIGADUNG', 4),
('021514AB', '021514', 'SUKAMULYA', 4),
('021514AC', '021514', 'CILEULEUY', 4),
('021514AD', '021514', 'PUNCAK', 4),
('021514AE', '021514', 'BABAKANMULYA', 4),
('021514AF', '021514', 'CISANTANA', 4),
('021514AG', '021514', 'CIGUGUR', 4),
('021514AH', '021514', 'WINDUHERANG', 4),
('021514AI', '021514', 'GUNUNGKELING', 4),
('021514AJ', '021514', 'CIPARI', 4),
('021515', '021500', 'KEC. KRAMATMULYA', 3),
('021515AA', '021515', 'PAJAMBON', 4),
('021515AB', '021515', 'RAGAWACANA', 4),
('021515AC', '021515', 'CILOWA', 4),
('021515AE', '021515', 'GEREBA', 4),
('021515AG', '021515', 'CIKUBANGSARI', 4),
('021515AH', '021515', 'WIDARASARI', 4),
('021515AI', '021515', 'CILAJA', 4),
('021515AJ', '021515', 'BOJONG', 4),
('021515AK', '021515', 'CIKASO', 4),
('021515AM', '021515', 'CIBENTANG', 4),
('021515AN', '021515', 'GANDASOLI', 4),
('021515AO', '021515', 'KALAPAGUNUNG', 4),
('021515AP', '021515', 'NANGGERANG', 4),
('021515AQ', '021515', 'KARANGMANGU', 4),
('021515AR', '021515', 'KRAMATMULYA', 4),
('021516', '021500', 'KEC. JALAKSANA', 3),
('021516AA', '021516', 'SUKAMUKTI', 4),
('021516AB', '021516', 'SIDAMULYA', 4),
('021516AC', '021516', 'JALAKSANA', 4),
('021516AD', '021516', 'BABAKANMULYA', 4),
('021516AE', '021516', 'SANGKANERANG', 4),
('021516AF', '021516', 'SAYANA', 4),
('021516AG', '021516', 'PEUSING', 4),
('021516AH', '021516', 'SEMBAWA', 4),
('021516AI', '021516', 'SADAMANTRA', 4),
('021516AJ', '021516', 'MANISKIDUL', 4),
('021516AK', '021516', 'MANISLOR', 4),
('021516AL', '021516', 'PADAMENAK', 4),
('021516AM', '021516', 'CINIRU', 4),
('021516AN', '021516', 'SINDANGBARANG', 4),
('021516AO', '021516', 'NANGGERANG', 4),
('021517', '021500', 'KEC. CILIMUS', 3),
('021517AA', '021517', 'BANDORASA KULON', 4),
('021517AB', '021517', 'BANDORASA WETAN', 4),
('021517AC', '021517', 'BOJONG', 4),
('021517AD', '021517', 'LINGGAMEKAR', 4),
('021517AE', '021517', 'LINGGASANA', 4),
('021517AF', '021517', 'LINGGAJATI', 4),
('021517AG', '021517', 'LINGGAINDAH', 4),
('021517AH', '021517', 'CILIMUS', 4),
('021517AI', '021517', 'CARACAS', 4),
('021517AJ', '021517', 'SAMPORA', 4),
('021517AK', '021517', 'KALIAREN', 4),
('021517AL', '021517', 'SETIANEGARA', 4),
('021517AM', '021517', 'CIBEUREUM', 4),
('021518', '021500', 'KEC. MANDIRANCAN', 3),
('021518AA', '021518', 'TRIJAYA', 4),
('021518AB', '021518', 'RANDOBAWAGIRANG', 4),
('021518AC', '021518', 'SALAKADOMAS', 4),
('021518AD', '021518', 'PAKEMBANGAN', 4),
('021518AE', '021518', 'RANDOBAWAILIR', 4),
('021518AF', '021518', 'KERTAWINANGUN', 4),
('021518AG', '021518', 'SEDA', 4),
('021518AH', '021518', 'NANGGERANGJAYA', 4),
('021518AI', '021518', 'SUKASARI', 4),
('021518AJ', '021518', 'CIREA', 4),
('021518AK', '021518', 'NANGGELA', 4),
('021518AL', '021518', 'MANDIRANCAN', 4),
('021519', '021500', 'KEC. PASAWAHAN', 3),
('021519AA', '021519', 'CIBUNTU', 4),
('021519AB', '021519', 'PANIIS', 4),
('021519AC', '021519', 'SINGKUP', 4),
('021519AD', '021519', 'CIDAHU', 4),
('021519AE', '021519', 'PASAWAHAN', 4),
('021519AF', '021519', 'PADABEUNGHAR', 4),
('021519AG', '021519', 'KADUELA', 4),
('021519AH', '021519', 'PADAMATANG', 4),
('021519AI', '021519', 'CIWIRU', 4),
('021519AJ', '021519', 'CIMARA', 4),
('021520', '021500', 'KEC. PANCALANG', 3),
('021520AA', '021520', 'SILEBU', 4),
('021520AB', '021520', 'KAHIYANGAN', 4),
('021520AC', '021520', 'PATALAGAN', 4),
('021520AD', '021520', 'SUMBAKELING', 4),
('021520AE', '021520', 'DANALAMPAH', 4),
('021520AF', '021520', 'SINDANGKEMPENG', 4),
('021520AG', '021520', 'PANCALANG', 4),
('021520AH', '021520', 'TAJURBUNTU', 4),
('021520AI', '021520', 'RAJAWETAN', 4),
('021520AJ', '021520', 'MEKARJAYA', 4),
('021520AK', '021520', 'TENJOLAYAR', 4),
('021520AL', '021520', 'TARIKOLOT', 4),
('021520AM', '021520', 'SAREWU', 4),
('021521', '021500', 'KEC. CIPICUNG', 3),
('021521AA', '021521', 'MUNCANGELA', 4),
('021521AB', '021521', 'KAROYA', 4),
('021521AC', '021521', 'SUSUKAN', 4),
('021521AD', '021521', 'SUKAMUKTI', 4),
('021521AE', '021521', 'CIPICUNG', 4),
('021521AF', '021521', 'MEKARSARI', 4),
('021521AG', '021521', 'CIMARANTEN', 4),
('021521AH', '021521', 'PAMULIHAN', 4),
('021521AI', '021521', 'SALAREUMA', 4),
('021521AJ', '021521', 'SUGANANGAN', 4),
('021522', '021500', 'KEC. KALIMANGGIS', 3),
('021522AA', '021522', 'KALIMANGGIS KULON', 4),
('021522AB', '021522', 'KALIMANGGIS WETAN', 4),
('021522AC', '021522', 'CIPANCUR', 4),
('021522AD', '021522', 'PARTAWANGUNAN', 4),
('021522AE', '021522', 'KERTAWANA', 4),
('021522AF', '021522', 'WANASARAYA', 4),
('021523', '021500', 'KEC. JAPARA', 3),
('021523AA', '021523', 'RAJADANU', 4),
('021523AB', '021523', 'DUKUHDALEM', 4),
('021523AC', '021523', 'GARATENGAH', 4),
('021523AD', '021523', 'JAPARA', 4),
('021523AE', '021523', 'SINGKUP', 4),
('021523AF', '021523', 'WANO', 4),
('021523AG', '021523', 'CITAPEN', 4),
('021523AH', '021523', 'CENGAL', 4),
('021523AI', '021523', 'CIKELENG', 4),
('021523AJ', '021523', 'KALIMATI', 4),
('021524', '021500', 'KEC. KARANGKANCANA', 3),
('021524AA', '021524', 'MARGACINA', 4),
('021524AB', '021524', 'JABRANTI', 4),
('021524AC', '021524', 'KARANGKANCANA', 4),
('021524AD', '021524', 'KADUAGUNG', 4),
('021524AE', '021524', 'SEGONG', 4),
('021524AF', '021524', 'TANJUNGKERTA', 4),
('021524AG', '021524', 'SUKASARI', 4),
('021524AH', '021524', 'SIMPAY JAYA', 4),
('021524AI', '021524', 'CIHANJARO', 4),
('021525', '021500', 'KEC. NUSAHERANG', 3),
('021525AA', '021525', 'HAURKUNING', 4),
('021525AB', '021525', 'KERTAYUGA', 4),
('021525AC', '021525', 'WINDUSARI', 4),
('021525AD', '021525', 'NUSAHERANG', 4),
('021525AE', '021525', 'KERTAWIRAMA', 4),
('021525AF', '021525', 'CIKADU', 4),
('021525AG', '021525', 'JAMBAR', 4),
('021525AH', '021525', 'CIASIH', 4),
('021526', '021500', 'KEC. CILEBAK', 3),
('021526AA', '021526', 'MANDAPAJAYA', 4),
('021526AB', '021526', 'LEGOKHERANG', 4),
('021526AC', '021526', 'BUNGURBERES', 4),
('021526AD', '021526', 'CILEBAK', 4),
('021526AE', '021526', 'JALATRANG', 4),
('021526AF', '021526', 'PATALA', 4),
('021526AG', '021526', 'CILIMUSARI', 4),
('021527', '021500', 'KEC. HANTARA', 3),
('021527AB', '021527', 'BUNIGEULIS', 4),
('021527AC', '021527', 'HANTARA', 4),
('021527AD', '021527', 'CIKONDANG', 4),
('021527AE', '021527', 'PASIRAGUNG', 4),
('021527AF', '021527', 'CITAPEN', 4),
('021527AG', '021527', 'PAKAPASAN HILIR', 4),
('021527AH', '021527', 'PAKAPASAN GIRANG', 4),
('021527AI', '021527', 'TUNDAGAN', 4),
('021528', '021500', 'KEC. CIMAHI', 3),
('021528AA', '021528', 'CILEUYA', 4),
('021528AD', '021528', 'MARGAMUKTI', 4),
('021528AE', '021528', 'CIMULYA', 4),
('021528AF', '021528', 'GUNUNGSARI', 4),
('021528AG', '021528', 'CIMAHI', 4),
('021528AH', '021528', 'KANANGA', 4),
('021528AI', '021528', 'CIKEUSAL', 4),
('021528AJ', '021528', 'MULYAJAYA', 4),
('021528AK', '021528', 'SUKAJAYA', 4),
('021528AL', '021528', 'MEKARJAYA', 4),
('021529', '021500', 'KEC. CIBEUREUM', 3),
('021529AA', '021529', 'CIMARA', 4),
('021529AB', '021529', 'KAWUNGSARI', 4),
('021529AC', '021529', 'SUKARAPIH', 4),
('021529AD', '021529', 'SUMURWIRU', 4),
('021529AE', '021529', 'CIBEUREUM', 4),
('021529AF', '021529', 'RANDUSARI', 4),
('021529AG', '021529', 'SUKADANA', 4),
('021529AH', '021529', 'TARIKOLOT', 4),
('021530', '021500', 'KEC. SINDANGAGUNG', 3),
('021530AA', '021530', 'KERTAUNGARAN', 4),
('021530AB', '021530', 'KADUAGUNG', 4),
('021530AC', '021530', 'SINDANGSARI', 4),
('021530AD', '021530', 'KERTAWANGUNAN', 4),
('021530AE', '021530', 'SINDANGAGUNG', 4),
('021530AF', '021530', 'BALONG', 4),
('021530AG', '021530', 'MEKARMUKTI', 4),
('021530AH', '021530', 'KERTAYASA', 4),
('021530AI', '021530', 'TIRTAWANGUNAN', 4),
('021530AJ', '021530', 'BABAKANREUMA', 4),
('021530AK', '021530', 'DUKUHLOR', 4),
('021530AL', '021530', 'TARAJU', 4),
('021531', '021500', 'KEC. MALEBER', 3),
('021531AA', '021531', 'CIPAKEM', 4),
('021531AB', '021531', 'GIRIWARINGIN', 4),
('021531AC', '021531', 'GARAHAJI', 4),
('021531AD', '021531', 'GALAHERANG', 4),
('021531AE', '021531', 'MEKARSARI', 4),
('021531AF', '021531', 'PADAMULYA', 4),
('021531AG', '021531', 'CIKAHURIPAN', 4),
('021531AH', '021531', 'PARAKAN', 4),
('021531AI', '021531', 'KUTAMANDARAKAN', 4),
('021531AJ', '021531', 'MALEBER', 4),
('021531AK', '021531', 'KARANGTENGAH', 4),
('021531AL', '021531', 'DUKUHTENGAH', 4),
('021531AM', '021531', 'BUNIASIH', 4),
('021531AN', '021531', 'CIPORANG', 4),
('021531AO', '021531', 'KUTARAJA', 4),
('021531AP', '021531', 'MANDALAJAYA', 4),
('021532', '021500', 'KEC. CIGANDAMEKAR', 3),
('021532AA', '021532', 'SANGKANURIP', 4),
('021532AB', '021532', 'SANGKANMULYA', 4),
('021532AC', '021532', 'KARANGMUNCANG', 4),
('021532AD', '021532', 'KOREAK', 4),
('021532AE', '021532', 'JAMBUGEULIS', 4),
('021532AF', '021532', 'BUNIGEULIS', 4),
('021532AG', '021532', 'BABAKANJATI', 4),
('021532AH', '021532', 'TIMBANG', 4),
('021532AI', '021532', 'PANAWUAN', 4),
('021532AJ', '021532', 'INDAPATRA', 4),
('021532AK', '021532', 'CIBUNTU', 4),
('021600', '020000', 'KAB. MAJALENGKA', 2),
('021601', '021600', 'KEC. LEMAHSUGIH', 3),
('021601AA', '021601', 'CIPASUNG', 4),
('021601AB', '021601', 'BOROGOJOL', 4),
('021601AC', '021601', 'BANGBAYANG', 4),
('021601AD', '021601', 'CIBULAN', 4),
('021601AE', '021601', 'LEMAHPUTIH', 4),
('021601AF', '021601', 'SADAWANGI', 4),
('021601AG', '021601', 'MARGAJAYA', 4),
('021601AH', '021601', 'KALAPADUA', 4),
('021601AI', '021601', 'CIGALEUH', 4),
('021601AJ', '021601', 'MEKARMULYA', 4),
('021601AK', '021601', 'SINARGALIH', 4),
('021601AL', '021601', 'PADAREK', 4),
('021601AM', '021601', 'SUKAJADI', 4),
('021601AN', '021601', 'KEPUH', 4),
('021601AO', '021601', 'MEKARWANGI', 4),
('021601AP', '021601', 'SUKAMAJU', 4),
('021601AQ', '021601', 'LEMAHSUGIH', 4),
('021601AR', '021601', 'DAYEUHWANGI', 4),
('021601AS', '021601', 'CISALAK', 4),
('021602', '021600', 'KEC. BANTARUJEG', 3),
('021602AA', '021602', 'SINDANGHURIP', 4),
('021602AB', '021602', 'CIPEUNDEUY', 4),
('021602AC', '021602', 'CIMANGGUHILIR', 4),
('021602AD', '021602', 'SALAWANGI', 4),
('021602AE', '021602', 'SILIHWANGI', 4),
('021602AF', '021602', 'WADOWETAN', 4),
('021602AG', '021602', 'BANTARUJEG', 4),
('021602AH', '021602', 'BABAKANSARI', 4),
('021602AI', '021602', 'GUNUNGLARANG', 4),
('021602AJ', '021602', 'CIKIDANG', 4),
('021602AK', '021602', 'CINAMBO', 4),
('021602AL', '021602', 'HAURGEULIS', 4),
('021602AM', '021602', 'SUKAMENAK', 4),
('021603', '021600', 'KEC. CIKIJING', 3),
('021603AA', '021603', 'CISOKA', 4),
('021603AB', '021603', 'SINDANGPANJI', 4),
('021603AC', '021603', 'CIKIJING', 4),
('021603AD', '021603', 'CIDULANG', 4),
('021603AE', '021603', 'SUKAMUKTI', 4);
